000
CDUS41 KBOX 300545
CLIBOS


CLIMATE REPORT
NATIONAL WEATHER SERVICE TAUNTON MA
135 AM EDT MON MAY 30 2016


...................................

...THE BOSTON MA CLIMATE SUMMARY FOR MAY 29 2016...

CLIMATE NORMAL PERIOD 1981 TO 2010
CLIMATE RECORD PERIOD 1872 TO 2016


WEATHER ITEM   OBSERVED TIME   RECORD YEAR NORMAL DEPARTURE LAST
                VALUE   (LST)  VALUE       VALUE  FROM      YEAR
                                                  NORMAL
..................................................................
TEMPERATURE (F)
 YESTERDAY
  MAXIMUM         77   1239 AM  94    1931  70      7       72
                                      1929
  MINIMUM         53   1159 PM  39    1902  54     -1       55
  AVERAGE         65                        62      3       64

PRECIPITATION (IN)
  YESTERDAY        T             1.63 1990   0.13  -0.13     0.00
  MONTH TO DATE    1.70                      3.24  -1.54     0.31
  SINCE MAR 1      7.77                     11.30  -3.53     5.64
  SINCE JAN 1     15.21                     17.91  -2.70    12.58

SNOWFALL (IN)
  YESTERDAY        0.0           T    1949   0.0    0.0      0.0
  MONTH TO DATE    0.0                       0.1   -0.1      0.0
  SINCE MAR 1     10.7                       9.8    0.9      8.6
  SINCE JUL 1     36.1                      43.9   -7.8    110.6
  SNOW DEPTH      MM

DEGREE DAYS
 HEATING
  YESTERDAY        0                         5     -5        1
  MONTH TO DATE  233                       237     -4      135
  SINCE MAR 1   1456                      1576   -120     1614
  SINCE JUL 1   4786                      5618   -832     5929

 COOLING
  YESTERDAY        0                         2     -2        0
  MONTH TO DATE   29                        19     10       53
  SINCE MAR 1     32                        22     10       53
  SINCE JAN 1     32                        22     10       53
..................................................................


WIND (MPH)
  RESULTANT WIND SPEED   8   RESULTANT WIND DIRECTION  NE (30)
  HIGHEST WIND SPEED    14   HIGHEST WIND DIRECTION     N (20)
  HIGHEST GUST SPEED    16   HIGHEST GUST DIRECTION    NE (30)
  AVERAGE WIND SPEED     8.5


SKY COVER
  POSSIBLE SUNSHINE  MM
  AVERAGE SKY COVER 0.9


WEATHER CONDITIONS
 THE FOLLOWING WEATHER WAS RECORDED YESTERDAY.
  LIGHT RAIN
  FOG


RELATIVE HUMIDITY (PERCENT)
 HIGHEST    93           700 PM
 LOWEST     69          1200 AM
 AVERAGE    81

..........................................................


THE BOSTON MA CLIMATE NORMALS FOR TODAY
                         NORMAL    RECORD    YEAR
 MAXIMUM TEMPERATURE (F)   71        96      1929
 MINIMUM TEMPERATURE (F)   54        35      1884


SUNRISE AND SUNSET
MAY 30 2016...........SUNRISE   511 AM EDT   SUNSET   813 PM EDT
MAY 31 2016...........SUNRISE   510 AM EDT   SUNSET   814 PM EDT


-  INDICATES NEGATIVE NUMBERS.
R  INDICATES RECORD WAS SET OR TIED.
MM INDICATES DATA IS MISSING.
T  INDICATES TRACE AMOUNT.




$$
