000
CDUS41 KBOX 240618
CLIBOS


CLIMATE REPORT
NATIONAL WEATHER SERVICE TAUNTON MA
118 AM EST WED JAN 24 2018


...................................

...THE BOSTON MA CLIMATE SUMMARY FOR JANUARY 23 2018...

CLIMATE NORMAL PERIOD 1981 TO 2010
CLIMATE RECORD PERIOD 1872 TO 2018


WEATHER ITEM   OBSERVED TIME   RECORD YEAR NORMAL DEPARTURE LAST
                VALUE   (LST)  VALUE       VALUE  FROM      YEAR
                                                  NORMAL
..................................................................
TEMPERATURE (F)
 YESTERDAY
  MAXIMUM         55    446 PM  68    1906  36     19       40
  MINIMUM         32    919 AM  -6    1882  22     10       35
  AVERAGE         44                        29     15       38

PRECIPITATION (IN)
  YESTERDAY        1.26          1.48 1966   0.11   1.15     0.31
  MONTH TO DATE    4.74                      2.52   2.22     3.03
  SINCE DEC 1      7.23                      6.30   0.93     6.28
  SINCE JAN 1      4.74                      2.52   2.22     3.03

SNOWFALL (IN)
  YESTERDAY        0.0          13.4  2005   0.3   -0.3       T
  MONTH TO DATE   15.4                       9.7    5.7      8.3
  SINCE DEC 1     24.6                      18.7    5.9     14.2
  SINCE JUL 1     24.6                      20.0    4.6     14.2
  SNOW DEPTH      MM

DEGREE DAYS
 HEATING
  YESTERDAY       21                        36    -15       27
  MONTH TO DATE  858                       824     34      689
  SINCE DEC 1   1915                      1763    152     1605
  SINCE JUL 1   2742                      2818    -76     2520

 COOLING
  YESTERDAY        0                         0      0        0
  MONTH TO DATE    0                         0      0        0
  SINCE DEC 1      0                         0      0        0
  SINCE JAN 1      0                         0      0        0
..................................................................


WIND (MPH)
  RESULTANT WIND SPEED   2   RESULTANT WIND DIRECTION  NW (320)
  HIGHEST WIND SPEED    30   HIGHEST WIND DIRECTION     S (170)
  HIGHEST GUST SPEED    39   HIGHEST GUST DIRECTION     S (170)
  AVERAGE WIND SPEED     9.1


SKY COVER
  POSSIBLE SUNSHINE  MM
  AVERAGE SKY COVER 0.9


WEATHER CONDITIONS
 THE FOLLOWING WEATHER WAS RECORDED YESTERDAY.
  HEAVY RAIN
  RAIN
  LIGHT RAIN
  FOG
  FOG W/VISIBILITY <= 1/4 MILE


RELATIVE HUMIDITY (PERCENT)
 HIGHEST   100          1200 AM
 LOWEST     76          1100 PM
 AVERAGE    88

..........................................................


THE BOSTON MA CLIMATE NORMALS FOR TODAY
                         NORMAL    RECORD    YEAR
 MAXIMUM TEMPERATURE (F)   36        62      1999
 MINIMUM TEMPERATURE (F)   22       -13      1882


SUNRISE AND SUNSET
JANUARY 24 2018.......SUNRISE   705 AM EST   SUNSET   448 PM EST
JANUARY 25 2018.......SUNRISE   704 AM EST   SUNSET   449 PM EST


-  INDICATES NEGATIVE NUMBERS.
R  INDICATES RECORD WAS SET OR TIED.
MM INDICATES DATA IS MISSING.
T  INDICATES TRACE AMOUNT.




$$
