000
CDUS41 KBOX 230536
CLIBOS


CLIMATE REPORT
NATIONAL WEATHER SERVICE TAUNTON MA
135 AM EDT WED AUG 23 2017


...................................

...THE BOSTON MA CLIMATE SUMMARY FOR AUGUST 22 2017...

CLIMATE NORMAL PERIOD 1981 TO 2010
CLIMATE RECORD PERIOD 1872 TO 2017


WEATHER ITEM   OBSERVED TIME   RECORD YEAR NORMAL DEPARTURE LAST
                VALUE   (LST)  VALUE       VALUE  FROM      YEAR
                                                  NORMAL
..................................................................
TEMPERATURE (F)
 YESTERDAY
  MAXIMUM         91    253 PM  93    2003  79     12       80
                                      1955
  MINIMUM         70    614 AM  47    1894  64      6       65
  AVERAGE         81                        72      9       73

PRECIPITATION (IN)
  YESTERDAY        0.00          3.36 1888   0.11  -0.11     0.89
  MONTH TO DATE    1.47                      2.47  -1.00     1.72
  SINCE JUN 1     10.35                      9.58   0.77     3.92
  SINCE JAN 1     31.18                     27.74   3.44    20.26

SNOWFALL (IN)
  YESTERDAY        0.0           0.0  2016   0.0    0.0      0.0
  MONTH TO DATE    0.0                       0.0    0.0      0.0
  SINCE JUN 1      0.0                       0.0    0.0      0.0
  SINCE JUL 1      0.0                       0.0    0.0      0.0
  SNOW DEPTH      MM

DEGREE DAYS
 HEATING
  YESTERDAY        0                         0      0        0
  MONTH TO DATE    0                         0      0        0
  SINCE JUN 1     60                        61     -1       24
  SINCE JUL 1     10                         6      4        7

 COOLING
  YESTERDAY       16                         7      9        8
  MONTH TO DATE  195                       174     21      264
  SINCE JUN 1    636                       576     60      751
  SINCE JAN 1    696                       606     90      796
..................................................................


WIND (MPH)
  RESULTANT WIND SPEED  13   RESULTANT WIND DIRECTION   S (200)
  HIGHEST WIND SPEED    24   HIGHEST WIND DIRECTION     S (200)
  HIGHEST GUST SPEED    30   HIGHEST GUST DIRECTION    SW (220)
  AVERAGE WIND SPEED    12.7


SKY COVER
  POSSIBLE SUNSHINE  MM
  AVERAGE SKY COVER 0.5


WEATHER CONDITIONS
 THE FOLLOWING WEATHER WAS RECORDED YESTERDAY.
  NO SIGNIFICANT WEATHER WAS OBSERVED.


RELATIVE HUMIDITY (PERCENT)
 HIGHEST    90           600 AM
 LOWEST     52           100 PM
 AVERAGE    71

..........................................................


THE BOSTON MA CLIMATE NORMALS FOR TODAY
                         NORMAL    RECORD    YEAR
 MAXIMUM TEMPERATURE (F)   79        96      1880
 MINIMUM TEMPERATURE (F)   64        49      1886


SUNRISE AND SUNSET
AUGUST 23 2017........SUNRISE   600 AM EDT   SUNSET   733 PM EDT
AUGUST 24 2017........SUNRISE   601 AM EDT   SUNSET   731 PM EDT


-  INDICATES NEGATIVE NUMBERS.
R  INDICATES RECORD WAS SET OR TIED.
MM INDICATES DATA IS MISSING.
T  INDICATES TRACE AMOUNT.




$$
