000
CDUS41 KBOX 240543
CLIBOS


CLIMATE REPORT
NATIONAL WEATHER SERVICE TAUNTON MA
142 AM EDT FRI OCT 24 2014


...................................

...THE BOSTON MA CLIMATE SUMMARY FOR OCTOBER 23 2014...

CLIMATE NORMAL PERIOD 1981 TO 2010
CLIMATE RECORD PERIOD 1872 TO 2014


WEATHER ITEM   OBSERVED TIME   RECORD YEAR NORMAL DEPARTURE LAST
                VALUE   (LST)  VALUE       VALUE  FROM      YEAR
                                                  NORMAL
..................................................................
TEMPERATURE (F)
 YESTERDAY
  MAXIMUM         54   1138 AM  84    1947  59     -5       53
  MINIMUM         48   1159 PM  29    1883  44      4       46
  AVERAGE         51                        52     -1       50

PRECIPITATION (IN)
  YESTERDAY        2.25          2.33 1956   0.13   2.12     0.00
  MONTH TO DATE    5.76                      2.93   2.83     0.50
  SINCE SEP 1      6.46                      6.37   0.09     2.71
  SINCE JAN 1     33.35                     34.99  -1.64    32.91

SNOWFALL (IN)
  YESTERDAY        0.0           T    2003   0.0    0.0      0.0
                                      2002
                                      1969
  MONTH TO DATE    0.0                       0.0    0.0      0.0
  SINCE SEP 1      0.0                       0.0    0.0      0.0
  SINCE JUL 1      0.0                       0.0    0.0      0.0
  SNOW DEPTH      MM

DEGREE DAYS
 HEATING
  YESTERDAY       14                        13      1       15
  MONTH TO DATE  182                       232    -50      131
  SINCE SEP 1    258                       316    -58      214
  SINCE JUL 1    258                       329    -71      216

 COOLING
  YESTERDAY        0                         0      0        0
  MONTH TO DATE   10                         6      4       16
  SINCE SEP 1    130                        87     43       98
  SINCE JAN 1    769                       746     23      919
..................................................................


WIND (MPH)
  RESULTANT WIND SPEED  25   RESULTANT WIND DIRECTION   N (10)
  HIGHEST WIND SPEED    38   HIGHEST WIND DIRECTION    NE (30)
  HIGHEST GUST SPEED    48   HIGHEST GUST DIRECTION     N (20)
  AVERAGE WIND SPEED    24.6


SKY COVER
  POSSIBLE SUNSHINE  MM
  AVERAGE SKY COVER 1.0


WEATHER CONDITIONS
 THE FOLLOWING WEATHER WAS RECORDED YESTERDAY.
  THUNDERSTORM
  HEAVY RAIN
  RAIN
  LIGHT RAIN
  FOG


RELATIVE HUMIDITY (PERCENT)
 HIGHEST   100           100 AM
 LOWEST     93          1200 AM
 AVERAGE    97

..........................................................


THE BOSTON MA CLIMATE NORMALS FOR TODAY
                         NORMAL    RECORD    YEAR
 MAXIMUM TEMPERATURE (F)   59        80      1900
 MINIMUM TEMPERATURE (F)   44        30      1969


SUNRISE AND SUNSET
OCTOBER 24 2014.......SUNRISE   708 AM EDT   SUNSET   548 PM EDT
OCTOBER 25 2014.......SUNRISE   709 AM EDT   SUNSET   547 PM EDT


-  INDICATES NEGATIVE NUMBERS.
R  INDICATES RECORD WAS SET OR TIED.
MM INDICATES DATA IS MISSING.
T  INDICATES TRACE AMOUNT.




$$
