000
CDUS45 KRIW 010736
CLIBPI


CLIMATE REPORT
NATIONAL WEATHER SERVICE RIVERTON WY
134 AM MDT FRI AUG 1 2014


...................................

...THE BIG PINEY WY CLIMATE SUMMARY FOR JULY 31 2014...

CLIMATE NORMAL PERIOD 1981 TO 2010
CLIMATE RECORD PERIOD 1976 TO 2014


WEATHER ITEM   OBSERVED TIME   RECORD YEAR NORMAL DEPARTURE LAST
                VALUE   (LST)  VALUE       VALUE  FROM      YEAR
                                                  NORMAL
..................................................................
TEMPERATURE (F)
 YESTERDAY
  MAXIMUM         75    418 PM  92    2003  82     -7       82
  MINIMUM         40    510 AM  28    1987  44     -4       48
  AVERAGE         58                        63     -5       65

PRECIPITATION (IN)
  YESTERDAY        0.00          0.35 2010   0.03  -0.03      T
  MONTH TO DATE    0.44                      0.71  -0.27     0.89
  SINCE JUN 1      0.62                      1.50  -0.88     0.89
  SINCE JAN 1      1.77                      3.97  -2.20     2.59

DEGREE DAYS
 HEATING
  YESTERDAY        7                         3      4        0
  MONTH TO DATE   54                       115    -61       24
  SINCE JUN 1    401                       422    -21      241
  SINCE JUL 1     54                       117    -63       24

 COOLING
  YESTERDAY        0                         1     -1        0
  MONTH TO DATE   26                        22      4       57
  SINCE JUN 1     26                        24      2       77
  SINCE JAN 1     26                        24      2       77
..................................................................


WIND (MPH)
  HIGHEST WIND SPEED    13   HIGHEST WIND DIRECTION     N (340)
  HIGHEST GUST SPEED    14   HIGHEST GUST DIRECTION     N (340)
  AVERAGE WIND SPEED     4.3


SKY COVER
  POSSIBLE SUNSHINE  MM
  AVERAGE SKY COVER 0.0


WEATHER CONDITIONS
 THE FOLLOWING WEATHER WAS RECORDED YESTERDAY.
  NO SIGNIFICANT WEATHER WAS OBSERVED.


RELATIVE HUMIDITY (PERCENT)
 HIGHEST    93          1200 AM
 LOWEST     23           500 PM
 AVERAGE    58

..........................................................


THE BIG PINEY WY CLIMATE NORMALS FOR TODAY
                         NORMAL    RECORD    YEAR
 MAXIMUM TEMPERATURE (F)   82        90      2008
                                             1998
 MINIMUM TEMPERATURE (F)   43        33      1995
                                             1986


SUNRISE AND SUNSET
AUGUST  1 2014........SUNRISE   612 AM MDT   SUNSET   840 PM MDT
AUGUST  2 2014........SUNRISE   613 AM MDT   SUNSET   839 PM MDT


-  INDICATES NEGATIVE NUMBERS.
R  INDICATES RECORD WAS SET OR TIED.
MM INDICATES DATA IS MISSING.
T  INDICATES TRACE AMOUNT.




$$
