000
CDUS45 KRIW 310738
CLIBPI


CLIMATE REPORT
NATIONAL WEATHER SERVICE RIVERTON WY
1235 AM MST SAT JAN 31 2015


...................................

...THE BIG PINEY WY CLIMATE SUMMARY FOR JANUARY 30 2015...

CLIMATE NORMAL PERIOD 1981 TO 2010
CLIMATE RECORD PERIOD 1976 TO 2015


WEATHER ITEM   OBSERVED TIME   RECORD YEAR NORMAL DEPARTURE LAST
                VALUE   (LST)  VALUE       VALUE  FROM      YEAR
                                                  NORMAL
..................................................................
TEMPERATURE (F)
 YESTERDAY
  MAXIMUM         35    329 PM  42    2003  26      9       32
                                      1989
  MINIMUM         16    720 AM -40    1979  -2     18        0
  AVERAGE         26                        11     15       16

PRECIPITATION (IN)
  YESTERDAY        0.00          0.08 1981   0.01  -0.01     0.00
  MONTH TO DATE    0.01                      0.30  -0.29     0.02
  SINCE DEC 1      0.13                      0.60  -0.47     0.21
  SINCE JAN 1      0.01                      0.30  -0.29     0.02

DEGREE DAYS
 HEATING
  YESTERDAY       39                        54    -15       49
  MONTH TO DATE 1391                      1620   -229     1429
  SINCE DEC 1   2775                      3244   -469     3083
  SINCE JUL 1   5003                      6059  -1056     5548

 COOLING
  YESTERDAY        0                         0      0        0
  MONTH TO DATE    0                         0      0        0
  SINCE DEC 1      0                         0      0        0
  SINCE JAN 1      0                         0      0        0
..................................................................


WIND (MPH)
  HIGHEST WIND SPEED    10   HIGHEST WIND DIRECTION    NE (60)
  HIGHEST GUST SPEED    12   HIGHEST GUST DIRECTION     E (70)
  AVERAGE WIND SPEED     3.6


SKY COVER
  POSSIBLE SUNSHINE  MM
  AVERAGE SKY COVER 0.5


WEATHER CONDITIONS
 THE FOLLOWING WEATHER WAS RECORDED YESTERDAY.
  FOG
  HAZE


RELATIVE HUMIDITY (PERCENT)
 HIGHEST    91           900 AM
 LOWEST     51           200 PM
 AVERAGE    71

..........................................................


THE BIG PINEY WY CLIMATE NORMALS FOR TODAY
                         NORMAL    RECORD    YEAR
 MAXIMUM TEMPERATURE (F)   26        48      2003
 MINIMUM TEMPERATURE (F)   -2       -44      1979


SUNRISE AND SUNSET
JANUARY 31 2015.......SUNRISE   736 AM MST   SUNSET   533 PM MST
FEBRUARY  1 2015......SUNRISE   735 AM MST   SUNSET   534 PM MST


-  INDICATES NEGATIVE NUMBERS.
R  INDICATES RECORD WAS SET OR TIED.
MM INDICATES DATA IS MISSING.
T  INDICATES TRACE AMOUNT.




$$
