000
CDUS45 KRIW 220738
CLIBPI


CLIMATE REPORT
NATIONAL WEATHER SERVICE RIVERTON WY
1236 AM MST SUN JAN 22 2017


...................................

...THE BIG PINEY WY CLIMATE SUMMARY FOR JANUARY 21 2017...

CLIMATE NORMAL PERIOD 1981 TO 2010
CLIMATE RECORD PERIOD 1976 TO 2017


WEATHER ITEM   OBSERVED TIME   RECORD YEAR NORMAL DEPARTURE LAST
                VALUE   (LST)  VALUE       VALUE  FROM      YEAR
                                                  NORMAL
..................................................................
TEMPERATURE (F)
 YESTERDAY
  MAXIMUM         21    608 PM  44    1977  26     -5       29
  MINIMUM          2    801 AM -23    2008  -4      6       -5
  AVERAGE         12                        11      1       12

PRECIPITATION (IN)
  YESTERDAY        T             0.20 2012   0.01  -0.01     0.00
  MONTH TO DATE    0.53                      0.22   0.31     0.04
  SINCE DEC 1      1.08                      0.52   0.56     0.15
  SINCE JAN 1      0.53                      0.22   0.31     0.04

DEGREE DAYS
 HEATING
  YESTERDAY       53                        54     -1       53
  MONTH TO DATE 1352                      1134    218     1097
  SINCE DEC 1   3080                      2758    322     2769
  SINCE JUL 1   5529                      5573    -44     5250

 COOLING
  YESTERDAY        0                         0      0        0
  MONTH TO DATE    0                         0      0        0
  SINCE DEC 1      0                         0      0        0
  SINCE JAN 1      0                         0      0        0
..................................................................


WIND (MPH)
  HIGHEST WIND SPEED    13   HIGHEST WIND DIRECTION     N (360)
  HIGHEST GUST SPEED    13   HIGHEST GUST DIRECTION     N (10)
  AVERAGE WIND SPEED     3.1


SKY COVER
  POSSIBLE SUNSHINE  MM
  AVERAGE SKY COVER 0.8


WEATHER CONDITIONS
 THE FOLLOWING WEATHER WAS RECORDED YESTERDAY.
  LIGHT SNOW
  FOG


RELATIVE HUMIDITY (PERCENT)
 HIGHEST   100           800 AM
 LOWEST     73           800 PM
 AVERAGE    87

..........................................................


THE BIG PINEY WY CLIMATE NORMALS FOR TODAY
                         NORMAL    RECORD    YEAR
 MAXIMUM TEMPERATURE (F)   26        46      1994
 MINIMUM TEMPERATURE (F)   -4       -27      2008


SUNRISE AND SUNSET
JANUARY 22 2017.......SUNRISE   743 AM MST   SUNSET   522 PM MST
JANUARY 23 2017.......SUNRISE   742 AM MST   SUNSET   523 PM MST


-  INDICATES NEGATIVE NUMBERS.
R  INDICATES RECORD WAS SET OR TIED.
MM INDICATES DATA IS MISSING.
T  INDICATES TRACE AMOUNT.




$$
