000
CDUS45 KRIW 220739
CLIBPI


CLIMATE REPORT
NATIONAL WEATHER SERVICE RIVERTON WY
129 AM MDT FRI AUG 22 2014


...................................

...THE BIG PINEY WY CLIMATE SUMMARY FOR AUGUST 21 2014...

CLIMATE NORMAL PERIOD 1981 TO 2010
CLIMATE RECORD PERIOD 1976 TO 2014


WEATHER ITEM   OBSERVED TIME   RECORD YEAR NORMAL DEPARTURE LAST
                VALUE   (LST)  VALUE       VALUE  FROM      YEAR
                                                  NORMAL
..................................................................
TEMPERATURE (F)
 YESTERDAY
  MAXIMUM         66    131 PM  87    2011  78    -12       81
                                      2010
                                      2003
  MINIMUM         45    442 AM  27    1980  39      6       51
  AVERAGE         56                        59     -3       66

PRECIPITATION (IN)
  YESTERDAY        0.01          0.25 1989   0.02  -0.01      T
  MONTH TO DATE    1.06                      0.48   0.58     0.08
  SINCE JUN 1      1.68                      1.98  -0.30     0.97
  SINCE JAN 1      2.83                      4.45  -1.62     2.67

DEGREE DAYS
 HEATING
  YESTERDAY        9                         6      3        0
  MONTH TO DATE   60                        95    -35       53
  SINCE JUN 1    461                       517    -56      294
  SINCE JUL 1    114                       212    -98       77

 COOLING
  YESTERDAY        0                         0      0        1
  MONTH TO DATE    0                        12    -12        7
  SINCE JUN 1     26                        36    -10       84
  SINCE JAN 1     26                        36    -10       84
..................................................................


WIND (MPH)
  HIGHEST WIND SPEED    21   HIGHEST WIND DIRECTION     N (350)
  HIGHEST GUST SPEED    28   HIGHEST GUST DIRECTION     N (350)
  AVERAGE WIND SPEED     5.9


SKY COVER
  POSSIBLE SUNSHINE  MM
  AVERAGE SKY COVER 0.6


WEATHER CONDITIONS
 THE FOLLOWING WEATHER WAS RECORDED YESTERDAY.
  LIGHT RAIN
  FOG


RELATIVE HUMIDITY (PERCENT)
 HIGHEST    93           300 AM
 LOWEST     48          1200 PM
 AVERAGE    71

..........................................................


THE BIG PINEY WY CLIMATE NORMALS FOR TODAY
                         NORMAL    RECORD    YEAR
 MAXIMUM TEMPERATURE (F)   78        90      2009
 MINIMUM TEMPERATURE (F)   39        24      1988


SUNRISE AND SUNSET
AUGUST 22 2014........SUNRISE   635 AM MDT   SUNSET   811 PM MDT
AUGUST 23 2014........SUNRISE   636 AM MDT   SUNSET   809 PM MDT


-  INDICATES NEGATIVE NUMBERS.
R  INDICATES RECORD WAS SET OR TIED.
MM INDICATES DATA IS MISSING.
T  INDICATES TRACE AMOUNT.




$$
