000
CDUS45 KRIW 210730
CLIBPI


CLIMATE REPORT
NATIONAL WEATHER SERVICE RIVERTON WY
129 AM MDT MON AUG 21 2017


...................................

...THE BIG PINEY WY CLIMATE SUMMARY FOR AUGUST 20 2017...

CLIMATE NORMAL PERIOD 1981 TO 2010
CLIMATE RECORD PERIOD 1976 TO 2017


WEATHER ITEM   OBSERVED TIME   RECORD YEAR NORMAL DEPARTURE LAST
                VALUE   (LST)  VALUE       VALUE  FROM      YEAR
                                                  NORMAL
..................................................................
TEMPERATURE (F)
 YESTERDAY
  MAXIMUM         83    322 PM  89    2003  78      5       80
  MINIMUM         37    440 AM  25    1980  40     -3       30
  AVERAGE         60                        59      1       55

PRECIPITATION (IN)
  YESTERDAY        0.00          0.18 2004   0.02  -0.02     0.00
                                      2001
  MONTH TO DATE    0.60                      0.46   0.14     0.38
  SINCE JUN 1      1.60                      1.96  -0.36     1.36
  SINCE JAN 1      7.06                      4.43   2.63     7.41

DEGREE DAYS
 HEATING
  YESTERDAY        5                         6     -1       10
  MONTH TO DATE  104                        89     15       86
  SINCE JUN 1    407                       511   -104      368
  SINCE JUL 1    136                       206    -70      190

 COOLING
  YESTERDAY        0                         0      0        0
  MONTH TO DATE    2                        12    -10        2
  SINCE JUN 1     27                        36     -9       23
  SINCE JAN 1     27                        36     -9       23
..................................................................


WIND (MPH)
  HIGHEST WIND SPEED    28   HIGHEST WIND DIRECTION     W (290)
  HIGHEST GUST SPEED    34   HIGHEST GUST DIRECTION     W (290)
  AVERAGE WIND SPEED     7.4


SKY COVER
  POSSIBLE SUNSHINE  MM
  AVERAGE SKY COVER 0.1


WEATHER CONDITIONS
 THE FOLLOWING WEATHER WAS RECORDED YESTERDAY.
  NO SIGNIFICANT WEATHER WAS OBSERVED.


RELATIVE HUMIDITY (PERCENT)
 HIGHEST    70           600 AM
 LOWEST     14           400 PM
 AVERAGE    42

..........................................................


THE BIG PINEY WY CLIMATE NORMALS FOR TODAY
                         NORMAL    RECORD    YEAR
 MAXIMUM TEMPERATURE (F)   78        87      2011
                                             2010
                                             2003
 MINIMUM TEMPERATURE (F)   39        27      1980


SUNRISE AND SUNSET
AUGUST 21 2017........SUNRISE   634 AM MDT   SUNSET   812 PM MDT
AUGUST 22 2017........SUNRISE   635 AM MDT   SUNSET   811 PM MDT


-  INDICATES NEGATIVE NUMBERS.
R  INDICATES RECORD WAS SET OR TIED.
MM INDICATES DATA IS MISSING.
T  INDICATES TRACE AMOUNT.




$$
