312
CDUS45 KRIW 070738
CLIBPI


CLIMATE REPORT
NATIONAL WEATHER SERVICE RIVERTON WY
1236 AM MST SUN FEB 7 2016


...................................

...THE BIG PINEY WY CLIMATE SUMMARY FOR FEBRUARY 6 2016...

CLIMATE NORMAL PERIOD 1981 TO 2010
CLIMATE RECORD PERIOD 1976 TO 2016


WEATHER ITEM   OBSERVED TIME   RECORD YEAR NORMAL DEPARTURE LAST
                VALUE   (LST)  VALUE       VALUE  FROM      YEAR
                                                  NORMAL
..................................................................
TEMPERATURE (F)
 YESTERDAY
  MAXIMUM         35    450 PM  49    1995  27      8       48
  MINIMUM          2    245 AM -43    1989  -1      3       17
  AVERAGE         19                        12      7       33

PRECIPITATION (IN)
  YESTERDAY        0.00          T    2010   0.02  -0.02     0.00
                                      2010
                                      2014
  MONTH TO DATE    T                         0.07  -0.07     0.01
  SINCE DEC 1      0.15                      0.68  -0.53     0.14
  SINCE JAN 1      0.04                      0.38  -0.34     0.02

DEGREE DAYS
 HEATING
  YESTERDAY       46                        53     -7       32
  MONTH TO DATE  324                       320      4      214
  SINCE DEC 1   3568                      3618    -50     3025
  SINCE JUL 1   6049                      6433   -384     5253

 COOLING
  YESTERDAY        0                         0      0        0
  MONTH TO DATE    0                         0      0        0
  SINCE DEC 1      0                         0      0        0
  SINCE JAN 1      0                         0      0        0
..................................................................


WIND (MPH)
  HIGHEST WIND SPEED    16   HIGHEST WIND DIRECTION    NW (310)
  HIGHEST GUST SPEED    19   HIGHEST GUST DIRECTION     N (340)
  AVERAGE WIND SPEED     6.6


SKY COVER
  POSSIBLE SUNSHINE  MM
  AVERAGE SKY COVER 0.0


WEATHER CONDITIONS
 THE FOLLOWING WEATHER WAS RECORDED YESTERDAY.
  NO SIGNIFICANT WEATHER WAS OBSERVED.


RELATIVE HUMIDITY (PERCENT)
 HIGHEST    92           900 AM
 LOWEST     49           200 PM
 AVERAGE    71

..........................................................


THE BIG PINEY WY CLIMATE NORMALS FOR TODAY
                         NORMAL    RECORD    YEAR
 MAXIMUM TEMPERATURE (F)   27        52      2015
 MINIMUM TEMPERATURE (F)   -2       -39      1989


SUNRISE AND SUNSET
FEBRUARY  7 2016......SUNRISE   728 AM MST   SUNSET   541 PM MST
FEBRUARY  8 2016......SUNRISE   727 AM MST   SUNSET   543 PM MST


-  INDICATES NEGATIVE NUMBERS.
R  INDICATES RECORD WAS SET OR TIED.
MM INDICATES DATA IS MISSING.
T  INDICATES TRACE AMOUNT.




$$
