000
CDUS45 KRIW 010031
CLIBPI


CLIMATE REPORT
NATIONAL WEATHER SERVICE RIVERTON WY
629 PM MDT WED AUG 31 2016


...................................

...THE BIG PINEY WY CLIMATE SUMMARY FOR AUGUST 31 2016...
VALID TODAY AS OF 0500 PM LOCAL TIME.

CLIMATE NORMAL PERIOD 1981 TO 2010
CLIMATE RECORD PERIOD 1976 TO 2016


WEATHER ITEM   OBSERVED TIME   RECORD YEAR NORMAL DEPARTURE LAST
                VALUE   (LST)  VALUE       VALUE  FROM      YEAR
                                                  NORMAL
..................................................................
TEMPERATURE (F)
 TODAY
  MAXIMUM         86R       MM  86    2013  75     11       80
  MINIMUM         38        MM  24    2005  36      2       36
  AVERAGE         62

PRECIPITATION (IN)
  TODAY            0.00          0.39 2008   0.03  -0.03     0.00
  MONTH TO DATE    0.45                      0.69  -0.24     0.39
  SINCE JUN 1      1.43                      2.19  -0.76     2.35
  SINCE JAN 1      7.48                      4.66   2.82     5.33

DEGREE DAYS
 HEATING
  TODAY            3                        10     -7        7
  MONTH TO DATE  179                       177      2      119
  SINCE JUN 1    461                       598   -137      412
  SINCE JUL 1    283                       293    -10      277

 COOLING
  TODAY            0                         0      0        0
  MONTH TO DATE    2                        11     -9       11
  SINCE JUN 1     23                        35    -12       53
  SINCE JAN 1     23                        35    -12       53
..................................................................


WIND (MPH)
  HIGHEST WIND SPEED    10   HIGHEST WIND DIRECTION     S (190)
  HIGHEST GUST SPEED    MM   HIGHEST GUST DIRECTION    MM
  AVERAGE WIND SPEED     4.2


SKY COVER
  POSSIBLE SUNSHINE  MM
  AVERAGE SKY COVER 0.0


WEATHER CONDITIONS
 THE FOLLOWING WEATHER WAS RECORDED TODAY.
  NO SIGNIFICANT WEATHER WAS OBSERVED.


RELATIVE HUMIDITY (PERCENT)
 HIGHEST    64           500 AM
 LOWEST     10           200 PM
 AVERAGE    37

..........................................................


THE BIG PINEY WY CLIMATE NORMALS FOR TOMORROW
                         NORMAL    RECORD    YEAR
 MAXIMUM TEMPERATURE (F)   74        85      1995
 MINIMUM TEMPERATURE (F)   36        19      1984


SUNRISE AND SUNSET
AUGUST 31 2016........SUNRISE   645 AM MDT   SUNSET   755 PM MDT
SEPTEMBER  1 2016.....SUNRISE   646 AM MDT   SUNSET   754 PM MDT


-  INDICATES NEGATIVE NUMBERS.
R  INDICATES RECORD WAS SET OR TIED.
MM INDICATES DATA IS MISSING.
T  INDICATES TRACE AMOUNT.




$$
