000
CDUS45 KRIW 280738
CLIBPI


CLIMATE REPORT
NATIONAL WEATHER SERVICE RIVERTON WY
128 AM MDT THU APR 28 2016


...................................

...THE BIG PINEY WY CLIMATE SUMMARY FOR APRIL 27 2016...

CLIMATE NORMAL PERIOD 1981 TO 2010
CLIMATE RECORD PERIOD 1976 TO 2016


WEATHER ITEM   OBSERVED TIME   RECORD YEAR NORMAL DEPARTURE LAST
                VALUE   (LST)  VALUE       VALUE  FROM      YEAR
                                                  NORMAL
..................................................................
TEMPERATURE (F)
 YESTERDAY
  MAXIMUM         49    307 PM  73    2001  56     -7       56
                                      2000
  MINIMUM         24    613 AM  10    1984  25     -1       35
  AVERAGE         37                        40     -3       46

PRECIPITATION (IN)
  YESTERDAY        T             0.20 1989   0.03  -0.03     0.00
  MONTH TO DATE    1.06                      0.46   0.60     0.56
  SINCE MAR 1      1.88                      0.90   0.98     0.62
  SINCE JAN 1      2.05                      1.56   0.49     0.68

DEGREE DAYS
 HEATING
  YESTERDAY       28                        25      3       19
  MONTH TO DATE  663                       763   -100      732
  SINCE MAR 1   1727                      1935   -208     1662
  SINCE JUL 1   8581                      9458   -877     7762

 COOLING
  YESTERDAY        0                         0      0        0
  MONTH TO DATE    0                         0      0        0
  SINCE MAR 1      0                         0      0        0
  SINCE JAN 1      0                         0      0        0
..................................................................


WIND (MPH)
  HIGHEST WIND SPEED    22   HIGHEST WIND DIRECTION     S (160)
  HIGHEST GUST SPEED    28   HIGHEST GUST DIRECTION     S (160)
  AVERAGE WIND SPEED     4.0


SKY COVER
  POSSIBLE SUNSHINE  MM
  AVERAGE SKY COVER 1.0


WEATHER CONDITIONS
 THE FOLLOWING WEATHER WAS RECORDED YESTERDAY.
  FOG
  FOG W/VISIBILITY <= 1/4 MILE


RELATIVE HUMIDITY (PERCENT)
 HIGHEST   100           300 AM
 LOWEST     37           600 PM
 AVERAGE    69

..........................................................


THE BIG PINEY WY CLIMATE NORMALS FOR TODAY
                         NORMAL    RECORD    YEAR
 MAXIMUM TEMPERATURE (F)   56        75      2007
 MINIMUM TEMPERATURE (F)   25        12      2011


SUNRISE AND SUNSET
APRIL 28 2016.........SUNRISE   619 AM MDT   SUNSET   818 PM MDT
APRIL 29 2016.........SUNRISE   617 AM MDT   SUNSET   819 PM MDT


-  INDICATES NEGATIVE NUMBERS.
R  INDICATES RECORD WAS SET OR TIED.
MM INDICATES DATA IS MISSING.
T  INDICATES TRACE AMOUNT.




$$
