226
CDUS45 KRIW 230731
CLIBPI


CLIMATE REPORT
NATIONAL WEATHER SERVICE RIVERTON WY
1229 AM MST THU FEB 23 2017


...................................

...THE BIG PINEY WY CLIMATE SUMMARY FOR FEBRUARY 22 2017...

CLIMATE NORMAL PERIOD 1981 TO 2010
CLIMATE RECORD PERIOD 1976 TO 2017


WEATHER ITEM   OBSERVED TIME   RECORD YEAR NORMAL DEPARTURE LAST
                VALUE   (LST)  VALUE       VALUE  FROM      YEAR
                                                  NORMAL
..................................................................
TEMPERATURE (F)
 YESTERDAY
  MAXIMUM         29    249 PM  48    2007  31     -2       37
  MINIMUM         17   1121 PM -23    1984   3     14       15
  AVERAGE         23                        17      6       26

PRECIPITATION (IN)
  YESTERDAY        0.00          0.18 2006   0.02  -0.02      T
  MONTH TO DATE    0.67                      0.28   0.39     0.11
  SINCE DEC 1      2.21                      0.89   1.32     0.26
  SINCE JAN 1      1.66                      0.59   1.07     0.15

DEGREE DAYS
 HEATING
  YESTERDAY       42                        48     -6       39
  MONTH TO DATE  971                      1131   -160      878
  SINCE DEC 1   4623                      4429    194     4122
  SINCE JUL 1   7072                      7244   -172     6603

 COOLING
  YESTERDAY        0                         0      0        0
  MONTH TO DATE    0                         0      0        0
  SINCE DEC 1      0                         0      0        0
  SINCE JAN 1      0                         0      0        0
..................................................................


WIND (MPH)
  HIGHEST WIND SPEED    18   HIGHEST WIND DIRECTION    SW (240)
  HIGHEST GUST SPEED    19   HIGHEST GUST DIRECTION    SW (240)
  AVERAGE WIND SPEED     6.8


SKY COVER
  POSSIBLE SUNSHINE  MM
  AVERAGE SKY COVER 0.5


WEATHER CONDITIONS
 THE FOLLOWING WEATHER WAS RECORDED YESTERDAY.
  NO SIGNIFICANT WEATHER WAS OBSERVED.


RELATIVE HUMIDITY (PERCENT)
 HIGHEST   100          1200 AM
 LOWEST     74           400 AM
 AVERAGE    87

..........................................................


THE BIG PINEY WY CLIMATE NORMALS FOR TODAY
                         NORMAL    RECORD    YEAR
 MAXIMUM TEMPERATURE (F)   32        44      1995
 MINIMUM TEMPERATURE (F)    3       -22      2015


SUNRISE AND SUNSET
FEBRUARY 23 2017......SUNRISE   705 AM MST   SUNSET   603 PM MST
FEBRUARY 24 2017......SUNRISE   703 AM MST   SUNSET   604 PM MST


-  INDICATES NEGATIVE NUMBERS.
R  INDICATES RECORD WAS SET OR TIED.
MM INDICATES DATA IS MISSING.
T  INDICATES TRACE AMOUNT.




$$
