000
CDUS44 KLCH 280855
CLIBPT


CLIMATE REPORT
NATIONAL WEATHER SERVICE LAKE CHARLES, LA
354 AM CDT TUE MAR 28 2017


...................................

...THE BEAUMONT PORT ARTHUR CLIMATE SUMMARY FOR MARCH 27 2017...

CLIMATE NORMAL PERIOD 1981 TO 2010
CLIMATE RECORD PERIOD 1901 TO 2017


WEATHER ITEM   OBSERVED TIME   RECORD YEAR NORMAL DEPARTURE LAST
                VALUE   (LST)  VALUE       VALUE  FROM      YEAR
                                                  NORMAL
..................................................................
TEMPERATURE (F)
 YESTERDAY
  MAXIMUM         84    246 PM  85    2016  74     10       85
                                      1905
  MINIMUM         70    622 AM  30    1955  54     16       63
  AVERAGE         77                        64     13       74

PRECIPITATION (IN)
  YESTERDAY        0.00          4.45 1914   0.11  -0.11      T
  MONTH TO DATE    4.15                      3.08   1.07     4.69
  SINCE MAR 1      4.15                      3.08   1.07     4.69
  SINCE JAN 1      6.20                     11.92  -5.72    10.65

SNOWFALL (IN)
  YESTERDAY        0.0           0.0    MM   0.0    0.0      0.0
  MONTH TO DATE    0.0                       0.0    0.0      0.0
  SINCE MAR 1      0.0                       0.0    0.0      0.0
  SINCE JUL 1      0.0                       T      0.0      0.0
  SNOW DEPTH       0

DEGREE DAYS
 HEATING
  YESTERDAY        0                         3     -3        0
  MONTH TO DATE   54                       136    -82       54
  SINCE MAR 1     54                       136    -82       54
  SINCE JUL 1    609                      1349   -740      878

 COOLING
  YESTERDAY       12                         2     10        9
  MONTH TO DATE  127                        43     84      109
  SINCE MAR 1    127                        43     84      109
  SINCE JAN 1    321                        69    252      140
..................................................................


WIND (MPH)
  HIGHEST WIND SPEED    18   HIGHEST WIND DIRECTION     S (180)
  HIGHEST GUST SPEED    24   HIGHEST GUST DIRECTION     S (160)
  AVERAGE WIND SPEED     9.8


SKY COVER
  POSSIBLE SUNSHINE  MM
  AVERAGE SKY COVER 0.9


WEATHER CONDITIONS
 THE FOLLOWING WEATHER WAS RECORDED YESTERDAY.
  FOG


RELATIVE HUMIDITY (PERCENT)
 HIGHEST    97           500 AM
 LOWEST     62           400 PM
 AVERAGE    80

..........................................................


THE BEAUMONT PORT ARTHUR CLIMATE NORMALS FOR TODAY
                         NORMAL    RECORD    YEAR
 MAXIMUM TEMPERATURE (F)   75        85      1944
 MINIMUM TEMPERATURE (F)   55        30      1906


SUNRISE AND SUNSET
MARCH 28 2017.........SUNRISE   710 AM CDT   SUNSET   733 PM CDT
MARCH 29 2017.........SUNRISE   709 AM CDT   SUNSET   733 PM CDT


-  INDICATES NEGATIVE NUMBERS.
R  INDICATES RECORD WAS SET OR TIED.
MM INDICATES DATA IS MISSING.
T  INDICATES TRACE AMOUNT.




$$
