000
CDUS44 KLCH 250832
CLIBPT


CLIMATE REPORT
NATIONAL WEATHER SERVICE LAKE CHARLES, LA
230 AM CST THU DEC 25 2014


...................................

...THE BEAUMONT PORT ARTHUR CLIMATE SUMMARY FOR DECEMBER 24 2014...

CLIMATE NORMAL PERIOD 1981 TO 2010
CLIMATE RECORD PERIOD 1901 TO 2014


WEATHER ITEM   OBSERVED TIME   RECORD YEAR NORMAL DEPARTURE LAST
                VALUE   (LST)  VALUE       VALUE  FROM      YEAR
                                                  NORMAL
..................................................................
TEMPERATURE (F)
 YESTERDAY
  MAXIMUM         54   1253 PM  81    1942  62     -8       56
  MINIMUM         35   1150 PM  13    1989  44     -9       31
  AVERAGE         45                        53     -8       44

PRECIPITATION (IN)
  YESTERDAY        0.00          2.65 1943   0.18  -0.18     0.00
  MONTH TO DATE    2.54                      4.03  -1.49     1.29
  SINCE DEC 1      2.54                      4.03  -1.49     1.29
  SINCE JAN 1     51.25                     59.21  -7.96    56.12

SNOWFALL (IN)
  YESTERDAY        0.0           0.0    MM   0.0    0.0      0.0
  MONTH TO DATE    0.0                       0.0    0.0      0.0
  SINCE DEC 1      0.0                       0.0    0.0      0.0
  SINCE JUL 1      0.0                       0.0    0.0      0.0
  SNOW DEPTH       0

DEGREE DAYS
 HEATING
  YESTERDAY       20                        13      7       21
  MONTH TO DATE  158                       265   -107      298
  SINCE DEC 1    158                       265   -107      298
  SINCE JUL 1    395                       460    -65      540

 COOLING
  YESTERDAY        0                         1     -1        0
  MONTH TO DATE   20                        24     -4       24
  SINCE DEC 1     20                        24     -4       24
  SINCE JAN 1   2931                      2879     52     3019
..................................................................


WIND (MPH)
  HIGHEST WIND SPEED    20   HIGHEST WIND DIRECTION    NW (320)
  HIGHEST GUST SPEED    26   HIGHEST GUST DIRECTION    NW (300)
  AVERAGE WIND SPEED     8.0


SKY COVER
  POSSIBLE SUNSHINE  MM
  AVERAGE SKY COVER 0.2


WEATHER CONDITIONS
 THE FOLLOWING WEATHER WAS RECORDED YESTERDAY.
  NO SIGNIFICANT WEATHER WAS OBSERVED.


RELATIVE HUMIDITY (PERCENT)
 HIGHEST    92           700 PM
 LOWEST     50           100 PM
 AVERAGE    71

..........................................................


THE BEAUMONT PORT ARTHUR CLIMATE NORMALS FOR TODAY
                         NORMAL    RECORD    YEAR
 MAXIMUM TEMPERATURE (F)   62        80      1982
 MINIMUM TEMPERATURE (F)   44        15      1983


SUNRISE AND SUNSET
DECEMBER 25 2014......SUNRISE   709 AM CST   SUNSET   523 PM CST
DECEMBER 26 2014......SUNRISE   710 AM CST   SUNSET   524 PM CST


-  INDICATES NEGATIVE NUMBERS.
R  INDICATES RECORD WAS SET OR TIED.
MM INDICATES DATA IS MISSING.
T  INDICATES TRACE AMOUNT.




$$
