970
CDUS44 KLCH 260850
CLIBPT


CLIMATE REPORT
NATIONAL WEATHER SERVICE LAKE CHARLES, LA
249 AM CST SUN FEB 26 2017


...................................

...THE BEAUMONT PORT ARTHUR CLIMATE SUMMARY FOR FEBRUARY 25 2017...

CLIMATE NORMAL PERIOD 1981 TO 2010
CLIMATE RECORD PERIOD 1901 TO 2017


WEATHER ITEM   OBSERVED TIME   RECORD YEAR NORMAL DEPARTURE LAST
                VALUE   (LST)  VALUE       VALUE  FROM      YEAR
                                                  NORMAL
..................................................................
TEMPERATURE (F)
 YESTERDAY
  MAXIMUM         72    346 PM  85    1918  67      5       74
  MINIMUM         49    713 AM  25    1965  49      0       38
  AVERAGE         61                        58      3       56

PRECIPITATION (IN)
  YESTERDAY        0.00          2.11 1949   0.12  -0.12     0.00
  MONTH TO DATE    1.11                      3.23  -2.12     1.97
  SINCE DEC 1     15.07                     13.78   1.29    10.10
  SINCE JAN 1      2.05                      8.49  -6.44     5.96

SNOWFALL (IN)
  YESTERDAY        0.0           0.0    MM   0.0    0.0      0.0
  MONTH TO DATE    0.0                       0.0    0.0      0.0
  SINCE DEC 1      0.0                       T      0.0      0.0
  SINCE JUL 1      0.0                       T      0.0      0.0
  SNOW DEPTH       0

DEGREE DAYS
 HEATING
  YESTERDAY        4                         8     -4        9
  MONTH TO DATE   61                       248   -187      176
  SINCE DEC 1    481                       996   -515      732
  SINCE JUL 1    551                      1191   -640      796

 COOLING
  YESTERDAY        0                         1     -1        0
  MONTH TO DATE   97                        13     84       23
  SINCE DEC 1    243                        46    197       97
  SINCE JAN 1    173                        24    149       29
..................................................................


WIND (MPH)
  HIGHEST WIND SPEED    21   HIGHEST WIND DIRECTION     N (20)
  HIGHEST GUST SPEED    24   HIGHEST GUST DIRECTION     N (340)
  AVERAGE WIND SPEED    10.0


SKY COVER
  POSSIBLE SUNSHINE  MM
  AVERAGE SKY COVER 0.0


WEATHER CONDITIONS
 THE FOLLOWING WEATHER WAS RECORDED YESTERDAY.
  NO SIGNIFICANT WEATHER WAS OBSERVED.


RELATIVE HUMIDITY (PERCENT)
 HIGHEST    61           700 AM
 LOWEST     22           400 PM
 AVERAGE    42

..........................................................


THE BEAUMONT PORT ARTHUR CLIMATE NORMALS FOR TODAY
                         NORMAL    RECORD    YEAR
 MAXIMUM TEMPERATURE (F)   68        85      1986
 MINIMUM TEMPERATURE (F)   49        27      1960


SUNRISE AND SUNSET
FEBRUARY 26 2017......SUNRISE   645 AM CST   SUNSET   613 PM CST
FEBRUARY 27 2017......SUNRISE   644 AM CST   SUNSET   614 PM CST


-  INDICATES NEGATIVE NUMBERS.
R  INDICATES RECORD WAS SET OR TIED.
MM INDICATES DATA IS MISSING.
T  INDICATES TRACE AMOUNT.




$$
