000
CDUS44 KLCH 201013
CLIBPT


CLIMATE REPORT
NATIONAL WEATHER SERVICE LAKE CHARLES, LA
413 AM CST MON NOV 20 2017


...................................

...THE BEAUMONT PORT ARTHUR CLIMATE SUMMARY FOR NOVEMBER 19 2017...

CLIMATE NORMAL PERIOD 1981 TO 2010
CLIMATE RECORD PERIOD 1901 TO 2017


WEATHER ITEM   OBSERVED TIME   RECORD YEAR NORMAL DEPARTURE LAST
                VALUE   (LST)  VALUE       VALUE  FROM      YEAR
                                                  NORMAL
..................................................................
TEMPERATURE (F)
 YESTERDAY
  MAXIMUM         65    248 PM  84    1908  71     -6       64
  MINIMUM         44   1141 PM  30    1951  51     -7       45
  AVERAGE         55                        61     -6       55

PRECIPITATION (IN)
  YESTERDAY        0.00          2.55 1976   0.14  -0.14     0.00
  MONTH TO DATE    1.86                      2.81  -0.95     2.58
  SINCE SEP 1      8.15                     14.36  -6.21     6.99
  SINCE JAN 1     97.75                     53.59  44.16    64.51

SNOWFALL (IN)
  YESTERDAY        0.0           0.0    MM   0.0    0.0      0.0
  MONTH TO DATE    0.0                       0.0    0.0      0.0
  SINCE SEP 1      0.0                       0.0    0.0      0.0
  SINCE JUL 1      0.0                       0.0    0.0      0.0
  SNOW DEPTH       0

DEGREE DAYS
 HEATING
  YESTERDAY       10                         6      4       10
  MONTH TO DATE   24                        79    -55       22
  SINCE SEP 1     63                       113    -50       26
  SINCE JUL 1     63                       113    -50       26

 COOLING
  YESTERDAY        0                         2     -2        0
  MONTH TO DATE  110                        50     60       94
  SINCE SEP 1    809                       674    135      928
  SINCE JAN 1   3102                      2841    261     3381
..................................................................


WIND (MPH)
  HIGHEST WIND SPEED    29   HIGHEST WIND DIRECTION     N (360)
  HIGHEST GUST SPEED    39   HIGHEST GUST DIRECTION     N (10)
  AVERAGE WIND SPEED    11.0


SKY COVER
  POSSIBLE SUNSHINE  MM
  AVERAGE SKY COVER 0.0


WEATHER CONDITIONS
 THE FOLLOWING WEATHER WAS RECORDED YESTERDAY.
  NO SIGNIFICANT WEATHER WAS OBSERVED.


RELATIVE HUMIDITY (PERCENT)
 HIGHEST    89          1000 PM
 LOWEST     30           100 PM
 AVERAGE    60

..........................................................


THE BEAUMONT PORT ARTHUR CLIMATE NORMALS FOR TODAY
                         NORMAL    RECORD    YEAR
 MAXIMUM TEMPERATURE (F)   70        84      1986
                                             1908
 MINIMUM TEMPERATURE (F)   51        28      1937


SUNRISE AND SUNSET
NOVEMBER 20 2017......SUNRISE   645 AM CST   SUNSET   518 PM CST
NOVEMBER 21 2017......SUNRISE   646 AM CST   SUNSET   518 PM CST


-  INDICATES NEGATIVE NUMBERS.
R  INDICATES RECORD WAS SET OR TIED.
MM INDICATES DATA IS MISSING.
T  INDICATES TRACE AMOUNT.




$$
