000
CDUS44 KLCH 272220
CLIBPT


CLIMATE REPORT
NATIONAL WEATHER SERVICE LAKE CHARLES, LA
519 PM CDT FRI MAR 27 2015


...................................

...THE BEAUMONT PORT ARTHUR CLIMATE SUMMARY FOR MARCH 27 2015...
VALID TODAY AS OF 0500 PM LOCAL TIME.

CLIMATE NORMAL PERIOD 1981 TO 2010
CLIMATE RECORD PERIOD 1901 TO 2015


WEATHER ITEM   OBSERVED TIME   RECORD YEAR NORMAL DEPARTURE LAST
                VALUE   (LST)  VALUE       VALUE  FROM      YEAR
                                                  NORMAL
..................................................................
TEMPERATURE (F)
 TODAY
  MAXIMUM         79    311 PM  85    1905  74      5       70
  MINIMUM         44    601 AM  30    1955  54    -10       61
  AVERAGE         62                        64     -2       66

PRECIPITATION (IN)
  TODAY            0.00          4.45 1914   0.11  -0.11     0.03
  MONTH TO DATE    8.12                      3.08   5.04     2.08
  SINCE MAR 1      8.12                      3.08   5.04     2.08
  SINCE JAN 1     15.10                     11.92   3.18     8.80

SNOWFALL (IN)
  TODAY            0.0           0.0    MM   0.0    0.0      0.0
  MONTH TO DATE    T                         0.0    0.0      0.0
  SINCE MAR 1      T                         0.0    0.0      0.0
  SINCE JUL 1      T                         T      0.0      0.3
  SNOW DEPTH       0

DEGREE DAYS
 HEATING
  TODAY            3                         3      0        0
  MONTH TO DATE  103                       136    -33      200
  SINCE MAR 1    103                       136    -33      200
  SINCE JUL 1   1360                      1349     11     1669

 COOLING
  TODAY            0                         2     -2        1
  MONTH TO DATE   52                        43      9       17
  SINCE MAR 1     52                        43      9       17
  SINCE JAN 1     60                        69     -9       41
..................................................................


WIND (MPH)
  HIGHEST WIND SPEED    18   HIGHEST WIND DIRECTION    NW (320)
  HIGHEST GUST SPEED    27   HIGHEST GUST DIRECTION    NW (310)
  AVERAGE WIND SPEED     7.5


SKY COVER
  POSSIBLE SUNSHINE  MM
  AVERAGE SKY COVER 0.0


WEATHER CONDITIONS
 THE FOLLOWING WEATHER WAS RECORDED TODAY.
  FOG


RELATIVE HUMIDITY (PERCENT)
 HIGHEST   100           600 AM
 LOWEST     25           300 PM
 AVERAGE    63

..........................................................


THE BEAUMONT PORT ARTHUR CLIMATE NORMALS FOR TOMORROW
                         NORMAL    RECORD    YEAR
 MAXIMUM TEMPERATURE (F)   75        85      1944
 MINIMUM TEMPERATURE (F)   55        30      1906


SUNRISE AND SUNSET
MARCH 27 2015.........SUNRISE   712 AM CDT   SUNSET   732 PM CDT
MARCH 28 2015.........SUNRISE   711 AM CDT   SUNSET   732 PM CDT


-  INDICATES NEGATIVE NUMBERS.
R  INDICATES RECORD WAS SET OR TIED.
MM INDICATES DATA IS MISSING.
T  INDICATES TRACE AMOUNT.




$$
