000
CDUS44 KLCH 212344
CLIBPT


CLIMATE REPORT
NATIONAL WEATHER SERVICE LAKE CHARLES, LA
544 PM CST SUN JAN 21 2018


...................................

...THE BEAUMONT PORT ARTHUR CLIMATE SUMMARY FOR JANUARY 21 2018...
VALID TODAY AS OF 0500 PM LOCAL TIME.

CLIMATE NORMAL PERIOD 1981 TO 2010
CLIMATE RECORD PERIOD 1901 TO 2018


WEATHER ITEM   OBSERVED TIME   RECORD YEAR NORMAL DEPARTURE LAST
                VALUE   (LST)  VALUE       VALUE  FROM      YEAR
                                                  NORMAL
..................................................................
TEMPERATURE (F)
 TODAY
  MAXIMUM         74    210 PM  81    2012  62     12       79
  MINIMUM         57    632 AM  18    1985  43     14       61
  AVERAGE         66                        53     13       70

PRECIPITATION (IN)
  TODAY            0.00          4.14 1998   0.17  -0.17     0.00
  MONTH TO DATE    2.44                      3.68  -1.24     0.94
  SINCE DEC 1      8.05                      8.97  -0.92    13.96
  SINCE JAN 1      2.44                      3.68  -1.24     0.94

SNOWFALL (IN)
  TODAY            0.0           T    1987   0.0    0.0      0.0
                                      1978
                                      1954
  MONTH TO DATE    0.1                       0.0    0.1      0.0
  SINCE DEC 1      3.1                       T      3.1      0.0
  SINCE JUL 1      3.1                       T      3.1      0.0
  SNOW DEPTH       0

DEGREE DAYS
 HEATING
  TODAY            0                        13    -13        0
  MONTH TO DATE  409                       273    136      123
  SINCE DEC 1    776                       628    148      344
  SINCE JUL 1    906                       823     83      414

 COOLING
  TODAY            1                         0      1        5
  MONTH TO DATE    1                         0      1       73
  SINCE DEC 1     19                        22     -3      143
  SINCE JAN 1      1                         0      1       73
..................................................................


WIND (MPH)
  HIGHEST WIND SPEED    21   HIGHEST WIND DIRECTION     S (160)
  HIGHEST GUST SPEED    28   HIGHEST GUST DIRECTION     S (160)
  AVERAGE WIND SPEED    12.3


SKY COVER
  POSSIBLE SUNSHINE  MM
  AVERAGE SKY COVER 0.6


WEATHER CONDITIONS
 THE FOLLOWING WEATHER WAS RECORDED TODAY.
  FOG
  HAZE


RELATIVE HUMIDITY (PERCENT)
 HIGHEST   100           600 AM
 LOWEST     68           200 PM
 AVERAGE    84

..........................................................


THE BEAUMONT PORT ARTHUR CLIMATE NORMALS FOR TOMORROW
                         NORMAL    RECORD    YEAR
 MAXIMUM TEMPERATURE (F)   62        81      1909
 MINIMUM TEMPERATURE (F)   43        18      1935


SUNRISE AND SUNSET
JANUARY 21 2018.......SUNRISE   711 AM CST   SUNSET   544 PM CST
JANUARY 22 2018.......SUNRISE   711 AM CST   SUNSET   545 PM CST


-  INDICATES NEGATIVE NUMBERS.
R  INDICATES RECORD WAS SET OR TIED.
MM INDICATES DATA IS MISSING.
T  INDICATES TRACE AMOUNT.




$$
