000
CDUS43 KDVN 241009
CLIBRL


CLIMATE REPORT
NATIONAL WEATHER SERVICE QUAD CITIES IA IL
408 AM CST SAT FEB 24 2018


...................................

...THE BURLINGTON IA CLIMATE SUMMARY FOR FEBRUARY 23 2018...

CLIMATE NORMAL PERIOD 1981 TO 2010
CLIMATE RECORD PERIOD 1897 TO 2018


WEATHER ITEM   OBSERVED TIME   RECORD YEAR NORMAL DEPARTURE LAST
                VALUE   (LST)  VALUE       VALUE  FROM      YEAR
                                                  NORMAL
..................................................................
TEMPERATURE (F)
 YESTERDAY
  MAXIMUM         40    413 PM  66    1933  41     -1       55
  MINIMUM         30    910 PM -10    1910  24      6       42
  AVERAGE         35                        33      2       49

PRECIPITATION (IN)
  YESTERDAY        0.19         MM      MM   0.07   0.12     0.05
  MONTH TO DATE    3.19                      1.25   1.94     0.28
  SINCE DEC 1      4.13                      4.58  -0.45     2.72
  SINCE JAN 1      3.80                      2.49   1.31     1.74

DEGREE DAYS
 HEATING
  YESTERDAY       30                        32     -2       16
  MONTH TO DATE  920                       820    100      557
  SINCE DEC 1   3340                      3148    192     2818
  SINCE JUL 1   4391                      4221    170     3574

 COOLING
  YESTERDAY        0                         0      0        0
  MONTH TO DATE    0                         0      0        0
  SINCE DEC 1      0                         0      0        0
  SINCE JAN 1      0                         0      0        0
..................................................................


WIND (MPH)
  HIGHEST WIND SPEED    16   HIGHEST WIND DIRECTION    SW (240)
  HIGHEST GUST SPEED    21   HIGHEST GUST DIRECTION    NW (300)
  AVERAGE WIND SPEED     7.7


SKY COVER
  POSSIBLE SUNSHINE  MM
  AVERAGE SKY COVER 0.7


WEATHER CONDITIONS
 THE FOLLOWING WEATHER WAS RECORDED YESTERDAY.
  HEAVY RAIN
  RAIN
  LIGHT RAIN
  FOG
  FOG W/VISIBILITY <= 1/4 MILE


RELATIVE HUMIDITY (PERCENT)
 HIGHEST   100           200 AM
 LOWEST     70           400 PM
 AVERAGE    85

..........................................................


THE BURLINGTON IA CLIMATE NORMALS FOR TODAY
                         NORMAL    RECORD    YEAR
 MAXIMUM TEMPERATURE (F)   42        76      1930
 MINIMUM TEMPERATURE (F)   24        -7      1910


SUNRISE AND SUNSET
FEBRUARY 24 2018......SUNRISE   646 AM CST   SUNSET   550 PM CST
FEBRUARY 25 2018......SUNRISE   644 AM CST   SUNSET   551 PM CST


-  INDICATES NEGATIVE NUMBERS.
R  INDICATES RECORD WAS SET OR TIED.
MM INDICATES DATA IS MISSING.
T  INDICATES TRACE AMOUNT.




$$
