000
CDUS43 KDVN 310921
CLIBRL


CLIMATE REPORT
NATIONAL WEATHER SERVICE QUAD CITIES IA IL
419 AM CDT SUN AUG 31 2014


...................................

...THE BURLINGTON IA CLIMATE SUMMARY FOR AUGUST 30 2014...

CLIMATE NORMAL PERIOD 1981 TO 2010
CLIMATE RECORD PERIOD 1897 TO 2014


WEATHER ITEM   OBSERVED TIME   RECORD YEAR NORMAL DEPARTURE LAST
                VALUE   (LST)  VALUE       VALUE  FROM      YEAR
                                                  NORMAL
..................................................................
TEMPERATURE (F)
 YESTERDAY
  MAXIMUM         83    406 PM 102    1947  84     -1      100
  MINIMUM         66   1154 PM  46    1915  63      3       75
  AVERAGE         75                        73      2       88

PRECIPITATION (IN)
  YESTERDAY        0.13         MM      MM   0.15  -0.02     0.00
  MONTH TO DATE    6.21                      4.12   2.09      T
  SINCE JUN 1     17.68                     12.84   4.84     3.86
  SINCE JAN 1     29.07                     27.10   1.97    27.06

DEGREE DAYS
 HEATING
  YESTERDAY        0                         0      0        0
  MONTH TO DATE    0                         0      0        3
  SINCE JUN 1      9                        14     -5       26
  SINCE JUL 1      7                         1      6       11

 COOLING
  YESTERDAY       10                         8      2       23
  MONTH TO DATE  268                       306    -38      280
  SINCE JUN 1    705                       932   -227      785
  SINCE JAN 1    843                      1035   -192      884
..................................................................


WIND (MPH)
  HIGHEST WIND SPEED    15   HIGHEST WIND DIRECTION    SW (210)
  HIGHEST GUST SPEED    20   HIGHEST GUST DIRECTION    SW (210)
  AVERAGE WIND SPEED     5.7


SKY COVER
  POSSIBLE SUNSHINE  MM
  AVERAGE SKY COVER 0.3


WEATHER CONDITIONS
 THE FOLLOWING WEATHER WAS RECORDED YESTERDAY.
  HEAVY RAIN
  LIGHT RAIN
  FOG


RELATIVE HUMIDITY (PERCENT)
 HIGHEST    97           500 AM
 LOWEST     65           200 PM
 AVERAGE    81

..........................................................


THE BURLINGTON IA CLIMATE NORMALS FOR TODAY
                         NORMAL    RECORD    YEAR
 MAXIMUM TEMPERATURE (F)   83        99      1953
 MINIMUM TEMPERATURE (F)   63        44      1967


SUNRISE AND SUNSET
AUGUST 31 2014........SUNRISE   630 AM CDT   SUNSET   738 PM CDT
SEPTEMBER  1 2014.....SUNRISE   631 AM CDT   SUNSET   737 PM CDT


-  INDICATES NEGATIVE NUMBERS.
R  INDICATES RECORD WAS SET OR TIED.
MM INDICATES DATA IS MISSING.
T  INDICATES TRACE AMOUNT.




$$
