000
CDUS43 KDVN 192232
CLIBRL


CLIMATE REPORT
NATIONAL WEATHER SERVICE QUAD CITIES IA IL
429 PM CST SUN FEB 19 2017


...................................

...THE BURLINGTON IA CLIMATE SUMMARY FOR FEBRUARY 19 2017...
VALID TODAY AS OF 0400 PM LOCAL TIME.

CLIMATE NORMAL PERIOD 1981 TO 2010
CLIMATE RECORD PERIOD 1897 TO 2017


WEATHER ITEM   OBSERVED TIME   RECORD YEAR NORMAL DEPARTURE LAST
                VALUE   (LST)  VALUE       VALUE  FROM      YEAR
                                                  NORMAL
..................................................................
TEMPERATURE (F)
 TODAY
  MAXIMUM         73R   304 PM  70    1930  40     33       62
  MINIMUM         35    706 AM  -9    1936  23     12       42
  AVERAGE         54                        31     23       52

PRECIPITATION (IN)
  TODAY            0.00         MM      MM   0.06  -0.06     0.00
  MONTH TO DATE    0.08                      0.99  -0.91     0.84
  SINCE DEC 1      2.52                      4.32  -1.80     5.89
  SINCE JAN 1      1.54                      2.23  -0.69     1.38

DEGREE DAYS
 HEATING
  TODAY           11                        34    -23       13
  MONTH TO DATE  528                       689   -161      707
  SINCE DEC 1   2789                      3017   -228     2726
  SINCE JUL 1   3545                      4090   -545     3643

 COOLING
  TODAY            0                         0      0        0
  MONTH TO DATE    0                         0      0        0
  SINCE DEC 1      0                         0      0        0
  SINCE JAN 1      0                         0      0        0
..................................................................


WIND (MPH)
  HIGHEST WIND SPEED    15   HIGHEST WIND DIRECTION     S (180)
  HIGHEST GUST SPEED    18   HIGHEST GUST DIRECTION     S (180)
  AVERAGE WIND SPEED     4.1


SKY COVER
  POSSIBLE SUNSHINE  MM
  AVERAGE SKY COVER 0.0


WEATHER CONDITIONS
 THE FOLLOWING WEATHER WAS RECORDED TODAY.
  NO SIGNIFICANT WEATHER WAS OBSERVED.


RELATIVE HUMIDITY (PERCENT)
 HIGHEST    82           300 AM
 LOWEST     44           300 PM
 AVERAGE    63

..........................................................


THE BURLINGTON IA CLIMATE NORMALS FOR TOMORROW
                         NORMAL    RECORD    YEAR
 MAXIMUM TEMPERATURE (F)   40        67      1983
 MINIMUM TEMPERATURE (F)   23        -7      1929


SUNRISE AND SUNSET
FEBRUARY 19 2017......SUNRISE   653 AM CST   SUNSET   544 PM CST
FEBRUARY 20 2017......SUNRISE   651 AM CST   SUNSET   546 PM CST


-  INDICATES NEGATIVE NUMBERS.
R  INDICATES RECORD WAS SET OR TIED.
MM INDICATES DATA IS MISSING.
T  INDICATES TRACE AMOUNT.




$$
