000
CDUS43 KDVN 232122
CLIBRL


CLIMATE REPORT
NATIONAL WEATHER SERVICE QUAD CITIES IA IL
421 PM CDT SUN APR 23 2017


...................................

...THE BURLINGTON IA CLIMATE SUMMARY FOR APRIL 23 2017...
VALID TODAY AS OF 0400 PM LOCAL TIME.

CLIMATE NORMAL PERIOD 1981 TO 2010
CLIMATE RECORD PERIOD 1897 TO 2017


WEATHER ITEM   OBSERVED TIME   RECORD YEAR NORMAL DEPARTURE LAST
                VALUE   (LST)  VALUE       VALUE  FROM      YEAR
                                                  NORMAL
..................................................................
TEMPERATURE (F)
 TODAY
  MAXIMUM         71    259 PM  84    1960  67      4       70
  MINIMUM         37    528 AM  24    1910  45     -8       47
  AVERAGE         54                        56     -2       59

PRECIPITATION (IN)
  TODAY            0.00         MM      MM   0.13  -0.13     0.00
  MONTH TO DATE    3.08                      2.71   0.37     1.64
  SINCE MAR 1      6.06                      5.50   0.56     4.85
  SINCE JAN 1      7.92                      8.36  -0.44     6.23

DEGREE DAYS
 HEATING
  TODAY           11                         9      2        6
  MONTH TO DATE  204                       299    -95      314
  SINCE MAR 1    895                      1027   -132      896
  SINCE JUL 1   4589                      5405   -816     4778

 COOLING
  TODAY            0                         1     -1        0
  MONTH TO DATE   19                        13      6        8
  SINCE MAR 1     19                        15      4        9
  SINCE JAN 1     19                        15      4        9
..................................................................


WIND (MPH)
  HIGHEST WIND SPEED    12   HIGHEST WIND DIRECTION    NE (40)
  HIGHEST GUST SPEED    15   HIGHEST GUST DIRECTION    NE (40)
  AVERAGE WIND SPEED     3.8


SKY COVER
  POSSIBLE SUNSHINE  MM
  AVERAGE SKY COVER 0.0


WEATHER CONDITIONS
 THE FOLLOWING WEATHER WAS RECORDED TODAY.
  NO SIGNIFICANT WEATHER WAS OBSERVED.


RELATIVE HUMIDITY (PERCENT)
 HIGHEST    92           200 AM
 LOWEST     20           300 PM
 AVERAGE    56

..........................................................


THE BURLINGTON IA CLIMATE NORMALS FOR TOMORROW
                         NORMAL    RECORD    YEAR
 MAXIMUM TEMPERATURE (F)   68        85      1954
 MINIMUM TEMPERATURE (F)   46        22      1956


SUNRISE AND SUNSET
APRIL 23 2017.........SUNRISE   613 AM CDT   SUNSET   753 PM CDT
APRIL 24 2017.........SUNRISE   612 AM CDT   SUNSET   754 PM CDT


-  INDICATES NEGATIVE NUMBERS.
R  INDICATES RECORD WAS SET OR TIED.
MM INDICATES DATA IS MISSING.
T  INDICATES TRACE AMOUNT.




$$
