000
CDUS43 KDVN 230930
CLIBRL


CLIMATE REPORT
NATIONAL WEATHER SERVICE QUAD CITIES IA IL
430 AM CDT THU MAR 23 2017


...................................

...THE BURLINGTON IA CLIMATE SUMMARY FOR MARCH 22 2017...

CLIMATE NORMAL PERIOD 1981 TO 2010
CLIMATE RECORD PERIOD 1897 TO 2017


WEATHER ITEM   OBSERVED TIME   RECORD YEAR NORMAL DEPARTURE LAST
                VALUE   (LST)  VALUE       VALUE  FROM      YEAR
                                                  NORMAL
..................................................................
TEMPERATURE (F)
 YESTERDAY
  MAXIMUM         47    232 PM  81    1939  55     -8       67
  MINIMUM         28    631 AM  10    1913  34     -6       46
  AVERAGE         38                        44     -6       57

PRECIPITATION (IN)
  YESTERDAY        0.00         MM      MM   0.09  -0.09     0.00
  MONTH TO DATE    0.82                      1.93  -1.11     1.79
  SINCE MAR 1      0.82                      1.93  -1.11     1.79
  SINCE JAN 1      2.68                      4.79  -2.11     3.17

DEGREE DAYS
 HEATING
  YESTERDAY       27                        21      6        8
  MONTH TO DATE  551                       560     -9      417
  SINCE MAR 1    551                       560     -9      417
  SINCE JUL 1   4245                      4938   -693     4299

 COOLING
  YESTERDAY        0                         0      0        0
  MONTH TO DATE    0                         0      0        1
  SINCE MAR 1      0                         0      0        1
  SINCE JAN 1      0                         0      0        1
..................................................................


WIND (MPH)
  HIGHEST WIND SPEED    17   HIGHEST WIND DIRECTION    SE (130)
  HIGHEST GUST SPEED    23   HIGHEST GUST DIRECTION    SE (120)
  AVERAGE WIND SPEED    11.8


SKY COVER
  POSSIBLE SUNSHINE  MM
  AVERAGE SKY COVER 0.2


WEATHER CONDITIONS
 THE FOLLOWING WEATHER WAS RECORDED YESTERDAY.
  NO SIGNIFICANT WEATHER WAS OBSERVED.


RELATIVE HUMIDITY (PERCENT)
 HIGHEST    85           400 AM
 LOWEST     33           300 PM
 AVERAGE    59

..........................................................


THE BURLINGTON IA CLIMATE NORMALS FOR TODAY
                         NORMAL    RECORD    YEAR
 MAXIMUM TEMPERATURE (F)   55        88      1910
 MINIMUM TEMPERATURE (F)   34         8      1960


SUNRISE AND SUNSET
MARCH 23 2017.........SUNRISE   702 AM CDT   SUNSET   720 PM CDT
MARCH 24 2017.........SUNRISE   701 AM CDT   SUNSET   721 PM CDT


-  INDICATES NEGATIVE NUMBERS.
R  INDICATES RECORD WAS SET OR TIED.
MM INDICATES DATA IS MISSING.
T  INDICATES TRACE AMOUNT.




$$
