000
CDUS43 KDVN 020913
CLIBRL


CLIMATE REPORT
NATIONAL WEATHER SERVICE QUAD CITIES IA IL
412 AM CDT MON MAY 2 2016


...................................

...THE BURLINGTON IA CLIMATE SUMMARY FOR MAY 1 2016...

CLIMATE NORMAL PERIOD 1981 TO 2010
CLIMATE RECORD PERIOD 1897 TO 2016


WEATHER ITEM   OBSERVED TIME   RECORD YEAR NORMAL DEPARTURE LAST
                VALUE   (LST)  VALUE       VALUE  FROM      YEAR
                                                  NORMAL
..................................................................
TEMPERATURE (F)
 YESTERDAY
  MAXIMUM         51    125 PM  88    1952  70    -19       71
                                      1901
  MINIMUM         47    740 AM  31    1909  48     -1       39
                                      1903
  AVERAGE         49                        59    -10       55

PRECIPITATION (IN)
  YESTERDAY        0.02         MM      MM   0.16  -0.14     0.00
  MONTH TO DATE    0.02                      0.16  -0.14     0.00
  SINCE MAR 1      6.49                      6.71  -0.22     1.90
  SINCE JAN 1      7.87                      9.57  -1.70     4.32

DEGREE DAYS
 HEATING
  YESTERDAY       16                         7      9       10
  MONTH TO DATE   16                         7      9       10
  SINCE MAR 1    972                      1091   -119     1074
  SINCE JUL 1   4854                      5469   -615     6005

 COOLING
  YESTERDAY        0                         1     -1        0
  MONTH TO DATE    0                         1     -1        0
  SINCE MAR 1     18                        21     -3        3
  SINCE JAN 1     18                        21     -3        3
..................................................................


WIND (MPH)
  HIGHEST WIND SPEED    14   HIGHEST WIND DIRECTION    NE (40)
  HIGHEST GUST SPEED    17   HIGHEST GUST DIRECTION    NE (40)
  AVERAGE WIND SPEED     7.9


SKY COVER
  POSSIBLE SUNSHINE  MM
  AVERAGE SKY COVER 1.0


WEATHER CONDITIONS
 THE FOLLOWING WEATHER WAS RECORDED YESTERDAY.
  LIGHT RAIN
  FOG


RELATIVE HUMIDITY (PERCENT)
 HIGHEST   100          1200 AM
 LOWEST     89          1000 AM
 AVERAGE    95

..........................................................


THE BURLINGTON IA CLIMATE NORMALS FOR TODAY
                         NORMAL    RECORD    YEAR
 MAXIMUM TEMPERATURE (F)   70        91      1901
 MINIMUM TEMPERATURE (F)   48        29      1908


SUNRISE AND SUNSET
MAY  2 2016...........SUNRISE   601 AM CDT   SUNSET   802 PM CDT
MAY  3 2016...........SUNRISE   600 AM CDT   SUNSET   803 PM CDT


-  INDICATES NEGATIVE NUMBERS.
R  INDICATES RECORD WAS SET OR TIED.
MM INDICATES DATA IS MISSING.
T  INDICATES TRACE AMOUNT.




$$
