000
CDUS43 KDVN 271014
CLIBRL


CLIMATE REPORT
NATIONAL WEATHER SERVICE QUAD CITIES IA IL
413 AM CST TUE JAN 27 2015


...................................

...THE BURLINGTON IA CLIMATE SUMMARY FOR JANUARY 26 2015...

CLIMATE NORMAL PERIOD 1981 TO 2010
CLIMATE RECORD PERIOD 1897 TO 2015


WEATHER ITEM   OBSERVED TIME   RECORD YEAR NORMAL DEPARTURE LAST
                VALUE   (LST)  VALUE       VALUE  FROM      YEAR
                                                  NORMAL
..................................................................
TEMPERATURE (F)
 YESTERDAY
  MAXIMUM         41   1026 PM  63    2002  35      6       47
  MINIMUM         21    251 AM -15    1904  17      4        7
  AVERAGE         31                        26      5       27

PRECIPITATION (IN)
  YESTERDAY        0.01         MM      MM   0.04  -0.03      T
  MONTH TO DATE    1.08                      1.05   0.03     0.93
  SINCE DEC 1      1.74                      3.14  -1.40     2.01
  SINCE JAN 1      1.08                      1.05   0.03     0.93

DEGREE DAYS
 HEATING
  YESTERDAY       34                        39     -5       38
  MONTH TO DATE 1067                      1014     53     1204
  SINCE DEC 1   2061                      2127    -66     2484
  SINCE JUL 1   3438                      3200    238     3721

 COOLING
  YESTERDAY        0                         0      0        0
  MONTH TO DATE    0                         0      0        0
  SINCE DEC 1      0                         0      0        0
  SINCE JAN 1      0                         0      0        0
..................................................................


WIND (MPH)
  HIGHEST WIND SPEED    15   HIGHEST WIND DIRECTION     S (180)
  HIGHEST GUST SPEED    19   HIGHEST GUST DIRECTION    NW (320)
  AVERAGE WIND SPEED     6.6


SKY COVER
  POSSIBLE SUNSHINE  MM
  AVERAGE SKY COVER 0.9


WEATHER CONDITIONS
 THE FOLLOWING WEATHER WAS RECORDED YESTERDAY.
  LIGHT SNOW
  FOG


RELATIVE HUMIDITY (PERCENT)
 HIGHEST   100           700 PM
 LOWEST     79           900 PM
 AVERAGE    90

..........................................................


THE BURLINGTON IA CLIMATE NORMALS FOR TODAY
                         NORMAL    RECORD    YEAR
 MAXIMUM TEMPERATURE (F)   35        62      1944
 MINIMUM TEMPERATURE (F)   17       -15      1955


SUNRISE AND SUNSET
JANUARY 27 2015.......SUNRISE   719 AM CST   SUNSET   516 PM CST
JANUARY 28 2015.......SUNRISE   718 AM CST   SUNSET   517 PM CST


-  INDICATES NEGATIVE NUMBERS.
R  INDICATES RECORD WAS SET OR TIED.
MM INDICATES DATA IS MISSING.
T  INDICATES TRACE AMOUNT.




$$
