000
CDUS43 KDVN 302128
CLIBRL


CLIMATE REPORT
NATIONAL WEATHER SERVICE QUAD CITIES IA IL
428 PM CDT TUE JUN 30 2015


...................................

...THE BURLINGTON IA CLIMATE SUMMARY FOR JUNE 30 2015...
VALID TODAY AS OF 0400 PM LOCAL TIME.

CLIMATE NORMAL PERIOD 1981 TO 2010
CLIMATE RECORD PERIOD 1897 TO 2015


WEATHER ITEM   OBSERVED TIME   RECORD YEAR NORMAL DEPARTURE LAST
                VALUE   (LST)  VALUE       VALUE  FROM      YEAR
                                                  NORMAL
..................................................................
TEMPERATURE (F)
 TODAY
  MAXIMUM         82    253 PM 100    1931  87     -5       87
  MINIMUM         63    529 AM  46    1943  66     -3       69
  AVERAGE         73                        76     -3       78

PRECIPITATION (IN)
  TODAY            0.00         MM      MM   0.14  -0.14     0.27
  MONTH TO DATE    7.06                      4.47   2.59     9.09
  SINCE JUN 1      7.06                      4.47   2.59     9.09
  SINCE JAN 1     16.02                     18.73  -2.71    20.48

DEGREE DAYS
 HEATING
  TODAY            0                         0      0        0
  MONTH TO DATE    5                         9     -4        2
  SINCE JUN 1      5                        13     -8        2
  SINCE JUL 1   6101                      5600    501     6826

 COOLING
  TODAY            8                        12     -4       13
  MONTH TO DATE  224                       260    -36      255
  SINCE JUN 1    224                       260    -36      255
  SINCE JAN 1    317                       363    -46      393
..................................................................


WIND (MPH)
  HIGHEST WIND SPEED    12   HIGHEST WIND DIRECTION     N (350)
  HIGHEST GUST SPEED    16   HIGHEST GUST DIRECTION     N (360)
  AVERAGE WIND SPEED     5.3


SKY COVER
  POSSIBLE SUNSHINE  MM
  AVERAGE SKY COVER 0.2


WEATHER CONDITIONS
 THE FOLLOWING WEATHER WAS RECORDED TODAY.
  FOG


RELATIVE HUMIDITY (PERCENT)
 HIGHEST   100           100 AM
 LOWEST     58           300 PM
 AVERAGE    79

..........................................................


THE BURLINGTON IA CLIMATE NORMALS FOR TOMORROW
                         NORMAL    RECORD    YEAR
 MAXIMUM TEMPERATURE (F)   87       103      1956
 MINIMUM TEMPERATURE (F)   67        51      1918


SUNRISE AND SUNSET
JUNE 30 2015..........SUNRISE   536 AM CDT   SUNSET   840 PM CDT
JULY  1 2015..........SUNRISE   537 AM CDT   SUNSET   840 PM CDT


-  INDICATES NEGATIVE NUMBERS.
R  INDICATES RECORD WAS SET OR TIED.
MM INDICATES DATA IS MISSING.
T  INDICATES TRACE AMOUNT.




$$
