000
CDUS43 KDVN 240922
CLIBRL


CLIMATE REPORT
NATIONAL WEATHER SERVICE QUAD CITIES IA IL
420 AM CDT WED MAY 24 2017


...................................

...THE BURLINGTON IA CLIMATE SUMMARY FOR MAY 23 2017...

CLIMATE NORMAL PERIOD 1981 TO 2010
CLIMATE RECORD PERIOD 1897 TO 2017


WEATHER ITEM   OBSERVED TIME   RECORD YEAR NORMAL DEPARTURE LAST
                VALUE   (LST)  VALUE       VALUE  FROM      YEAR
                                                  NORMAL
..................................................................
TEMPERATURE (F)
 YESTERDAY
  MAXIMUM         67    317 PM  92    1939  77    -10       84
  MINIMUM         49   1159 PM  34    1963  55     -6       56
  AVERAGE         58                        66     -8       70

PRECIPITATION (IN)
  YESTERDAY        0.03         MM      MM   0.15  -0.12     0.00
  MONTH TO DATE    2.93                      3.66  -0.73     1.49
  SINCE MAR 1     11.90                     10.21   1.69     7.96
  SINCE JAN 1     13.76                     13.07   0.69     9.34

DEGREE DAYS
 HEATING
  YESTERDAY        7                         3      4        0
  MONTH TO DATE  121                       109     12      158
  SINCE MAR 1   1099                      1193    -94     1114
  SINCE JUL 1   4793                      5571   -778     4996

 COOLING
  YESTERDAY        0                         4     -4        5
  MONTH TO DATE   48                        48      0       17
  SINCE MAR 1     68                        68      0       35
  SINCE JAN 1     68                        68      0       35
..................................................................


WIND (MPH)
  HIGHEST WIND SPEED    15   HIGHEST WIND DIRECTION    NW (320)
  HIGHEST GUST SPEED    22   HIGHEST GUST DIRECTION    NW (310)
  AVERAGE WIND SPEED     7.3


SKY COVER
  POSSIBLE SUNSHINE  MM
  AVERAGE SKY COVER 0.8


WEATHER CONDITIONS
 THE FOLLOWING WEATHER WAS RECORDED YESTERDAY.
  LIGHT RAIN
  FOG


RELATIVE HUMIDITY (PERCENT)
 HIGHEST   100           500 AM
 LOWEST     60           400 PM
 AVERAGE    80

..........................................................


THE BURLINGTON IA CLIMATE NORMALS FOR TODAY
                         NORMAL    RECORD    YEAR
 MAXIMUM TEMPERATURE (F)   77        95      1939
 MINIMUM TEMPERATURE (F)   56        38      1925


SUNRISE AND SUNSET
MAY 24 2017...........SUNRISE   540 AM CDT   SUNSET   824 PM CDT
MAY 25 2017...........SUNRISE   539 AM CDT   SUNSET   824 PM CDT


-  INDICATES NEGATIVE NUMBERS.
R  INDICATES RECORD WAS SET OR TIED.
MM INDICATES DATA IS MISSING.
T  INDICATES TRACE AMOUNT.




$$
