000
CDUS44 KBRO 220626
CLIBRO


CLIMATE REPORT
NATIONAL WEATHER SERVICE BROWNSVILLE TX
125 AM CDT MON SEP 22 2014


...................................

...THE BROWNSVILLE CLIMATE SUMMARY FOR SEPTEMBER 21 2014...

CLIMATE NORMAL PERIOD 1981 TO 2010
CLIMATE RECORD PERIOD 1878 TO 2014


WEATHER ITEM   OBSERVED TIME   RECORD YEAR NORMAL DEPARTURE LAST
                VALUE   (LST)  VALUE       VALUE  FROM      YEAR
                                                  NORMAL
..................................................................
TEMPERATURE (F)
 YESTERDAY
  MAXIMUM         89   1049 AM 102    1947  90     -1       81
  MINIMUM         76    648 AM  59    1983  72      4       74
  AVERAGE         83                        81      2       78

PRECIPITATION (IN)
  YESTERDAY        0.05         10.32 1886   0.21  -0.16     0.02
  MONTH TO DATE    9.12                      4.13   4.99    11.56
  SINCE SEP 1      9.12                      4.13   4.99    11.56
  SINCE JAN 1     18.64                     18.94  -0.30    21.61

SNOWFALL (IN)
  YESTERDAY        0.0           0.0  2002   0.0
                                      2001
  MONTH TO DATE    0.0                       0.0
  SINCE SEP 1      0.0                       0.0
  SINCE JUL 1      0.0                       0.0

DEGREE DAYS
 HEATING
  YESTERDAY        0                         0      0        0
  MONTH TO DATE    0                         0      0        0
  SINCE SEP 1      0                         0      0        0
  SINCE JUL 1      0                         0      0        0

 COOLING
  YESTERDAY       18                        16      2       13
  MONTH TO DATE  386                       369     17      378
  SINCE SEP 1    386                       369     17      378
  SINCE JAN 1   3206                      3276    -70     3411
..................................................................


WIND (MPH)
  HIGHEST WIND SPEED    14   HIGHEST WIND DIRECTION    NE (60)
  HIGHEST GUST SPEED    18   HIGHEST GUST DIRECTION    NE (40)
  AVERAGE WIND SPEED     5.2


SKY COVER
  POSSIBLE SUNSHINE  MM
  AVERAGE SKY COVER 0.2


WEATHER CONDITIONS
 THE FOLLOWING WEATHER WAS RECORDED YESTERDAY.
  LIGHT RAIN
  FOG


RELATIVE HUMIDITY (PERCENT)
 HIGHEST   100           300 AM
 LOWEST     68          1000 AM
 AVERAGE    84

..........................................................


THE BROWNSVILLE CLIMATE NORMALS FOR TODAY
                         NORMAL    RECORD    YEAR
 MAXIMUM TEMPERATURE (F)   89        99      1926
                                             1920
 MINIMUM TEMPERATURE (F)   72        55      1995


SUNRISE AND SUNSET
SEPTEMBER 22 2014.....SUNRISE   718 AM CDT   SUNSET   726 PM CDT
SEPTEMBER 23 2014.....SUNRISE   719 AM CDT   SUNSET   725 PM CDT


-  INDICATES NEGATIVE NUMBERS.
R  INDICATES RECORD WAS SET OR TIED.
MM INDICATES DATA IS MISSING.
T  INDICATES TRACE AMOUNT.




$$
