000
CDUS44 KBRO 300631
CLIBRO


CLIMATE REPORT
NATIONAL WEATHER SERVICE BROWNSVILLE TX
131 AM CDT THU OCT 30 2014


...................................

...THE BROWNSVILLE CLIMATE SUMMARY FOR OCTOBER 29 2014...

CLIMATE NORMAL PERIOD 1981 TO 2010
CLIMATE RECORD PERIOD 1878 TO 2014


WEATHER ITEM   OBSERVED TIME   RECORD YEAR NORMAL DEPARTURE LAST
                VALUE   (LST)  VALUE       VALUE  FROM      YEAR
                                                  NORMAL
..................................................................
TEMPERATURE (F)
 YESTERDAY
  MAXIMUM         88    231 PM  90    2004  84      4       88
                                      1946
                                      1902
  MINIMUM         67    422 AM  39    1899  64      3       75
  AVERAGE         78                        74      4       82

PRECIPITATION (IN)
  YESTERDAY        0.00          1.73 1931   0.08  -0.08     0.03
  MONTH TO DATE    3.71                      3.58   0.13     1.41
  SINCE SEP 1     14.07                      9.50   4.57    13.29
  SINCE JAN 1     23.59                     24.31  -0.72    23.34

SNOWFALL (IN)
  YESTERDAY        0.0           0.0  2002   0.0
                                      2001
  MONTH TO DATE    0.0                       0.0
  SINCE SEP 1      0.0                       0.0
  SINCE JUL 1      0.0                       0.0

DEGREE DAYS
 HEATING
  YESTERDAY        0                         0      0        0
  MONTH TO DATE    0                         0      0        0
  SINCE SEP 1      0                         0      0        0
  SINCE JUL 1      0                         0      0        0

 COOLING
  YESTERDAY       13                         9      4       17
  MONTH TO DATE  419                       337     82      341
  SINCE SEP 1    947                       841    106      878
  SINCE JAN 1   3767                      3748     19     3911
..................................................................


WIND (MPH)
  HIGHEST WIND SPEED    12   HIGHEST WIND DIRECTION     E (80)
  HIGHEST GUST SPEED    14   HIGHEST GUST DIRECTION     S (160)
  AVERAGE WIND SPEED     3.3


SKY COVER
  POSSIBLE SUNSHINE  MM
  AVERAGE SKY COVER 0.3


WEATHER CONDITIONS
 THE FOLLOWING WEATHER WAS RECORDED YESTERDAY.
  FOG


RELATIVE HUMIDITY (PERCENT)
 HIGHEST    97           700 AM
 LOWEST     48          1200 PM
 AVERAGE    73

..........................................................


THE BROWNSVILLE CLIMATE NORMALS FOR TODAY
                         NORMAL    RECORD    YEAR
 MAXIMUM TEMPERATURE (F)   83        94      1907
 MINIMUM TEMPERATURE (F)   64        38      1899


SUNRISE AND SUNSET
OCTOBER 30 2014.......SUNRISE   737 AM CDT   SUNSET   649 PM CDT
OCTOBER 31 2014.......SUNRISE   738 AM CDT   SUNSET   649 PM CDT


-  INDICATES NEGATIVE NUMBERS.
R  INDICATES RECORD WAS SET OR TIED.
MM INDICATES DATA IS MISSING.
T  INDICATES TRACE AMOUNT.




$$
