000
CDUS44 KBRO 110729
CLIBRO


CLIMATE REPORT
NATIONAL WEATHER SERVICE BROWNSVILLE TX
127 AM CST THU FEB 11 2016


...................................

...THE BROWNSVILLE CLIMATE SUMMARY FOR FEBRUARY 10 2016...

CLIMATE NORMAL PERIOD 1981 TO 2010
CLIMATE RECORD PERIOD 1878 TO 2016


WEATHER ITEM   OBSERVED TIME   RECORD YEAR NORMAL DEPARTURE LAST
                VALUE   (LST)  VALUE       VALUE  FROM      YEAR
                                                  NORMAL
..................................................................
TEMPERATURE (F)
 YESTERDAY
  MAXIMUM         78    212 PM  90    1981  73      5       81
                                      1963
  MINIMUM         44    336 AM  26    1973  54    -10       50
  AVERAGE         61                        64     -3       66

PRECIPITATION (IN)
  YESTERDAY        0.00          1.58 1914   0.04  -0.04     0.00
  MONTH TO DATE    0.00                      0.46  -0.46     0.47
  SINCE DEC 1      2.04                      2.88  -0.84     5.46
  SINCE JAN 1      1.88                      1.73   0.15     4.03

SNOWFALL (IN)
  YESTERDAY        0.0           0.0  2002   0.0
                                      2000
  MONTH TO DATE    0.0                       0.0
  SINCE DEC 1      0.0                       0.0
  SINCE JUL 1      0.0                       0.0

DEGREE DAYS
 HEATING
  YESTERDAY        4                         4      0        0
  MONTH TO DATE   55                        47      8       40
  SINCE DEC 1    320                       392    -72      403
  SINCE JUL 1    342                       446   -104      516

 COOLING
  YESTERDAY        0                         3     -3        1
  MONTH TO DATE    9                        25    -16       12
  SINCE DEC 1    164                       164      0      134
  SINCE JAN 1     30                        84    -54       25
..................................................................


WIND (MPH)
  HIGHEST WIND SPEED    18   HIGHEST WIND DIRECTION     S (170)
  HIGHEST GUST SPEED    24   HIGHEST GUST DIRECTION     S (180)
  AVERAGE WIND SPEED     8.5


SKY COVER
  POSSIBLE SUNSHINE  MM
  AVERAGE SKY COVER 0.0


WEATHER CONDITIONS
 THE FOLLOWING WEATHER WAS RECORDED YESTERDAY.
  NO SIGNIFICANT WEATHER WAS OBSERVED.


RELATIVE HUMIDITY (PERCENT)
 HIGHEST    93          1200 AM
 LOWEST     19           200 PM
 AVERAGE    56

..........................................................


THE BROWNSVILLE CLIMATE NORMALS FOR TODAY
                         NORMAL    RECORD    YEAR
 MAXIMUM TEMPERATURE (F)   73        93      1995
 MINIMUM TEMPERATURE (F)   54        32      1973


SUNRISE AND SUNSET
FEBRUARY 11 2016......SUNRISE   708 AM CST   SUNSET   620 PM CST
FEBRUARY 12 2016......SUNRISE   707 AM CST   SUNSET   621 PM CST


-  INDICATES NEGATIVE NUMBERS.
R  INDICATES RECORD WAS SET OR TIED.
MM INDICATES DATA IS MISSING.
T  INDICATES TRACE AMOUNT.




$$
