000
CDUS44 KBRO 280727
CLIBRO


CLIMATE REPORT
NATIONAL WEATHER SERVICE BROWNSVILLE TX
126 AM CST FRI NOV 28 2014


...................................

...THE BROWNSVILLE CLIMATE SUMMARY FOR NOVEMBER 27 2014...

CLIMATE NORMAL PERIOD 1981 TO 2010
CLIMATE RECORD PERIOD 1878 TO 2014


WEATHER ITEM   OBSERVED TIME   RECORD YEAR NORMAL DEPARTURE LAST
                VALUE   (LST)  VALUE       VALUE  FROM      YEAR
                                                  NORMAL
..................................................................
TEMPERATURE (F)
 YESTERDAY
  MAXIMUM         78    154 PM  88    1973  76      2       59
  MINIMUM         46    658 AM  36    1993  57    -11       39
  AVERAGE         62                        66     -4       49

PRECIPITATION (IN)
  YESTERDAY        0.00          1.18 1881   0.05  -0.05     0.00
  MONTH TO DATE    3.44                      1.69   1.75     1.91
  SINCE SEP 1     17.62                     11.35   6.27    15.42
  SINCE JAN 1     27.14                     26.16   0.98    25.47

SNOWFALL (IN)
  YESTERDAY        0.0           0.0  2001   0.0
  MONTH TO DATE    0.0                       0.0
  SINCE SEP 1      0.0                       0.0
  SINCE JUL 1      0.0                       0.0

DEGREE DAYS
 HEATING
  YESTERDAY        3                         3      0       16
  MONTH TO DATE  112                        42     70       94
  SINCE SEP 1    112                        46     66       94
  SINCE JUL 1    112                        46     66       94

 COOLING
  YESTERDAY        0                         4     -4        0
  MONTH TO DATE  100                       168    -68      173
  SINCE SEP 1   1069                      1026     43     1087
  SINCE JAN 1   3889                      3933    -44     4120
..................................................................


WIND (MPH)
  HIGHEST WIND SPEED    14   HIGHEST WIND DIRECTION     E (80)
  HIGHEST GUST SPEED    18   HIGHEST GUST DIRECTION     E (80)
  AVERAGE WIND SPEED     2.8


SKY COVER
  POSSIBLE SUNSHINE  MM
  AVERAGE SKY COVER 0.1


WEATHER CONDITIONS
 THE FOLLOWING WEATHER WAS RECORDED YESTERDAY.
  FOG
  FOG W/VISIBILITY <= 1/4 MILE


RELATIVE HUMIDITY (PERCENT)
 HIGHEST   100          1200 AM
 LOWEST     42           200 PM
 AVERAGE    71

..........................................................


THE BROWNSVILLE CLIMATE NORMALS FOR TODAY
                         NORMAL    RECORD    YEAR
 MAXIMUM TEMPERATURE (F)   76        87      2006
                                             1981
 MINIMUM TEMPERATURE (F)   56        31      1993


SUNRISE AND SUNSET
NOVEMBER 28 2014......SUNRISE   657 AM CST   SUNSET   538 PM CST
NOVEMBER 29 2014......SUNRISE   658 AM CST   SUNSET   538 PM CST


-  INDICATES NEGATIVE NUMBERS.
R  INDICATES RECORD WAS SET OR TIED.
MM INDICATES DATA IS MISSING.
T  INDICATES TRACE AMOUNT.




$$
