000
CDUS44 KBRO 210625
CLIBRO


CLIMATE REPORT
NATIONAL WEATHER SERVICE BROWNSVILLE TX
125 AM CDT THU AUG 21 2014


...................................

...THE BROWNSVILLE CLIMATE SUMMARY FOR AUGUST 20 2014...

CLIMATE NORMAL PERIOD 1981 TO 2010
CLIMATE RECORD PERIOD 1878 TO 2014


WEATHER ITEM   OBSERVED TIME   RECORD YEAR NORMAL DEPARTURE LAST
                VALUE   (LST)  VALUE       VALUE  FROM      YEAR
                                                  NORMAL
..................................................................
TEMPERATURE (F)
 YESTERDAY
  MAXIMUM         97    114 PM 101    1986  94      3       96
  MINIMUM         77    540 AM  70    1910  76      1       77
                                      1893
  AVERAGE         87                        85      2       87

PRECIPITATION (IN)
  YESTERDAY        0.00          1.48 1878   0.08  -0.08     0.01
  MONTH TO DATE    0.21                      1.30  -1.09     0.10
  SINCE JUN 1      2.49                      5.91  -3.42     3.08
  SINCE JAN 1      7.82                     13.67  -5.85     8.68

SNOWFALL (IN)
  YESTERDAY        0.0           0.0  2002   0.0
                                      2001
  MONTH TO DATE    0.0                       0.0
  SINCE JUN 1      0.0                       0.0
  SINCE JUL 1      0.0                       0.0

DEGREE DAYS
 HEATING
  YESTERDAY        0                         0      0        0
  MONTH TO DATE    0                         0      0        0
  SINCE JUN 1      0                         0      0        0
  SINCE JUL 1      0                         0      0        0

 COOLING
  YESTERDAY       22                        20      2       22
  MONTH TO DATE  440                       416     24      443
  SINCE JUN 1   1661                      1601     60     1698
  SINCE JAN 1   2583                      2694   -111     2820
..................................................................


WIND (MPH)
  HIGHEST WIND SPEED    29   HIGHEST WIND DIRECTION     S (160)
  HIGHEST GUST SPEED    38   HIGHEST GUST DIRECTION     S (160)
  AVERAGE WIND SPEED    14.9


SKY COVER
  POSSIBLE SUNSHINE  MM
  AVERAGE SKY COVER 0.3


WEATHER CONDITIONS
 THE FOLLOWING WEATHER WAS RECORDED YESTERDAY.
  NO SIGNIFICANT WEATHER WAS OBSERVED.


RELATIVE HUMIDITY (PERCENT)
 HIGHEST    97           300 AM
 LOWEST     49           200 PM
 AVERAGE    73

..........................................................


THE BROWNSVILLE CLIMATE NORMALS FOR TODAY
                         NORMAL    RECORD    YEAR
 MAXIMUM TEMPERATURE (F)   94        99      1991
                                             1918
                                             1896
 MINIMUM TEMPERATURE (F)   76        70      1961
                                             1901


SUNRISE AND SUNSET
AUGUST 21 2014........SUNRISE   705 AM CDT   SUNSET   800 PM CDT
AUGUST 22 2014........SUNRISE   706 AM CDT   SUNSET   759 PM CDT


-  INDICATES NEGATIVE NUMBERS.
R  INDICATES RECORD WAS SET OR TIED.
MM INDICATES DATA IS MISSING.
T  INDICATES TRACE AMOUNT.




$$
