000
CDUS44 KBRO 220630
CLIBRO


CLIMATE REPORT
NATIONAL WEATHER SERVICE BROWNSVILLE TX
130 AM CDT SUN OCT 22 2017


...................................

...THE BROWNSVILLE CLIMATE SUMMARY FOR OCTOBER 21 2017...

CLIMATE NORMAL PERIOD 1981 TO 2010
CLIMATE RECORD PERIOD 1878 TO 2017


WEATHER ITEM   OBSERVED TIME   RECORD YEAR NORMAL DEPARTURE LAST
                VALUE   (LST)  VALUE       VALUE  FROM      YEAR
                                                  NORMAL
..................................................................
TEMPERATURE (F)
 YESTERDAY
  MAXIMUM         92R   214 PM  92    2007  85      7       82
                                      1979
                                      1920
  MINIMUM         72    147 AM  50    1964  66      6       63
                                      1917
  AVERAGE         82                        75      7       73

PRECIPITATION (IN)
  YESTERDAY        0.00          4.28 1887   0.12  -0.12     0.07
  MONTH TO DATE    3.00                      2.80   0.20     1.05
  SINCE SEP 1      7.64                      8.72  -1.08     3.03
  SINCE JAN 1     20.68                     23.53  -2.85    16.69

SNOWFALL (IN)
  YESTERDAY        0.0           0.0  2002   0.0
                                      2001
  MONTH TO DATE    0.0                       0.0
  SINCE SEP 1      0.0                       0.0
  SINCE JUL 1      0.0                       0.0

DEGREE DAYS
 HEATING
  YESTERDAY        0                         0      0        0
  MONTH TO DATE    0                         0      0        0
  SINCE SEP 1      0                         0      0        0
  SINCE JUL 1      0                         0      0        0

 COOLING
  YESTERDAY       17                        11      6        8
  MONTH TO DATE  300                       259     41      359
  SINCE SEP 1    832                       763     69      975
  SINCE JAN 1   4359                      3670    689     4080
..................................................................


WIND (MPH)
  HIGHEST WIND SPEED    18   HIGHEST WIND DIRECTION    SE (130)
  HIGHEST GUST SPEED    23   HIGHEST GUST DIRECTION    SE (130)
  AVERAGE WIND SPEED     8.5


SKY COVER
  POSSIBLE SUNSHINE  MM
  AVERAGE SKY COVER 0.2


WEATHER CONDITIONS
 THE FOLLOWING WEATHER WAS RECORDED YESTERDAY.
  FOG


RELATIVE HUMIDITY (PERCENT)
 HIGHEST   100           300 AM
 LOWEST     56           100 PM
 AVERAGE    78

..........................................................


THE BROWNSVILLE CLIMATE NORMALS FOR TODAY
                         NORMAL    RECORD    YEAR
 MAXIMUM TEMPERATURE (F)   85        95      1979
 MINIMUM TEMPERATURE (F)   66        48      1999


SUNRISE AND SUNSET
OCTOBER 22 2017.......SUNRISE   732 AM CDT   SUNSET   655 PM CDT
OCTOBER 23 2017.......SUNRISE   733 AM CDT   SUNSET   655 PM CDT


-  INDICATES NEGATIVE NUMBERS.
R  INDICATES RECORD WAS SET OR TIED.
MM INDICATES DATA IS MISSING.
T  INDICATES TRACE AMOUNT.




$$
