000
CDUS44 KBRO 120725
CLIBRO


CLIMATE REPORT
NATIONAL WEATHER SERVICE BROWNSVILLE TX
125 AM CST TUE DEC 12 2017


...................................

...THE BROWNSVILLE CLIMATE SUMMARY FOR DECEMBER 11 2017...

CLIMATE NORMAL PERIOD 1981 TO 2010
CLIMATE RECORD PERIOD 1878 TO 2017


WEATHER ITEM   OBSERVED TIME   RECORD YEAR NORMAL DEPARTURE LAST
                VALUE   (LST)  VALUE       VALUE  FROM      YEAR
                                                  NORMAL
..................................................................
TEMPERATURE (F)
 YESTERDAY
  MAXIMUM         74    425 PM  88    1983  72      2       80
  MINIMUM         40    558 AM  31    1898  53    -13       51
  AVERAGE         57                        63     -6       66

PRECIPITATION (IN)
  YESTERDAY        0.00          0.93 1883   0.04  -0.04     0.00
  MONTH TO DATE    0.83                      0.46   0.37     1.42
  SINCE DEC 1      0.83                      0.46   0.37     1.42
  SINCE JAN 1     22.55                     26.75  -4.20    22.56

SNOWFALL (IN)
  YESTERDAY        0.0           0.0  2001   0.0
  MONTH TO DATE    0.3                       0.0
  SINCE DEC 1      0.3                       0.0
  SINCE JUL 1      0.3                       0.0

DEGREE DAYS
 HEATING
  YESTERDAY        8                         5      3        0
  MONTH TO DATE   84                        47     37       47
  SINCE DEC 1     84                        47     37       47
  SINCE JUL 1    100                       101     -1       55

 COOLING
  YESTERDAY        0                         3     -3        1
  MONTH TO DATE   51                        35     16       32
  SINCE DEC 1     51                        35     16       32
  SINCE JAN 1   4770                      3980    790     4499
..................................................................


WIND (MPH)
  HIGHEST WIND SPEED     7   HIGHEST WIND DIRECTION     E (70)
  HIGHEST GUST SPEED    11   HIGHEST GUST DIRECTION     W (260)
  AVERAGE WIND SPEED     2.4


SKY COVER
  POSSIBLE SUNSHINE  MM
  AVERAGE SKY COVER 0.0


WEATHER CONDITIONS
 THE FOLLOWING WEATHER WAS RECORDED YESTERDAY.
  NO SIGNIFICANT WEATHER WAS OBSERVED.


RELATIVE HUMIDITY (PERCENT)
 HIGHEST   100           200 AM
 LOWEST     25           200 PM
 AVERAGE    63

..........................................................


THE BROWNSVILLE CLIMATE NORMALS FOR TODAY
                         NORMAL    RECORD    YEAR
 MAXIMUM TEMPERATURE (F)   72        85      1981
 MINIMUM TEMPERATURE (F)   53        30      1966


SUNRISE AND SUNSET
DECEMBER 12 2017......SUNRISE   707 AM CST   SUNSET   540 PM CST
DECEMBER 13 2017......SUNRISE   708 AM CST   SUNSET   540 PM CST


-  INDICATES NEGATIVE NUMBERS.
R  INDICATES RECORD WAS SET OR TIED.
MM INDICATES DATA IS MISSING.
T  INDICATES TRACE AMOUNT.




$$
