000
CDUS44 KBRO 280625
CLIBRO


CLIMATE REPORT
NATIONAL WEATHER SERVICE BROWNSVILLE TX
125 AM CDT FRI APR 28 2017


...................................

...THE BROWNSVILLE CLIMATE SUMMARY FOR APRIL 27 2017...

CLIMATE NORMAL PERIOD 1981 TO 2010
CLIMATE RECORD PERIOD 1878 TO 2017


WEATHER ITEM   OBSERVED TIME   RECORD YEAR NORMAL DEPARTURE LAST
                VALUE   (LST)  VALUE       VALUE  FROM      YEAR
                                                  NORMAL
..................................................................
TEMPERATURE (F)
 YESTERDAY
  MAXIMUM         88    202 PM 102    1984  85      3       90
  MINIMUM         73    104 AM  47    1913  69      4       75
  AVERAGE         81                        77      4       83

PRECIPITATION (IN)
  YESTERDAY        0.00          6.19 1932   0.05  -0.05     0.00
  MONTH TO DATE    0.63                      1.39  -0.76     3.23
  SINCE MAR 1      2.47                      2.62  -0.15     5.90
  SINCE JAN 1      4.01                      4.97  -0.96     7.78

SNOWFALL (IN)
  YESTERDAY        0.0           0.0  2002   0.0
                                      2001
  MONTH TO DATE    0.0                       0.0
  SINCE MAR 1      0.0                       0.0
  SINCE JUL 1      0.0                       0.0

DEGREE DAYS
 HEATING
  YESTERDAY        0                         0      0        0
  MONTH TO DATE    0                         6     -6        1
  SINCE MAR 1      2                        49    -47       14
  SINCE JUL 1    201                       552   -351      374

 COOLING
  YESTERDAY       16                        12      4       18
  MONTH TO DATE  362                       265     97      273
  SINCE MAR 1    656                       439    217      516
  SINCE JAN 1   1043                       580    463      624
..................................................................


WIND (MPH)
  HIGHEST WIND SPEED    20   HIGHEST WIND DIRECTION    SE (120)
  HIGHEST GUST SPEED    25   HIGHEST GUST DIRECTION     E (80)
  AVERAGE WIND SPEED    10.6


SKY COVER
  POSSIBLE SUNSHINE  MM
  AVERAGE SKY COVER 0.7


WEATHER CONDITIONS
 THE FOLLOWING WEATHER WAS RECORDED YESTERDAY.
  NO SIGNIFICANT WEATHER WAS OBSERVED.


RELATIVE HUMIDITY (PERCENT)
 HIGHEST    87           100 AM
 LOWEST     59           200 PM
 AVERAGE    73

..........................................................


THE BROWNSVILLE CLIMATE NORMALS FOR TODAY
                         NORMAL    RECORD    YEAR
 MAXIMUM TEMPERATURE (F)   85       100      2014
 MINIMUM TEMPERATURE (F)   69        50      1997


SUNRISE AND SUNSET
APRIL 28 2017.........SUNRISE   655 AM CDT   SUNSET   800 PM CDT
APRIL 29 2017.........SUNRISE   654 AM CDT   SUNSET   800 PM CDT


-  INDICATES NEGATIVE NUMBERS.
R  INDICATES RECORD WAS SET OR TIED.
MM INDICATES DATA IS MISSING.
T  INDICATES TRACE AMOUNT.




$$
