000
CDUS44 KBRO 192234
CLIBRO


CLIMATE REPORT
NATIONAL WEATHER SERVICE BROWNSVILLE TX
434 PM CST MON FEB 19 2018


...................................

...THE BROWNSVILLE CLIMATE SUMMARY FOR FEBRUARY 19 2018...
VALID TODAY AS OF 0400 PM LOCAL TIME.

CLIMATE NORMAL PERIOD 1981 TO 2010
CLIMATE RECORD PERIOD 1878 TO 2018


WEATHER ITEM   OBSERVED TIME   RECORD YEAR NORMAL DEPARTURE LAST
                VALUE   (LST)  VALUE       VALUE  FROM      YEAR
                                                  NORMAL
..................................................................
TEMPERATURE (F)
 TODAY
  MAXIMUM         85    301 PM  94    1986  74     11       87
  MINIMUM         71    725 AM  34    1942  55     16       74
  AVERAGE         78                        65     13       81

PRECIPITATION (IN)
  TODAY            0.00          4.27 1958   0.03  -0.03     0.00
  MONTH TO DATE    1.34                      0.81   0.53     1.21
  SINCE DEC 1      3.25                      3.23   0.02     3.06
  SINCE JAN 1      2.10                      2.08   0.02     1.39

SNOWFALL (IN)
  TODAY            0.0           0.0  2002   0.0
                                      2000
  MONTH TO DATE    0.0                       0.0
  SINCE DEC 1      0.3                       0.0
  SINCE JUL 1      0.3                       0.0

DEGREE DAYS
 HEATING
  TODAY            0                         3     -3        0
  MONTH TO DATE   53                        80    -27        9
  SINCE DEC 1    465                       425     40      191
  SINCE JUL 1    481                       479      2      199

 COOLING
  TODAY           13                         3     10       16
  MONTH TO DATE  118                        52     66      160
  SINCE DEC 1    268                       191     77      477
  SINCE JAN 1    161                       111     50      301
..................................................................


WIND (MPH)
  HIGHEST WIND SPEED    36   HIGHEST WIND DIRECTION     S (170)
  HIGHEST GUST SPEED    44   HIGHEST GUST DIRECTION     S (170)
  AVERAGE WIND SPEED    22.9


SKY COVER
  POSSIBLE SUNSHINE  MM
  AVERAGE SKY COVER 0.9


WEATHER CONDITIONS
 THE FOLLOWING WEATHER WAS RECORDED TODAY.
  NO SIGNIFICANT WEATHER WAS OBSERVED.


RELATIVE HUMIDITY (PERCENT)
 HIGHEST   100           500 AM
 LOWEST     61           100 PM
 AVERAGE    81

..........................................................


THE BROWNSVILLE CLIMATE NORMALS FOR TOMORROW
                         NORMAL    RECORD    YEAR
 MAXIMUM TEMPERATURE (F)   75        94      1912
 MINIMUM TEMPERATURE (F)   56        34      1895


SUNRISE AND SUNSET
FEBRUARY 19 2018......SUNRISE   702 AM CST   SUNSET   626 PM CST
FEBRUARY 20 2018......SUNRISE   701 AM CST   SUNSET   626 PM CST


-  INDICATES NEGATIVE NUMBERS.
R  INDICATES RECORD WAS SET OR TIED.
MM INDICATES DATA IS MISSING.
T  INDICATES TRACE AMOUNT.




$$
