000
CDUS44 KBRO 310631
CLIBRO


CLIMATE REPORT
NATIONAL WEATHER SERVICE BROWNSVILLE TX
131 AM CDT MON AUG 31 2015


...................................

...THE BROWNSVILLE CLIMATE SUMMARY FOR AUGUST 30 2015...

CLIMATE NORMAL PERIOD 1981 TO 2010
CLIMATE RECORD PERIOD 1878 TO 2015


WEATHER ITEM   OBSERVED TIME   RECORD YEAR NORMAL DEPARTURE LAST
                VALUE   (LST)  VALUE       VALUE  FROM      YEAR
                                                  NORMAL
..................................................................
TEMPERATURE (F)
 YESTERDAY
  MAXIMUM         91   1050 AM 105    2012  93     -2       87
  MINIMUM         73    610 AM  65    1896  76     -3       75
                                      1895
  AVERAGE         82                        84     -2       81

PRECIPITATION (IN)
  YESTERDAY        0.04          3.12 1910   0.12  -0.08     1.56
  MONTH TO DATE    1.42                      2.31  -0.89     1.89
  SINCE JUN 1      4.54                      6.92  -2.38     4.17
  SINCE JAN 1     25.03                     14.68  10.35     9.50

SNOWFALL (IN)
  YESTERDAY        0.0           0.0  2002   0.0
                                      2001
  MONTH TO DATE    0.0                       0.0
  SINCE JUN 1      0.0                       0.0
  SINCE JUL 1      0.0                       0.0

DEGREE DAYS
 HEATING
  YESTERDAY        0                         0      0        0
  MONTH TO DATE    0                         0      0        0
  SINCE JUN 1      0                         0      0        0
  SINCE JUL 1      0                         0      0        0

 COOLING
  YESTERDAY       17                        19     -2       16
  MONTH TO DATE  607                       615     -8      656
  SINCE JUN 1   1385                      1800   -415     1877
  SINCE JAN 1   2447                      2893   -446     2799
..................................................................


WIND (MPH)
  HIGHEST WIND SPEED    20   HIGHEST WIND DIRECTION    SE (130)
  HIGHEST GUST SPEED    25   HIGHEST GUST DIRECTION     S (160)
  AVERAGE WIND SPEED     7.0


SKY COVER
  POSSIBLE SUNSHINE  MM
  AVERAGE SKY COVER 0.1


WEATHER CONDITIONS
 THE FOLLOWING WEATHER WAS RECORDED YESTERDAY.
  THUNDERSTORM
  RAIN
  LIGHT RAIN


RELATIVE HUMIDITY (PERCENT)
 HIGHEST   100           600 AM
 LOWEST     56          1100 AM
 AVERAGE    78

..........................................................


THE BROWNSVILLE CLIMATE NORMALS FOR TODAY
                         NORMAL    RECORD    YEAR
 MAXIMUM TEMPERATURE (F)   93       102      1919
 MINIMUM TEMPERATURE (F)   76        63      1895


SUNRISE AND SUNSET
AUGUST 31 2015........SUNRISE   709 AM CDT   SUNSET   750 PM CDT
SEPTEMBER  1 2015.....SUNRISE   710 AM CDT   SUNSET   749 PM CDT


-  INDICATES NEGATIVE NUMBERS.
R  INDICATES RECORD WAS SET OR TIED.
MM INDICATES DATA IS MISSING.
T  INDICATES TRACE AMOUNT.




$$
