000
CDUS44 KBRO 060626
CLIBRO


CLIMATE REPORT
NATIONAL WEATHER SERVICE BROWNSVILLE TX
125 AM CDT FRI MAY 6 2016


...................................

...THE BROWNSVILLE CLIMATE SUMMARY FOR MAY 5 2016...

CLIMATE NORMAL PERIOD 1981 TO 2010
CLIMATE RECORD PERIOD 1878 TO 2016


WEATHER ITEM   OBSERVED TIME   RECORD YEAR NORMAL DEPARTURE LAST
                VALUE   (LST)  VALUE       VALUE  FROM      YEAR
                                                  NORMAL
..................................................................
TEMPERATURE (F)
 YESTERDAY
  MAXIMUM         91    234 PM 102    1999  87      4       84
  MINIMUM         60    601 AM  52    1970  70    -10       74
  AVERAGE         76                        78     -2       79

PRECIPITATION (IN)
  YESTERDAY        0.00          1.30 1918   0.08  -0.08     0.00
  MONTH TO DATE    0.05                      0.34  -0.29      T
  SINCE MAR 1      5.98                      3.11   2.87     6.45
  SINCE JAN 1      7.86                      5.46   2.40    10.77

SNOWFALL (IN)
  YESTERDAY        0.0           0.0  2002   0.0
                                      2001
                                      2000
  MONTH TO DATE    0.0                       0.0
  SINCE MAR 1      0.0                       0.0
  SINCE JUL 1      0.0                       0.0

DEGREE DAYS
 HEATING
  YESTERDAY        0                         0      0        0
  MONTH TO DATE    0                         0      0        0
  SINCE MAR 1     14                        51    -37       67
  SINCE JUL 1    374                       554   -180      690

 COOLING
  YESTERDAY       11                        13     -2       14
  MONTH TO DATE   51                        65    -14       53
  SINCE MAR 1    619                       541     78      550
  SINCE JAN 1    727                       682     45      607
..................................................................


WIND (MPH)
  HIGHEST WIND SPEED    15   HIGHEST WIND DIRECTION    SE (120)
  HIGHEST GUST SPEED    20   HIGHEST GUST DIRECTION    SE (120)
  AVERAGE WIND SPEED     6.8


SKY COVER
  POSSIBLE SUNSHINE  MM
  AVERAGE SKY COVER 0.0


WEATHER CONDITIONS
 THE FOLLOWING WEATHER WAS RECORDED YESTERDAY.
  NO SIGNIFICANT WEATHER WAS OBSERVED.


RELATIVE HUMIDITY (PERCENT)
 HIGHEST    97           600 AM
 LOWEST     29           200 PM
 AVERAGE    63

..........................................................


THE BROWNSVILLE CLIMATE NORMALS FOR TODAY
                         NORMAL    RECORD    YEAR
 MAXIMUM TEMPERATURE (F)   87        94      1975
 MINIMUM TEMPERATURE (F)   71        53      1944


SUNRISE AND SUNSET
MAY  6 2016...........SUNRISE   649 AM CDT   SUNSET   804 PM CDT
MAY  7 2016...........SUNRISE   648 AM CDT   SUNSET   805 PM CDT


-  INDICATES NEGATIVE NUMBERS.
R  INDICATES RECORD WAS SET OR TIED.
MM INDICATES DATA IS MISSING.
T  INDICATES TRACE AMOUNT.




$$
