346
CDAK49 PAFG 170941
CLIBRW

CLIMATE REPORT
NATIONAL WEATHER SERVICE FAIRBANKS AK
141 AM AKDT TUE OCT 17 2017


...................................

...THE BARROW AK CLIMATE SUMMARY FOR OCTOBER 16 2017...

CLIMATE NORMAL PERIOD 1981 TO 2010
CLIMATE RECORD PERIOD 1920 TO 2017


WEATHER ITEM   OBSERVED TIME   RECORD YEAR NORMAL DEPARTURE LAST
                VALUE   (LST)  VALUE       VALUE  FROM      YEAR
                                                  NORMAL
..................................................................
TEMPERATURE (F)
 YESTERDAY
  MAXIMUM         30    111 PM  38    1984  22      8       30
  MINIMUM         25   1159 PM -17    1988  13     12       26
  AVERAGE         28                        17     11       28

PRECIPITATION (IN)
  YESTERDAY        0.12          0.16 1920   0.01   0.11     0.03
  MONTH TO DATE    0.40                      0.24   0.16     0.03
  SINCE SEP 1      1.09                      0.96   0.13     0.80
  SINCE JAN 1      6.76                      4.01   2.75     6.45

SNOWFALL (IN)
  YESTERDAY       MM             2.1  1966   0.4   MM        0.5
  MONTH TO DATE    T                         4.6   -4.6      0.6
  SINCE SEP 1      2.5                       9.0   -6.5      2.6
  SINCE JUL 1      3.3                      10.1   -6.8      4.4
  SNOW DEPTH      MM

DEGREE DAYS
 HEATING
  YESTERDAY       37                        48    -11       37
  MONTH TO DATE  561                       692   -131      506
  SINCE SEP 1   1457                      1678   -221     1412
  SINCE JUL 1   2800                      3233   -433     2841

 COOLING
  YESTERDAY        0                         0      0        0
  MONTH TO DATE    0                         0      0        0
  SINCE SEP 1      0                         0      0        0
  SINCE JAN 1      0                         0      0        0
..................................................................


WIND (MPH)
  HIGHEST GUST SPEED    28   HIGHEST GUST DIRECTION     W (270)


SKY COVER
  AVERAGE SKY COVER 1.0


WEATHER CONDITIONS
 THE FOLLOWING WEATHER WAS RECORDED YESTERDAY.
  LIGHT SNOW
  FOG
  HAZE


RELATIVE HUMIDITY (PERCENT)
 HIGHEST    92
 LOWEST     63
 AVERAGE    78

..........................................................


THE BARROW AK CLIMATE NORMALS FOR TODAY
                         NORMAL    RECORD    YEAR
 MAXIMUM TEMPERATURE (F)   21        38      1984
 MINIMUM TEMPERATURE (F)   12       -15      2001


SUNRISE AND SUNSET
OCTOBER 17 2017.......SUNRISE   959 AM AKDT  SUNSET   624 PM AKDT
OCTOBER 18 2017.......SUNRISE  1004 AM AKDT  SUNSET   619 PM AKDT

-  INDICATES NEGATIVE NUMBERS.
R  INDICATES RECORD WAS SET OR TIED.
MM INDICATES DATA IS MISSING.
T  INDICATES TRACE AMOUNT.

&&

SNOW DEPTH IS MEASURED AT 3AM AKST/4AM AKDT.

----------------------------
AVAILABLE DAYLIGHT

AMOUNT OF DAYLIGHT TODAY  (HOUR:MIN)........8:25
GAIN/LOSS SINCE YESTERDAY (HOUR:MIN:SEC)....-0:09:50

$$
OCT 17
