000
CDAK49 PABR 250910
CLIBRW

CLIMATE REPORT
NATIONAL WEATHER SERVICE BARROW, AK
110 AM AKDT MON MAY 25 2015

...................................
...THE BARROW WSO AP CLIMATE SUMMARY FOR MAY 24 2015...

CLIMATE NORMAL PERIOD  1981 TO  2010
CLIMATE RECORD PERIOD  1915 TO  2015

WEATHER ITEM   OBSERVED TIME    RECORD YEAR NORMAL DEPARTURE LAST
               VALUE    (LST)   VALUE       VALUE  FROM      YEAR
                                                   NORMAL
...................................................................
TEMPERATURE
YESTERDAY
 MAXIMUM            35   410 PM    43  2011     30       5     24
 MINIMUM            31   530 AM     3  2001     22       9     20
 AVERAGE            33                          26       7     22

PRECIPITATION
(INCHES)
 YESTERDAY        0.00           0.14  1991   0.01   -0.01      T
 MONTH TO DATE    0.15                        0.13    0.02   0.80
 SINCE MAR 1      0.89                        0.38    0.51   1.15
 SINCE JAN 1      1.46                        0.65    0.81   1.52

SNOWFALL
(INCHES)
 YESTERDAY         0.0            2.2  1991    0.1    -0.1      T
 MONTH TO DATE     1.0                         2.2    -1.2    3.3
 SINCE MAR 1      11.6                         7.5     4.1    8.9
 SINCE JUL 1      54.7                        36.5    18.2   51.5
 SNOW DEPTH (IN)     T                                          T

DEGREE DAYS
 HEATING
  YESTERDAY         32                          39      -7     43
  MONTH TO DATE    913                        1099    -186    901
  SINCE MAR 1     5002                        5398    -396   4885
  SINCE JUL 1    17145                       18246   -1101  16608

 COOLING
  YESTERDAY          0                           0       0      0
  MONTH TO DATE      0                           0       0      0
  SINCE MAR 1        0                           0       0      0
  SINCE JAN 1        0                           0       0      0
...................................................................

WIND (MPH)
 HIGHEST WIND SPEED    28     HIGHEST WIND DIRECTION    100
 HIGHEST GUST SPEED    34     HIGHEST GUST DIRECTION    100
 AVERAGE WIND SPEED  18.6

SKY COVER
  POSSIBLE SUNSHINE    MM          AVERAGE SKY COVER     MM

WEATHER CONDITIONS
 THE FOLLOWING WEATHER WAS RECORDED YESTERDAY.
 NO SIGNIFICANT WEATHER WAS OBSERVED.

RELATIVE HUMIDITY
 HIGHEST RH     96 PERCENT      1153 PM
 LOWEST  RH     78 PERCENT      1253 AM
 AVERAGE RH     88 PERCENT
...................................................................

THE BARROW CLIMATE NORMALS FOR TODAY
                           NORMAL    RECORD   YEAR
 MAXIMUM TEMPERATURE (F)     30        44     1938
 MINIMUM TEMPERATURE (F)     22         9     2001

SUNRISE AND SUNSET
 MAY 25 2015..........SUNRISE  **.**      SUNSET **.**
 MAY 26 2015..........SUNRISE  **.**      SUNSET **.**

-  INDICATES NEGATIVE NUMBERS.
R  INDICATES RECORD HAS BEEN SET OR TIED.
MM INDICATES DATA IS MISSING.
T  INDICATES TRACE OF PRECIPITATION.

&&
-------------------------------------------------------------------

AMOUNT OF DAYLIGHT TODAY  (HOUR:MIN)........24 HOURS 00 MINUTES
GAIN/LOSS SINCE YESTERDAY (HOUR:MIN:SEC)....+0:00:00

$$
JML MAY 15
