398
CDAK49 PABR 120906
CLIBRW

CLIMATE REPORT
NATIONAL WEATHER SERVICE BARROW, AK
1207 AM AKST FRI FEB 12 2016

...................................
...THE BARROW WSO AP CLIMATE SUMMARY FOR FEBRUARY 11 2016...

CLIMATE NORMAL PERIOD  1981 TO  2010
CLIMATE RECORD PERIOD  1915 TO  2016

WEATHER ITEM   OBSERVED TIME    RECORD YEAR NORMAL DEPARTURE LAST
               VALUE    (LST)   VALUE       VALUE  FROM      YEAR
                                                   NORMAL
...................................................................
TEMPERATURE
YESTERDAY
 MAXIMUM             3  1159 PM    27  1923     -8      11    -20
 MINIMUM            -7  1023 AM   -54  1925    -20      13    -26
 AVERAGE            -2                         -14      12    -23

PRECIPITATION
(INCHES)
 YESTERDAY           T           0.12  1923   0.00       T   0.00
 MONTH TO DATE       T                        0.05   -0.05   0.08
 SINCE DEC 1      0.34                        0.32    0.02   0.54
 SINCE JAN 1      0.30                        0.18    0.12   0.34

SNOWFALL
(INCHES)
 YESTERDAY           T            3.0  1923    0.1    -0.1    0.0
 MONTH TO DATE     0.2                         1.0    -0.8    1.1
 SINCE DEC 1       8.0                         7.1     0.9    8.7
 SINCE JUL 1      21.2                        27.4    -6.2   39.8
 SNOW DEPTH (IN)     7                                          6

DEGREE DAYS
 HEATING
  YESTERDAY         67                          79     -12     88
  MONTH TO DATE    805                         869     -64    878
  SINCE DEC 1     5152                        5555    -403   5416
  SINCE JUL 1    10966                       11505    -539  11058

 COOLING
  YESTERDAY          0                           0       0      0
  MONTH TO DATE      0                           0       0      0
  SINCE DEC 1        0                           0       0      0
  SINCE JAN 1        0                           0       0      0
...................................................................

WIND (MPH)
 HIGHEST WIND SPEED    28     HIGHEST WIND DIRECTION     50
 HIGHEST GUST SPEED    33     HIGHEST GUST DIRECTION     50
 AVERAGE WIND SPEED  21.0

SKY COVER
  POSSIBLE SUNSHINE    MM          AVERAGE SKY COVER     MM

WEATHER CONDITIONS
 THE FOLLOWING WEATHER WAS RECORDED YESTERDAY.
  HAZE
  FOG
  BLOWING SNOW
  SNOW

...................................................................

THE BARROW CLIMATE NORMALS FOR TODAY
                           NORMAL    RECORD   YEAR
 MAXIMUM TEMPERATURE (F)     -8        29     1989
 MINIMUM TEMPERATURE (F)    -20       -51     1925

SUNRISE AND SUNSET
 FEB 12 2016..........SUNRISE 1030 AM      SUNSET  454 PM
 FEB 13 2016..........SUNRISE 1025 AM      SUNSET  500 PM

-  INDICATES NEGATIVE NUMBERS.
R  INDICATES RECORD HAS BEEN SET OR TIED.
MM INDICATES DATA IS MISSING.
T  INDICATES TRACE OF PRECIPITATION.

&&
-------------------------------------------------------------------

AMOUNT OF DAYLIGHT TODAY  (HOUR:MIN)........6 HOURS 23 MINUTES
GAIN/LOSS SINCE YESTERDAY (HOUR:MIN:SEC)....+0:11:15

$$
*** FEB 16
