000
CDAK49 PABR 010920
CLIBRW

CLIMATE REPORT
NATIONAL WEATHER SERVICE BARROW, AK
1220 AM AKST SUN MAR 1 2015

...................................
...THE BARROW WSO AP CLIMATE SUMMARY FOR FEBRUARY 28 2015...

CLIMATE NORMAL PERIOD  1981 TO  2010
CLIMATE RECORD PERIOD  1915 TO  2015

WEATHER ITEM   OBSERVED TIME    RECORD YEAR NORMAL DEPARTURE LAST
               VALUE    (LST)   VALUE       VALUE  FROM      YEAR
                                                   NORMAL
...................................................................
TEMPERATURE
YESTERDAY
 MAXIMUM            22   111 PM    32  1960     -8      30     11
 MINIMUM           -16  1152 PM   -50  1957    -21       5     -1
 AVERAGE             3                         -14      17      5

PRECIPITATION
(INCHES)
 YESTERDAY        0.05           0.11  1963   0.00    0.05   0.00
 MONTH TO DATE    0.26                        0.14    0.12   0.19
 SINCE DEC 1      0.72                        0.41    0.31   1.54
 SINCE JAN 1      0.52                        0.27    0.25   0.37

SNOWFALL
(INCHES)
 YESTERDAY         0.8            2.4  1935    0.1     0.7    0.0
 MONTH TO DATE     3.7                         2.6     1.1    2.2
 SINCE DEC 1      11.3                         8.7     2.6   18.7
 SINCE JUL 1      42.4                        29.0    13.4   42.6
 SNOW DEPTH (IN)     5                                          8

DEGREE DAYS
 HEATING
  YESTERDAY         62                          79     -17     60
  MONTH TO DATE   2007                        2212    -205   2019
  SINCE DEC 1     6541                        6898    -357   6301
  SINCE JUL 1    12143                       12848    -705  11710

 COOLING
  YESTERDAY          0                           0       0      0
  MONTH TO DATE      0                           0       0      0
  SINCE DEC 1        0                           0       0      0
  SINCE JAN 1        0                           0       0      0
...................................................................

WIND (MPH)
 HIGHEST WIND SPEED    35     HIGHEST WIND DIRECTION    290
 HIGHEST GUST SPEED    42     HIGHEST GUST DIRECTION    300
 AVERAGE WIND SPEED  18.9

SKY COVER
  POSSIBLE SUNSHINE    MM          AVERAGE SKY COVER     MM

WEATHER CONDITIONS
 THE FOLLOWING WEATHER WAS RECORDED YESTERDAY.
 FOG
 BLOWING SNOW
 SNOW


RELATIVE HUMIDITY
 HIGHEST RH    100 PERCENT      1253 PM
 LOWEST  RH     75 PERCENT       457 PM
 AVERAGE RH     87 PERCENT
...................................................................

THE BARROW CLIMATE NORMALS FOR TODAY
                           NORMAL    RECORD   YEAR
 MAXIMUM TEMPERATURE (F)     -8        29     1960
 MINIMUM TEMPERATURE (F)    -21       -48     1971

SUNRISE AND SUNSET
 MAR 1 2015..........SUNRISE  9:00 AM      SUNSET  6:22 PM
 MAR 2 2015..........SUNRISE  8:55 AM      SUNSET  6:26 PM

-  INDICATES NEGATIVE NUMBERS.
R  INDICATES RECORD HAS BEEN SET OR TIED.
MM INDICATES DATA IS MISSING.
T  INDICATES TRACE OF PRECIPITATION.

&&
-------------------------------------------------------------------

AMOUNT OF DAYLIGHT TODAY  (HOUR:MIN)........9 HOURS 22 MINUTES
GAIN/LOSS SINCE YESTERDAY (HOUR:MIN:SEC)....+0:09:43

$$
JML MAR 15
