000
CDAK49 PABR 030904
CLIBRW

CLIMATE REPORT
NATIONAL WEATHER SERVICE BARROW, AK
105 AM AKDT FRI JUL 3 2015

...................................
...THE BARROW WSO AP CLIMATE SUMMARY FOR JULY 2 2015...

CLIMATE NORMAL PERIOD  1981 TO  2010
CLIMATE RECORD PERIOD  1915 TO  2015

WEATHER ITEM   OBSERVED TIME    RECORD YEAR NORMAL DEPARTURE LAST
               VALUE    (LST)   VALUE       VALUE  FROM      YEAR
                                                   NORMAL
...................................................................
TEMPERATURE
YESTERDAY
 MAXIMUM            51  1054 AM    71  1984     46       5     50
 MINIMUM            38  1159 PM    27  1926     34       4     38
 AVERAGE            45                          40       5     44

PRECIPITATION
(INCHES)
 YESTERDAY        0.05           0.38  1924   0.02    0.03      T
 MONTH TO DATE    0.06                        0.04    0.02      T
 SINCE JUN 1      0.90                        0.36    0.54   1.47
 SINCE JAN 1      2.86                        1.06    1.80   3.09

SNOWFALL
(INCHES)
 YESTERDAY         0.0              T  2006    0.0     0.0    0.0
 MONTH TO DATE     0.0                         0.0     0.0    0.0
 SINCE JUN 1       1.0                         0.7     0.3    0.9
 SINCE JUL 1       0.0                         0.0     0.0    0.0
 SNOW DEPTH (IN)     0                                          0

DEGREE DAYS
 HEATING
  YESTERDAY         20                          25      -5     21
  MONTH TO DATE     38                          50     -12     43
  SINCE JUN 1      780                         930    -150    976
  SINCE JUL 1       38                          50     -12     43

 COOLING
  YESTERDAY          0                           0       0      0
  MONTH TO DATE      0                           0       0      0
  SINCE JUN 1        0                           0       0      0
  SINCE JAN 1        0                           0       0      0
...................................................................

WIND (MPH)
 HIGHEST WIND SPEED    18     HIGHEST WIND DIRECTION    260
 HIGHEST GUST SPEED    22     HIGHEST GUST DIRECTION    260
 AVERAGE WIND SPEED   8.8

WEATHER CONDITIONS
 THE FOLLOWING WEATHER WAS RECORDED YESTERDAY.
  FOG
RAIN


RELATIVE HUMIDITY
 HIGHEST RH     MM PERCENT       MM
 LOWEST  RH     MM PERCENT       MM
 AVERAGE RH     MM PERCENT       MM
...................................................................

THE BARROW CLIMATE NORMALS FOR TODAY
                           NORMAL    RECORD   YEAR
 MAXIMUM TEMPERATURE (F)     46        68     1932
 MINIMUM TEMPERATURE (F)     34        26     1926

SUNRISE AND SUNSET
 JUL 3 2015..........SUNRISE  **.**      SUNSET **.**
 JUL 4 2015..........SUNRISE  **.**      SUNSET **.**

-  INDICATES NEGATIVE NUMBERS.
R  INDICATES RECORD HAS BEEN SET OR TIED.
MM INDICATES DATA IS MISSING.
T  INDICATES TRACE OF PRECIPITATION.

&&
-------------------------------------------------------------------

AMOUNT OF DAYLIGHT TODAY  (HOUR:MIN)........24 HOURS 00 MINUTES
GAIN/LOSS SINCE YESTERDAY (HOUR:MIN:SEC)....+0:00:00

$$
DZB JUL 15
