831
CDAK49 PAFG 190948
CLIBRW

CLIMATE REPORT
NATIONAL WEATHER SERVICE FAIRBANKS AK
1248 AM AKST THU JAN 19 2017


...................................

...THE BARROW AK CLIMATE SUMMARY FOR JANUARY 18 2017...

CLIMATE NORMAL PERIOD 1981 TO 2010
CLIMATE RECORD PERIOD 1920 TO 2017


WEATHER ITEM   OBSERVED TIME   RECORD YEAR NORMAL DEPARTURE LAST
                VALUE   (LST)  VALUE       VALUE  FROM      YEAR
                                                  NORMAL
..................................................................
TEMPERATURE (F)
 YESTERDAY
  MAXIMUM         -9    825 AM  31    1962  -8     -1       -6
                                      1922
  MINIMUM        -22    616 PM -47    1951 -20     -2      -12
  AVERAGE        -15                       -14     -1       -9

PRECIPITATION (IN)
  YESTERDAY        T             0.47 1962   0.01  -0.01     0.00
  MONTH TO DATE    0.46                      0.08   0.38     0.28
  SINCE DEC 1      0.76                      0.22   0.54     0.29
  SINCE JAN 1      0.46                      0.08   0.38     0.28

SNOWFALL (IN)
  YESTERDAY        T             4.7  1962   0.0    0.0      0.0
  MONTH TO DATE    4.2                       1.5    2.7      0.9
  SINCE DEC 1      8.4                       5.0    3.4      1.3
  SINCE JUL 1     21.5                      25.3   -3.8      4.8
  SNOW DEPTH       6

DEGREE DAYS
 HEATING
  YESTERDAY       80                        79      1       74
  MONTH TO DATE 1071                      1402   -331     1134
  SINCE DEC 1   3075                      3659   -584     3468
  SINCE JUL 1   8030                      9611  -1581     8529

 COOLING
  YESTERDAY        0                         0      0        0
  MONTH TO DATE    0                         0      0        0
  SINCE DEC 1      0                         0      0        0
  SINCE JAN 1      0                         0      0        0
..................................................................


WIND (MPH)
  HIGHEST GUST SPEED     8   HIGHEST GUST DIRECTION    NW (330)


SKY COVER
  AVERAGE SKY COVER 0.7


WEATHER CONDITIONS
 THE FOLLOWING WEATHER WAS RECORDED YESTERDAY.
  LIGHT SNOW
  FOG
  HAZE


RELATIVE HUMIDITY (PERCENT)
 HIGHEST    81
 LOWEST     69
 AVERAGE    75

..........................................................


THE BARROW AK CLIMATE NORMALS FOR TODAY
                         NORMAL    RECORD    YEAR
 MAXIMUM TEMPERATURE (F)   -8        33      1922
 MINIMUM TEMPERATURE (F)  -20       -52      1925


SUNRISE AND SUNSET
JANUARY 19 2017.......SUN BELOW VISIBLE HORIZON.
JANUARY 20 2017.......SUN BELOW VISIBLE HORIZON.

-  INDICATES NEGATIVE NUMBERS.
R  INDICATES RECORD WAS SET OR TIED.
MM INDICATES DATA IS MISSING.
T  INDICATES TRACE AMOUNT.

&&

SNOW DEPTH IS MEASURED AT 3AM AKST/4AM AKDT.

----------------------------
AVAILABLE DAYLIGHT

AMOUNT OF DAYLIGHT TODAY  (HOUR:MIN)........0:00
GAIN/LOSS SINCE YESTERDAY (HOUR:MIN:SEC)....+0:00:00

$$
BJB JAN 17
