000
CDAK49 PABR 281011
CLIBRW

CLIMATE REPORT
NATIONAL WEATHER SERVICE BARROW, AK
111 AM AKST FRI NOV 28 2014

...................................
...THE BARROW WSO AP CLIMATE SUMMARY FOR NOVEMBER 27 2014...

CLIMATE NORMAL PERIOD  1981 TO  2010
CLIMATE RECORD PERIOD  1915 TO  2014

WEATHER ITEM   OBSERVED TIME    RECORD YEAR NORMAL DEPARTURE LAST
               VALUE    (LST)   VALUE       VALUE  FROM      YEAR
                                                   NORMAL
...................................................................
TEMPERATURE
YESTERDAY
 MAXIMUM            -2  1137 PM    31  1950      2      -4      5
 MINIMUM           -11  0753 AM   -35  1927     -9      -2     -4
 AVERAGE            -7                          -4      -3      1

PRECIPITATION
(INCHES)
 YESTERDAY           T           0.10  1938   0.00       T      T
 MONTH TO DATE    0.47                        0.19    0.28   0.38
 SINCE SEP 1      2.65                        1.32    1.33   2.16
 SINCE JAN 1      7.20                        4.37    2.83   7.18

SNOWFALL
(INCHES)
 YESTERDAY           T            1.9  1992    0.2    -0.2    0.1
 MONTH TO DATE     5.6                         5.3     0.3    7.1
 SINCE SEP 1      29.1                        18.8    10.3   22.3
 SINCE JUL 1      30.5                        19.9    10.6   23.4
 SNOW DEPTH (IN)     4                                          5

DEGREE DAYS
 HEATING
  YESTERDAY         72                          69       3     64
  MONTH TO DATE   1470                        1721    -251   1537
  SINCE SEP 1     3753                        4189    -436   3779
  SINCE JUL 1     5419                        5743    -324   5191

 COOLING
  YESTERDAY          0                           0       0      0
  MONTH TO DATE      0                           0       0      0
  SINCE SEP 1        0                           0       0      0
  SINCE JAN 1        0                           0       0      0
...................................................................

WIND (MPH)
 HIGHEST WIND SPEED    18     HIGHEST WIND DIRECTION    110
 HIGHEST GUST SPEED    21     HIGHEST GUST DIRECTION    110
 AVERAGE WIND SPEED  13.9

WEATHER CONDITIONS
 THE FOLLOWING WEATHER WAS RECORDED YESTERDAY.
  SNOW

RELATIVE HUMIDITY
 HIGHEST RH     86 PERCENT       1053 PM
 LOWEST  RH     74 PERCENT       953 AM
 AVERAGE RH     83 PERCENT
...................................................................

THE BARROW CLIMATE NORMALS FOR TODAY
                           NORMAL    RECORD   YEAR
 MAXIMUM TEMPERATURE (F)      2        28     1995
 MINIMUM TEMPERATURE (F)     -9       -38     1948

SUNRISE AND SUNSET
 NOV 28 2014..........SUNRISE  --.--      SUNSET --.--
 NOV 29 2014..........SUNRISE  --.--      SUNSET --.--

-  INDICATES NEGATIVE NUMBERS.
R  INDICATES RECORD HAS BEEN SET OR TIED.
MM INDICATES DATA IS MISSING.
T  INDICATES TRACE OF PRECIPITATION.

&&
-------------------------------------------------------------------

AMOUNT OF DAYLIGHT TODAY  (HOUR:MIN)........0 HOURS 00 MINUTES
GAIN/LOSS SINCE YESTERDAY (HOUR:MIN:SEC)....+0:00:00

$$
GMS NOV 14
