234
CDAK49 PABR 010016
CLIBRW

CLIMATE REPORT
NATIONAL WEATHER SERVICE BARROW, AK
416 PM AKDT WED AUG 31 2016

...................................
...THE BARROW WSO AP CLIMATE SUMMARY FOR AUGUST 31 2016...
VALID TODAY AS OF 400 PM LOCAL TIME

CLIMATE NORMAL PERIOD  1981 TO  2010
CLIMATE RECORD PERIOD  1915 TO  2016

WEATHER ITEM   OBSERVED TIME    RECORD YEAR NORMAL DEPARTURE LAST
               VALUE    (LST)   VALUE       VALUE  FROM      YEAR
                                                   NORMAL
...................................................................
TEMPERATURE
TODAY
 MAXIMUM            40   154 PM    60  1974     41      -1     38
 MINIMUM            36   950 AM    20  1922     33       3     32
 AVERAGE            38                          37       1     35

PRECIPITATION
(INCHES)
 TODAY               T           0.58  1990   0.03   -0.03      T
 MONTH TO DATE    0.84                        1.05   -0.21   1.69
 SINCE JUN 1      2.33                        2.35   -0.02   2.75
 SINCE JAN 1      3.66                        3.05    0.61   4.71

SNOWFALL
(INCHES)
 TODAY             0.0            2.5  1936    0.1    -0.1      T
 MONTH TO DATE     2.1                         0.9     1.2    0.8
 SINCE JUN 1       4.8                         1.8     3.0    1.8
 SINCE JUL 1       2.1                         1.1     1.0    0.8
 SNOW DEPTH (IN)     0                                          0

DEGREE DAYS
 HEATING
  TODAY             27                          28      -1     30
  MONTH TO DATE    776                         807     -31    827
  SINCE JUN 1     2239                        2434    -195   2320
  SINCE JUL 1     1429                        1554    -125   1578

 COOLING
  TODAY              0                           0       0      0
  MONTH TO DATE      0                           0       0      0
  SINCE JUN 1        0                           0       0      0
  SINCE JAN 1        0                           0       0      0
...................................................................

WIND (MPH)
 HIGHEST WIND SPEED    18     HIGHEST WIND DIRECTION    310
 HIGHEST GUST SPEED    23     HIGHEST GUST DIRECTION    310
 AVERAGE WIND SPEED    MM

SKY COVER
  POSSIBLE SUNSHINE  MM            AVERAGE SKY COVER MM

WEATHER CONDITIONS
 THE FOLLOWING WEATHER WAS RECORDED TODAY.
  DENSE FOG
  DRIZZLE

...................................................................

THE BARROW CLIMATE NORMALS FOR TOMORROW
                        NORMAL    RECORD   YEAR
 MAXIMUM TEMPERATURE      41        58     1937
 MINIMUM TEMPERATURE      33        20     1983

SUNRISE AND SUNSET
 AUG 31 2016..........SUNRISE  633 AM      SUNSET 1019 PM
 SEP  1 2016..........SUNRISE  638 AM      SUNSET 1013 PM

-  INDICATES NEGATIVE NUMBERS.
R  INDICATES RECORD HAS BEEN SET OR TIED.
MM INDICATES DATA IS MISSING.
T  INDICATES TRACE OF PRECIPITATION.

&&
-------------------------------------------------------------------

AMOUNT OF DAYLIGHT TODAY  (HOUR:MIN)........15 HOURS 46 MINUTES
GAIN/LOSS SINCE YESTERDAY (HOUR:MIN:SEC)....-0:09:59

$$
*** AUG 16
