000
CDAK49 PABR 010902
CLIBRW

CLIMATE REPORT
NATIONAL WEATHER SERVICE BARROW, AK
102 AM AKDT TUE SEP 1 2015

...................................
...THE BARROW WSO AP CLIMATE SUMMARY FOR AUGUST 31 2015...

CLIMATE NORMAL PERIOD  1981 TO  2010
CLIMATE RECORD PERIOD  1915 TO  2015

WEATHER ITEM   OBSERVED TIME    RECORD YEAR NORMAL DEPARTURE LAST
               VALUE    (LST)   VALUE       VALUE  FROM      YEAR
                                                   NORMAL
...................................................................
TEMPERATURE
YESTERDAY
 MAXIMUM            38  1159 PM    60  1974     41      -3     39
 MINIMUM            32  0608 AM    20  1922     33      -1     33
 AVERAGE            35                          37      -2     36

PRECIPITATION
(INCHES)
 YESTERDAY           T           0.58  1990   0.03   -0.03   0.25
 MONTH TO DATE    1.61                        1.05    0.56   0.45
 SINCE JUN 1      2.67                        2.35    0.32   2.93
 SINCE JAN 1      4.63                        3.05    1.58   4.55

SNOWFALL
(INCHES)
 YESTERDAY           T            2.5  1936    0.1    -0.1      T
 MONTH TO DATE     0.8                         0.9    -0.1    0.5
 SINCE JUN 1       1.8                         1.8    -0.0    2.3
 SINCE JUL 1       0.8                         1.1    -0.3    1.4
 SNOW DEPTH (IN)     0                                          0

DEGREE DAYS
 HEATING
  YESTERDAY         30                          28       2     29
  MONTH TO DATE    826                         807      19    838
  SINCE JUN 1     2319                        2434    -115   2599
  SINCE JUL 1     1577                        1554      23   1666

 COOLING
  YESTERDAY          0                           0       0      0
  MONTH TO DATE      0                           0       0      0
  SINCE JUN 1        0                           0       0      0
  SINCE JAN 1        0                           0       0      0
...................................................................

WIND (MPH)
 HIGHEST WIND SPEED    17     HIGHEST WIND DIRECTION    310
 HIGHEST GUST SPEED    20     HIGHEST GUST DIRECTION    310
 AVERAGE WIND SPEED  11.9

WEATHER CONDITIONS
 THE FOLLOWING WEATHER WAS RECORDED YESTERDAY.
  FOG
SNOW


RELATIVE HUMIDITY
 HIGHEST RH     MM PERCENT       MM
 LOWEST  RH     MM PERCENT       MM
 AVERAGE RH     MM PERCENT       MM
...................................................................

THE BARROW CLIMATE NORMALS FOR TODAY
                           NORMAL    RECORD   YEAR
 MAXIMUM TEMPERATURE (F)     41        58     1937
 MINIMUM TEMPERATURE (F)     33        20     1983

SUNRISE AND SUNSET
 SEP 1 2015..........SUNRISE  6:35 AM      SUNSET 10:17 PM
 SEP 2 2015..........SUNRISE  6:39 AM      SUNSET 10:12 PM

-  INDICATES NEGATIVE NUMBERS.
R  INDICATES RECORD HAS BEEN SET OR TIED.
MM INDICATES DATA IS MISSING.
T  INDICATES TRACE OF PRECIPITATION.

&&
-------------------------------------------------------------------

AMOUNT OF DAYLIGHT TODAY  (HOUR:MIN)........15 HOURS 42 MINUTES
GAIN/LOSS SINCE YESTERDAY (HOUR:MIN:SEC)....-0:09:58

$$
DZB SEP 15
