000
CDAK49 PABR 300902
CLIBRW

CLIMATE REPORT
NATIONAL WEATHER SERVICE BARROW, AK
103 AM AKDT SAT JUL 30 2016

...................................
...THE BARROW WSO AP CLIMATE SUMMARY FOR JULY 29 2016...

CLIMATE NORMAL PERIOD  1981 TO  2010
CLIMATE RECORD PERIOD  1915 TO  2016

WEATHER ITEM   OBSERVED TIME    RECORD YEAR NORMAL DEPARTURE LAST
               VALUE    (LST)   VALUE       VALUE  FROM      YEAR
                                                   NORMAL
...................................................................
TEMPERATURE
YESTERDAY
 MAXIMUM            43   122 PM    71  1968     47      -4     41
 MINIMUM            35   545 AM    27  1936     35       0     32
 AVERAGE            39                          41      -2     37

PRECIPITATION
(INCHES)
 YESTERDAY        0.08           0.84  1922   0.04    0.04      T
 MONTH TO DATE    0.57                        0.91   -0.34   0.10
 SINCE JUN 1      1.27                        1.23    0.04   0.94
 SINCE JAN 1      2.60                        1.93    0.67   2.90

SNOWFALL
(INCHES)
 YESTERDAY           T            6.0  1922    0.0       T    0.0
 MONTH TO DATE       T                         0.2    -0.2      T
 SINCE JUN 1       2.7                         0.9     1.8    1.0
 SINCE JUL 1         T                         0.2    -0.2      T
 SNOW DEPTH (IN)     0                                          0

DEGREE DAYS
 HEATING
  YESTERDAY         26                          24       2     28
  MONTH TO DATE    601                         699     -98    708
  SINCE JUN 1     1411                        1579    -168   1450
  SINCE JUL 1      601                         699     -98    708

 COOLING
  YESTERDAY          0                           0       0      0
  MONTH TO DATE      0                           0       0      0
  SINCE JUN 1        0                           0       0      0
  SINCE JAN 1        0                           0       0      0
...................................................................

WIND (MPH)
 HIGHEST WIND SPEED    20     HIGHEST WIND DIRECTION    230
 HIGHEST GUST SPEED    24     HIGHEST GUST DIRECTION    240
 AVERAGE WIND SPEED  12.4

SKY COVER
  POSSIBLE SUNSHINE    MM          AVERAGE SKY COVER     MM

WEATHER CONDITIONS
 THE FOLLOWING WEATHER WAS RECORDED YESTERDAY.
  FOG
  RAIN
  SNOW

...................................................................

THE BARROW CLIMATE NORMALS FOR TODAY
                           NORMAL    RECORD   YEAR
 MAXIMUM TEMPERATURE (F)     46        72     2009
 MINIMUM TEMPERATURE (F)     35        28     1959

SUNRISE AND SUNSET
 SUN ABOVE VISIBLE HORIZON

-  INDICATES NEGATIVE NUMBERS.
R  INDICATES RECORD HAS BEEN SET OR TIED.
MM INDICATES DATA IS MISSING.
T  INDICATES TRACE OF PRECIPITATION.

&&
-------------------------------------------------------------------

AMOUNT OF DAYLIGHT TODAY  (HOUR:MIN)........24 HOURS 00 MINUTES
GAIN/LOSS SINCE YESTERDAY (HOUR:MIN:SEC)....+0:00:00

$$
*** JUL 16
