000
CDUS43 KGRR 290521
CLIBTL


CLIMATE REPORT
NATIONAL WEATHER SERVICE GRAND RAPIDS, MI
121 AM EDT FRI APR 29 2016


...................................

...THE BATTLE CREEK MI CLIMATE SUMMARY FOR APRIL 28 2016...

CLIMATE NORMAL PERIOD 1981 TO 2010
CLIMATE RECORD PERIOD 1998 TO 2016


WEATHER ITEM   OBSERVED TIME   NORMAL DEPARTURE LAST
                VALUE   (LST)  VALUE  FROM      YEAR
                                      NORMAL
......................................................
TEMPERATURE (F)
 YESTERDAY
  MAXIMUM         51    111 AM  65    -14       64
  MINIMUM         37    745 AM  40     -3       33
  AVERAGE         44            53     -9       49

PRECIPITATION (IN)
  YESTERDAY        0.23          0.09   0.14     0.00
  MONTH TO DATE    2.07          2.60  -0.53     1.80
  SINCE MAR 1      5.01          4.51   0.50     2.07
  SINCE JAN 1      6.61          7.51  -0.90     3.08

DEGREE DAYS
 HEATING
  YESTERDAY       21            13      8       16
  MONTH TO DATE  499           489     10      448
  SINCE MAR 1   1226          1399   -173     1406
  SINCE JUL 1   5141          6364  -1223     6611

 COOLING
  YESTERDAY        0             0      0        0
  MONTH TO DATE    2             0      2        0
  SINCE MAR 1      2             0      2        0
  SINCE JAN 1      2             0      2        0
......................................................


WIND (MPH)
  RESULTANT WIND SPEED  10   RESULTANT WIND DIRECTION   E (90)
  HIGHEST WIND SPEED    17   HIGHEST WIND DIRECTION     E (80)
  HIGHEST GUST SPEED    24   HIGHEST GUST DIRECTION     E (80)
  AVERAGE WIND SPEED    10.2


SKY COVER
  AVERAGE SKY COVER 1.0


WEATHER CONDITIONS
 THE FOLLOWING WEATHER WAS RECORDED YESTERDAY.
  RAIN
  LIGHT RAIN
  FOG


RELATIVE HUMIDITY (PERCENT)
 HIGHEST    92          1100 AM
 LOWEST     32           200 AM
 AVERAGE    62

..........................................................


THE BATTLE CREEK MI CLIMATE NORMALS FOR TODAY
                         NORMAL
 MAXIMUM TEMPERATURE (F)   65
 MINIMUM TEMPERATURE (F)   41


SUNRISE AND SUNSET
APRIL 29 2016.........SUNRISE   638 AM EDT   SUNSET   839 PM EDT
APRIL 30 2016.........SUNRISE   637 AM EDT   SUNSET   840 PM EDT


-  INDICATES NEGATIVE NUMBERS.
R  INDICATES RECORD WAS SET OR TIED.
MM INDICATES DATA IS MISSING.
T  INDICATES TRACE AMOUNT.




$$
