000
CDUS43 KGRR 251336
CLIBTL


CLIMATE REPORT
NATIONAL WEATHER SERVICE GRAND RAPIDS, MI
934 AM EDT SAT OCT 25 2014


...................................

...THE BATTLE CREEK MI CLIMATE SUMMARY FOR OCTOBER 25 2014...
VALID AS OF 0900 AM LOCAL TIME.

CLIMATE NORMAL PERIOD 1981 TO 2010
CLIMATE RECORD PERIOD 1998 TO 2014


WEATHER ITEM   OBSERVED TIME   RECORD YEAR NORMAL DEPARTURE LAST
                VALUE   (LST)  VALUE       VALUE  FROM      YEAR
                                                  NORMAL
..................................................................
TEMPERATURE (F)
 TODAY
  MAXIMUM         57    759 AM  MM      MM  58     -1       47
  MINIMUM         43   1247 AM  MM      MM  37      6       33
  AVERAGE         50                        47      3       40

PRECIPITATION (IN)
  TODAY            0.00         MM      MM   0.09  -0.09      T
  MONTH TO DATE    3.22                      2.54   0.68     1.84
  SINCE SEP 1      5.59                      6.19  -0.60     3.52
  SINCE JAN 1     25.53                     27.73  -2.20    29.69

DEGREE DAYS
 HEATING
  TODAY           15                        18     -3       25
  MONTH TO DATE  352                       352      0      291
  SINCE SEP 1    492                       508    -16      427

 COOLING
  TODAY            0                         0      0        0
  MONTH TO DATE    0                         2     -2       14
  SINCE SEP 1     56                        57     -1       84
..................................................................


WIND (MPH)
  HIGHEST WIND SPEED    15   HIGHEST WIND DIRECTION     W (270)
  HIGHEST GUST SPEED    19   HIGHEST GUST DIRECTION     W (280)



WEATHER CONDITIONS
 THE FOLLOWING WEATHER WAS RECORDED TODAY.
  FOG
  HAZE


..........................................................




SUNRISE AND SUNSET
OCTOBER 25 2014.......SUNRISE   806 AM EDT   SUNSET   644 PM EDT
OCTOBER 26 2014.......SUNRISE   807 AM EDT   SUNSET   642 PM EDT


-  INDICATES NEGATIVE NUMBERS.
R  INDICATES RECORD WAS SET OR TIED.
MM INDICATES DATA IS MISSING.
T  INDICATES TRACE AMOUNT.




$$

JAM
