000
CDUS43 KGRR 231335
CLIBTL


CLIMATE REPORT
NATIONAL WEATHER SERVICE GRAND RAPIDS, MI
935 AM EDT THU OCT 23 2014


...................................

...THE BATTLE CREEK MI CLIMATE SUMMARY FOR OCTOBER 23 2014...
VALID AS OF 0900 AM LOCAL TIME.

CLIMATE NORMAL PERIOD 1981 TO 2010
CLIMATE RECORD PERIOD 1998 TO 2014


WEATHER ITEM   OBSERVED TIME   RECORD YEAR NORMAL DEPARTURE LAST
                VALUE   (LST)  VALUE       VALUE  FROM      YEAR
                                                  NORMAL
..................................................................
TEMPERATURE (F)
 TODAY
  MAXIMUM         37   1210 AM  MM      MM  58    -21       44
  MINIMUM         29    718 AM  MM      MM  37     -8       30
  AVERAGE         33                        48    -15       37

PRECIPITATION (IN)
  TODAY            0.00         MM      MM   0.10  -0.10      T
  MONTH TO DATE    3.22                      2.35   0.87     1.84
  SINCE SEP 1      5.59                      6.00  -0.41     3.52
  SINCE JAN 1     25.53                     27.54  -2.01    29.69

DEGREE DAYS
 HEATING
  TODAY           32                        17     15       28
  MONTH TO DATE  335                       317     18      240
  SINCE SEP 1    475                       473      2      376

 COOLING
  TODAY            0                         0      0        0
  MONTH TO DATE    0                         2     -2       14
  SINCE SEP 1     56                        57     -1       84
..................................................................


WIND (MPH)
  HIGHEST WIND SPEED     3   HIGHEST WIND DIRECTION    SE (150)
  HIGHEST GUST SPEED     4   HIGHEST GUST DIRECTION     W (260)



WEATHER CONDITIONS
 THE FOLLOWING WEATHER WAS RECORDED TODAY.
  FOG
  FOG W/VISIBILITY <= 1/4 MILE


..........................................................




SUNRISE AND SUNSET
OCTOBER 23 2014.......SUNRISE   803 AM EDT   SUNSET   647 PM EDT
OCTOBER 24 2014.......SUNRISE   804 AM EDT   SUNSET   645 PM EDT


-  INDICATES NEGATIVE NUMBERS.
R  INDICATES RECORD WAS SET OR TIED.
MM INDICATES DATA IS MISSING.
T  INDICATES TRACE AMOUNT.




$$
