000
CDUS43 KGRR 100533
CLIBTL


CLIMATE REPORT
NATIONAL WEATHER SERVICE GRAND RAPIDS, MI
130 AM EDT THU JUL 10 2014


...................................

...THE BATTLE CREEK MI CLIMATE SUMMARY FOR JULY 9 2014...

CLIMATE NORMAL PERIOD 1981 TO 2010
CLIMATE RECORD PERIOD 9999 TO 9999


WEATHER ITEM   OBSERVED TIME   NORMAL DEPARTURE LAST
                VALUE   (LST)  VALUE  FROM      YEAR
                                      NORMAL
......................................................
TEMPERATURE (F)
 YESTERDAY
  MAXIMUM         74        MM  83     -9       86
  MINIMUM         60        MM  59      1       69
  AVERAGE         67            71     -4       78

PRECIPITATION (IN)
  YESTERDAY        0.00          0.10  -0.10     1.18
  MONTH TO DATE    3.28          0.96   2.32     1.69
  SINCE JUN 1      8.85          4.19   4.66     5.43
  SINCE JAN 1     16.81         15.67   1.14    18.21

DEGREE DAYS
 HEATING
  YESTERDAY        0             0      0        0
  MONTH TO DATE    2             6     -4        1
  SINCE JUN 1     20            63    -43       43
  SINCE JUL 1      2             6     -4        1

 COOLING
  YESTERDAY        2             7     -5       13
  MONTH TO DATE   24            59    -35       66
  SINCE JUN 1    200           185     15      212
  SINCE JAN 1    252           223     29      289
......................................................


WIND (MPH)
  RESULTANT WIND SPEED   8   RESULTANT WIND DIRECTION  NW (300)
  HIGHEST WIND SPEED    15   HIGHEST WIND DIRECTION    NW (320)
  HIGHEST GUST SPEED    20   HIGHEST GUST DIRECTION    NW (320)
  AVERAGE WIND SPEED     8.7


SKY COVER
  AVERAGE SKY COVER 0.4


WEATHER CONDITIONS
 THE FOLLOWING WEATHER WAS RECORDED YESTERDAY.
  NO SIGNIFICANT WEATHER WAS OBSERVED.


RELATIVE HUMIDITY (PERCENT)
 HIGHEST    90           500 AM
 LOWEST     53           300 PM
 AVERAGE    72

..........................................................


THE BATTLE CREEK MI CLIMATE NORMALS FOR TODAY
                         NORMAL
 MAXIMUM TEMPERATURE (F)   83
 MINIMUM TEMPERATURE (F)   59


SUNRISE AND SUNSET
JULY 10 2014..........SUNRISE   614 AM EDT   SUNSET   918 PM EDT
JULY 11 2014..........SUNRISE   615 AM EDT   SUNSET   918 PM EDT


-  INDICATES NEGATIVE NUMBERS.
R  INDICATES RECORD WAS SET OR TIED.
MM INDICATES DATA IS MISSING.
T  INDICATES TRACE AMOUNT.




$$
