000
CDUS43 KGRR 260516
CLIBTL


CLIMATE REPORT
NATIONAL WEATHER SERVICE GRAND RAPIDS, MI
1216 AM EST MON JAN 26 2015


...................................

...THE BATTLE CREEK MI CLIMATE SUMMARY FOR JANUARY 25 2015...

CLIMATE NORMAL PERIOD 1981 TO 2010
CLIMATE RECORD PERIOD 1998 TO 2015


WEATHER ITEM   OBSERVED TIME   NORMAL DEPARTURE LAST
                VALUE   (LST)  VALUE  FROM      YEAR
                                      NORMAL
......................................................
TEMPERATURE (F)
 YESTERDAY
  MAXIMUM         37    431 AM  32      5       27
  MINIMUM         18   1159 PM  15      3        6
  AVERAGE         28            24      4       17

PRECIPITATION (IN)
  YESTERDAY        T             0.04  -0.04      T
  MONTH TO DATE    0.78          1.41  -0.63     0.75
  SINCE DEC 1      1.63          3.40  -1.77     1.86
  SINCE JAN 1      0.78          1.41  -0.63     0.75

DEGREE DAYS
 HEATING
  YESTERDAY       37            41     -4       48
  MONTH TO DATE 1046          1039      7     1192
  SINCE DEC 1   2025          2201   -176     2405
  SINCE JUL 1   3528          3639   -111     3806

 COOLING
  YESTERDAY        0             0      0        0
  MONTH TO DATE    0             0      0        0
  SINCE DEC 1      0             0      0        0
  SINCE JAN 1      0             0      0        0
......................................................


WIND (MPH)
  RESULTANT WIND SPEED  10   RESULTANT WIND DIRECTION  NE (60)
  HIGHEST WIND SPEED    21   HIGHEST WIND DIRECTION    NE (50)
  HIGHEST GUST SPEED    26   HIGHEST GUST DIRECTION    NE (50)
  AVERAGE WIND SPEED    11.3


SKY COVER
  AVERAGE SKY COVER 0.9


WEATHER CONDITIONS
 THE FOLLOWING WEATHER WAS RECORDED YESTERDAY.
  LIGHT SNOW
  FOG
  HAZE


RELATIVE HUMIDITY (PERCENT)
 HIGHEST    82          1200 AM
 LOWEST     52           900 PM
 AVERAGE    67

..........................................................


THE BATTLE CREEK MI CLIMATE NORMALS FOR TODAY
                         NORMAL
 MAXIMUM TEMPERATURE (F)   32
 MINIMUM TEMPERATURE (F)   15


SUNRISE AND SUNSET
JANUARY 26 2015.......SUNRISE   800 AM EST   SUNSET   547 PM EST
JANUARY 27 2015.......SUNRISE   759 AM EST   SUNSET   548 PM EST


-  INDICATES NEGATIVE NUMBERS.
R  INDICATES RECORD WAS SET OR TIED.
MM INDICATES DATA IS MISSING.
T  INDICATES TRACE AMOUNT.




$$
