000
CDUS43 KGRR 300520
CLIBTL


CLIMATE REPORT
NATIONAL WEATHER SERVICE GRAND RAPIDS, MI
119 AM EDT MON MAY 30 2016


...................................

...THE BATTLE CREEK MI CLIMATE SUMMARY FOR MAY 29 2016...

CLIMATE NORMAL PERIOD 1981 TO 2010
CLIMATE RECORD PERIOD 1998 TO 2016


WEATHER ITEM   OBSERVED TIME   NORMAL DEPARTURE LAST
                VALUE   (LST)  VALUE  FROM      YEAR
                                      NORMAL
......................................................
TEMPERATURE (F)
 YESTERDAY
  MAXIMUM         84    308 PM  74     10       84
  MINIMUM         62   1159 PM  50     12       62
  AVERAGE         73            62     11       73

PRECIPITATION (IN)
  YESTERDAY        0.00          0.13  -0.13     0.43
  MONTH TO DATE    2.80          3.52  -0.72     3.72
  SINCE MAR 1      8.24          8.23   0.01     5.79
  SINCE JAN 1      9.84         11.23  -1.39     6.80

DEGREE DAYS
 HEATING
  YESTERDAY        0             5     -5        0
  MONTH TO DATE  241           237      4      131
  SINCE MAR 1   1500          1661   -161     1567
  SINCE JUL 1   5415          6626  -1211     6772

 COOLING
  YESTERDAY        8             2      6        8
  MONTH TO DATE   43            28     15       73
  SINCE MAR 1     45            35     10       73
  SINCE JAN 1     45            35     10       73
......................................................


WIND (MPH)
  RESULTANT WIND SPEED  10   RESULTANT WIND DIRECTION  SW (230)
  HIGHEST WIND SPEED    24   HIGHEST WIND DIRECTION     W (270)
  HIGHEST GUST SPEED    31   HIGHEST GUST DIRECTION     W (270)
  AVERAGE WIND SPEED    12.2


SKY COVER
  AVERAGE SKY COVER 0.2


WEATHER CONDITIONS
 THE FOLLOWING WEATHER WAS RECORDED YESTERDAY.
  NO SIGNIFICANT WEATHER WAS OBSERVED.


RELATIVE HUMIDITY (PERCENT)
 HIGHEST    93           600 AM
 LOWEST     42           300 PM
 AVERAGE    68

..........................................................


THE BATTLE CREEK MI CLIMATE NORMALS FOR TODAY
                         NORMAL
 MAXIMUM TEMPERATURE (F)   75
 MINIMUM TEMPERATURE (F)   50


SUNRISE AND SUNSET
MAY 30 2016...........SUNRISE   608 AM EDT   SUNSET   910 PM EDT
MAY 31 2016...........SUNRISE   607 AM EDT   SUNSET   911 PM EDT


-  INDICATES NEGATIVE NUMBERS.
R  INDICATES RECORD WAS SET OR TIED.
MM INDICATES DATA IS MISSING.
T  INDICATES TRACE AMOUNT.




$$
