000
CDUS43 KGRR 090521
CLIBTL


CLIMATE REPORT
NATIONAL WEATHER SERVICE GRAND RAPIDS, MI
1219 AM EST TUE FEB 9 2016


...................................

...THE BATTLE CREEK MI CLIMATE SUMMARY FOR FEBRUARY 8 2016...

CLIMATE NORMAL PERIOD 1981 TO 2010
CLIMATE RECORD PERIOD 1998 TO 2016


WEATHER ITEM   OBSERVED TIME   NORMAL DEPARTURE LAST
                VALUE   (LST)  VALUE  FROM      YEAR
                                      NORMAL
......................................................
TEMPERATURE (F)
 YESTERDAY
  MAXIMUM         37    419 PM  34      3       42
  MINIMUM         25    755 AM  16      9       22
  AVERAGE         31            25      6       32

PRECIPITATION (IN)
  YESTERDAY        0.02          0.05  -0.03      T
  MONTH TO DATE    0.30          0.32  -0.02     0.21
  SINCE DEC 1      4.36          3.97   0.39     1.86
  SINCE JAN 1      1.24          1.98  -0.74     1.01

DEGREE DAYS
 HEATING
  YESTERDAY       34            40     -6       33
  MONTH TO DATE  273           325    -52      355
  SINCE DEC 1   2084          2770   -686     2631
  SINCE JUL 1   3134          4208  -1074     4134

 COOLING
  YESTERDAY        0             0      0        0
  MONTH TO DATE    0             0      0        0
  SINCE DEC 1      0             0      0        0
  SINCE JAN 1      0             0      0        0
......................................................


WIND (MPH)
  RESULTANT WIND SPEED   6   RESULTANT WIND DIRECTION  SW (230)
  HIGHEST WIND SPEED    16   HIGHEST WIND DIRECTION     W (270)
  HIGHEST GUST SPEED    22   HIGHEST GUST DIRECTION     W (270)
  AVERAGE WIND SPEED     7.0


SKY COVER
  AVERAGE SKY COVER 0.6


WEATHER CONDITIONS
 THE FOLLOWING WEATHER WAS RECORDED YESTERDAY.
  LIGHT SNOW
  FOG


RELATIVE HUMIDITY (PERCENT)
 HIGHEST    92           700 AM
 LOWEST     64           400 PM
 AVERAGE    78

..........................................................


THE BATTLE CREEK MI CLIMATE NORMALS FOR TODAY
                         NORMAL
 MAXIMUM TEMPERATURE (F)   34
 MINIMUM TEMPERATURE (F)   16


SUNRISE AND SUNSET
FEBRUARY  9 2016......SUNRISE   746 AM EST   SUNSET   605 PM EST
FEBRUARY 10 2016......SUNRISE   745 AM EST   SUNSET   606 PM EST


-  INDICATES NEGATIVE NUMBERS.
R  INDICATES RECORD WAS SET OR TIED.
MM INDICATES DATA IS MISSING.
T  INDICATES TRACE AMOUNT.




$$

63
