000
CDUS45 KMSO 290738
CLIBTM


CLIMATE REPORT
NATIONAL WEATHER SERVICE MISSOULA, MT
1238 AM MST MON DEC 29 2014


...................................

...THE BUTTE MT CLIMATE SUMMARY FOR DECEMBER 28 2014...

CLIMATE NORMAL PERIOD 1981 TO 2010
CLIMATE RECORD PERIOD 1895 TO 2014


WEATHER ITEM   OBSERVED TIME   RECORD YEAR NORMAL DEPARTURE LAST
                VALUE   (LST)  VALUE       VALUE  FROM      YEAR
                                                  NORMAL
..................................................................
TEMPERATURE (F)
 YESTERDAY
  MAXIMUM         26   1258 PM  56    1917  30     -4       40
  MINIMUM          6   1031 PM -35    1983   5      1       14
  AVERAGE         16                        17     -1       27

PRECIPITATION (IN)
  YESTERDAY        0.02          0.33 2008   0.02   0.00      T
  MONTH TO DATE    0.54                      0.46   0.08     0.22
  SINCE OCT 1      2.37                      1.84   0.53     1.04
  SINCE JAN 1     14.81                     12.72   2.09    11.32

SNOWFALL (IN)
  YESTERDAY       MM
  MONTH TO DATE   MM
  SINCE JAN 1     MM
  SINCE JUL 1     MM
  SNOW DEPTH      MM

DEGREE DAYS
 HEATING
  YESTERDAY       49                        48      1       38
  MONTH TO DATE 1101                      1329   -228     1348
  SINCE DEC 1   1101                      1329   -228     1348
  SINCE JUL 1   3431                      3819   -388     3608

 COOLING
  YESTERDAY        0                         0      0        0
  MONTH TO DATE    0                         0      0        0
  SINCE DEC 1      0                         0      0        0
  SINCE JAN 1     78                        81     -3      104
..................................................................


WIND (MPH)
  HIGHEST WIND SPEED    15   HIGHEST WIND DIRECTION     N (10)
  HIGHEST GUST SPEED    20   HIGHEST GUST DIRECTION    NE (30)
  AVERAGE WIND SPEED     6.0


SKY COVER
  POSSIBLE SUNSHINE  MM
  AVERAGE SKY COVER 0.9


WEATHER CONDITIONS
 THE FOLLOWING WEATHER WAS RECORDED YESTERDAY.
  SNOW
  LIGHT SNOW
  FOG
  FOG W/VISIBILITY <= 1/4 MILE
  HAZE


RELATIVE HUMIDITY (PERCENT)
 HIGHEST    84           200 AM
 LOWEST     63           100 PM
 AVERAGE    74

..........................................................


THE BUTTE MT CLIMATE NORMALS FOR TODAY
                         NORMAL    RECORD    YEAR
 MAXIMUM TEMPERATURE (F)   30        55      1917
 MINIMUM TEMPERATURE (F)    5       -42      1978


SUNRISE AND SUNSET
DECEMBER 29 2014......SUNRISE   812 AM MST   SUNSET   453 PM MST
DECEMBER 30 2014......SUNRISE   812 AM MST   SUNSET   454 PM MST


-  INDICATES NEGATIVE NUMBERS.
R  INDICATES RECORD WAS SET OR TIED.
MM INDICATES DATA IS MISSING.
T  INDICATES TRACE AMOUNT.




$$
