000
CDUS45 KMSO 050738
CLIBTM


CLIMATE REPORT
NATIONAL WEATHER SERVICE MISSOULA, MT
137 AM MDT SUN JUL 5 2015


...................................

...THE BUTTE MT CLIMATE SUMMARY FOR JULY 4 2015...

CLIMATE NORMAL PERIOD 1981 TO 2010
CLIMATE RECORD PERIOD 1895 TO 2015


WEATHER ITEM   OBSERVED TIME   RECORD YEAR NORMAL DEPARTURE LAST
                VALUE   (LST)  VALUE       VALUE  FROM      YEAR
                                                  NORMAL
..................................................................
TEMPERATURE (F)
 YESTERDAY
  MAXIMUM         90    437 PM  94    2000  78     12       87
  MINIMUM         48    520 AM  31    1994  44      4       48
  AVERAGE         69                        61      8       68

PRECIPITATION (IN)
  YESTERDAY        0.00          0.82 1978   0.05  -0.05      T
  MONTH TO DATE    0.00                      0.19  -0.19     0.03
  SINCE OCT 1      6.67                      9.25  -2.58     8.78
  SINCE JAN 1      4.28                      7.36  -3.08     7.74

SNOWFALL (IN)
  YESTERDAY       MM
  MONTH TO DATE   MM
  SINCE JAN 1     MM
  SINCE JUL 1     MM
  SNOW DEPTH      MM

DEGREE DAYS
 HEATING
  YESTERDAY        0                         5     -5        0
  MONTH TO DATE    0                        21    -21        9
  SINCE JUN 1    148                       308   -160      362
  SINCE JUL 1      0                        21    -21        9

 COOLING
  YESTERDAY        4                         1      3        3
  MONTH TO DATE   18                         4     14       12
  SINCE JUN 1     64                        11     53       12
  SINCE JAN 1     64                        11     53       12
..................................................................


WIND (MPH)
  HIGHEST WIND SPEED    15   HIGHEST WIND DIRECTION    NW (310)
  HIGHEST GUST SPEED    22   HIGHEST GUST DIRECTION    SE (140)
  AVERAGE WIND SPEED     5.3


SKY COVER
  POSSIBLE SUNSHINE  MM
  AVERAGE SKY COVER 0.0


WEATHER CONDITIONS
 THE FOLLOWING WEATHER WAS RECORDED YESTERDAY.
  NO SIGNIFICANT WEATHER WAS OBSERVED.


RELATIVE HUMIDITY (PERCENT)
 HIGHEST    61           500 AM
 LOWEST     11           400 PM
 AVERAGE    36

..........................................................


THE BUTTE MT CLIMATE NORMALS FOR TODAY
                         NORMAL    RECORD    YEAR
 MAXIMUM TEMPERATURE (F)   78        97      1981
 MINIMUM TEMPERATURE (F)   45        31      1999
                                             1932


SUNRISE AND SUNSET
JULY  5 2015..........SUNRISE   546 AM MDT   SUNSET   923 PM MDT
JULY  6 2015..........SUNRISE   546 AM MDT   SUNSET   923 PM MDT


-  INDICATES NEGATIVE NUMBERS.
R  INDICATES RECORD WAS SET OR TIED.
MM INDICATES DATA IS MISSING.
T  INDICATES TRACE AMOUNT.




$$
