000
CDUS45 KMSO 250740
CLIBTM


CLIMATE REPORT
NATIONAL WEATHER SERVICE MISSOULA, MT
139 AM MDT FRI APR 25 2014


...................................

...THE BUTTE MT CLIMATE SUMMARY FOR APRIL 24 2014...

CLIMATE NORMAL PERIOD 1981 TO 2010
CLIMATE RECORD PERIOD 1895 TO 2014


WEATHER ITEM   OBSERVED TIME   RECORD YEAR NORMAL DEPARTURE LAST
                VALUE   (LST)  VALUE       VALUE  FROM      YEAR
                                                  NORMAL
..................................................................
TEMPERATURE (F)
 YESTERDAY
  MAXIMUM         48    623 PM  77    1910  54     -6       56
  MINIMUM         31    549 AM  13    1958  28      3       19
  AVERAGE         40                        41     -1       38

PRECIPITATION (IN)
  YESTERDAY        0.08          0.50 1900   0.04   0.04     0.00
  MONTH TO DATE    0.80                      0.90  -0.10     0.23
  SINCE OCT 1      3.95                      4.45  -0.50     2.52
  SINCE JAN 1      2.91                      2.56   0.35     0.89

SNOWFALL (IN)
  YESTERDAY       MM
  MONTH TO DATE   MM
  SINCE JAN 1     MM
  SINCE JUL 1     MM
  SNOW DEPTH      MM

DEGREE DAYS
 HEATING
  YESTERDAY       25                        24      1       27
  MONTH TO DATE  617                       643    -26      734
  SINCE MAR 1   1685                      1685      0     1771
  SINCE JUL 1   8063                      8254   -191     8149

 COOLING
  YESTERDAY        0                         0      0        0
  MONTH TO DATE    0                         0      0        0
  SINCE MAR 1      0                         0      0        0
  SINCE JAN 1      0                         0      0        0
..................................................................


WIND (MPH)
  HIGHEST WIND SPEED    21   HIGHEST WIND DIRECTION    NW (330)
  HIGHEST GUST SPEED    28   HIGHEST GUST DIRECTION     W (290)
  AVERAGE WIND SPEED     5.5


SKY COVER
  POSSIBLE SUNSHINE  MM
  AVERAGE SKY COVER 0.9


WEATHER CONDITIONS
 THE FOLLOWING WEATHER WAS RECORDED YESTERDAY.
  RAIN
  LIGHT RAIN
  FOG


RELATIVE HUMIDITY (PERCENT)
 HIGHEST    92           900 PM
 LOWEST     46           300 PM
 AVERAGE    69

..........................................................


THE BUTTE MT CLIMATE NORMALS FOR TODAY
                         NORMAL    RECORD    YEAR
 MAXIMUM TEMPERATURE (F)   55        83      1910
 MINIMUM TEMPERATURE (F)   28        12      1960


SUNRISE AND SUNSET
APRIL 25 2014.........SUNRISE   626 AM MDT   SUNSET   830 PM MDT
APRIL 26 2014.........SUNRISE   625 AM MDT   SUNSET   832 PM MDT


-  INDICATES NEGATIVE NUMBERS.
R  INDICATES RECORD WAS SET OR TIED.
MM INDICATES DATA IS MISSING.
T  INDICATES TRACE AMOUNT.




$$
