000
CDUS45 KMSO 300738
CLIBTM


CLIMATE REPORT
NATIONAL WEATHER SERVICE MISSOULA, MT
138 AM MDT THU MAR 30 2017


...................................

...THE BUTTE MT CLIMATE SUMMARY FOR MARCH 29 2017...

CLIMATE NORMAL PERIOD 1981 TO 2010
CLIMATE RECORD PERIOD 1895 TO 2017


WEATHER ITEM   OBSERVED TIME   RECORD YEAR NORMAL DEPARTURE LAST
                VALUE   (LST)  VALUE       VALUE  FROM      YEAR
                                                  NORMAL
..................................................................
TEMPERATURE (F)
 YESTERDAY
  MAXIMUM         54    315 PM  68    1978  47      7       39
  MINIMUM         31    108 AM -11    1987  24      7       31
  AVERAGE         43                        35      8       35

PRECIPITATION (IN)
  YESTERDAY        T             0.50 1925   0.03  -0.03      T
  MONTH TO DATE    0.89                      0.70   0.19     0.45
  SINCE OCT 1      4.90                      3.49   1.41     3.66
  SINCE JAN 1      1.68                      1.60   0.08     0.92

SNOWFALL (IN)
  YESTERDAY       MM
  MONTH TO DATE   MM
  SINCE JAN 1     MM
  SINCE JUL 1     MM
  SNOW DEPTH      MM

DEGREE DAYS
 HEATING
  YESTERDAY       22                        30     -8       30
  MONTH TO DATE  791                       983   -192      907
  SINCE MAR 1    791                       983   -192      907
  SINCE JUL 1   7575                      7552     23     7304

 COOLING
  YESTERDAY        0                         0      0        0
  MONTH TO DATE    0                         0      0        0
  SINCE MAR 1      0                         0      0        0
  SINCE JAN 1      0                         0      0        0
..................................................................


WIND (MPH)
  HIGHEST WIND SPEED    18   HIGHEST WIND DIRECTION     W (250)
  HIGHEST GUST SPEED    25   HIGHEST GUST DIRECTION     W (250)
  AVERAGE WIND SPEED     4.4


SKY COVER
  POSSIBLE SUNSHINE  MM
  AVERAGE SKY COVER 0.9


WEATHER CONDITIONS
 THE FOLLOWING WEATHER WAS RECORDED YESTERDAY.
  LIGHT RAIN


RELATIVE HUMIDITY (PERCENT)
 HIGHEST    70          1100 PM
 LOWEST     44           200 PM
 AVERAGE    57

..........................................................


THE BUTTE MT CLIMATE NORMALS FOR TODAY
                         NORMAL    RECORD    YEAR
 MAXIMUM TEMPERATURE (F)   47        68      2004
 MINIMUM TEMPERATURE (F)   24       -15      1936


SUNRISE AND SUNSET
MARCH 30 2017.........SUNRISE   713 AM MDT   SUNSET   756 PM MDT
MARCH 31 2017.........SUNRISE   711 AM MDT   SUNSET   758 PM MDT


-  INDICATES NEGATIVE NUMBERS.
R  INDICATES RECORD WAS SET OR TIED.
MM INDICATES DATA IS MISSING.
T  INDICATES TRACE AMOUNT.




$$
