000
CDUS45 KMSO 280740
CLIBTM


CLIMATE REPORT
NATIONAL WEATHER SERVICE MISSOULA, MT
140 AM MDT SUN AUG 28 2016


...................................

...THE BUTTE MT CLIMATE SUMMARY FOR AUGUST 27 2016...

CLIMATE NORMAL PERIOD 1981 TO 2010
CLIMATE RECORD PERIOD 1895 TO 2016


WEATHER ITEM   OBSERVED TIME   RECORD YEAR NORMAL DEPARTURE LAST
                VALUE   (LST)  VALUE       VALUE  FROM      YEAR
                                                  NORMAL
..................................................................
TEMPERATURE (F)
 YESTERDAY
  MAXIMUM         79    514 PM  93    1924  77      2       82
  MINIMUM         39    508 AM  29    1945  42     -3       52
  AVERAGE         59                        59      0       67

PRECIPITATION (IN)
  YESTERDAY        0.00          0.76 1928   0.05  -0.05      T
  MONTH TO DATE    0.66                      1.19  -0.53     0.32
  SINCE OCT 1      8.80                     11.60  -2.80     8.85
  SINCE JAN 1      6.06                      9.71  -3.65     6.46

SNOWFALL (IN)
  YESTERDAY       MM
  MONTH TO DATE   MM
  SINCE JAN 1     MM
  SINCE JUL 1     MM
  SNOW DEPTH      MM

DEGREE DAYS
 HEATING
  YESTERDAY        6                         6      0        0
  MONTH TO DATE  159                        99     60      113
  SINCE JUN 1    481                       486     -5      365
  SINCE JUL 1    292                       199     93      217

 COOLING
  YESTERDAY        0                         0      0        2
  MONTH TO DATE    4                        24    -20       29
  SINCE JUN 1     51                        75    -24       96
  SINCE JAN 1     51                        75    -24       96
..................................................................


WIND (MPH)
  HIGHEST WIND SPEED    18   HIGHEST WIND DIRECTION    SW (230)
  HIGHEST GUST SPEED    28   HIGHEST GUST DIRECTION    SW (220)
  AVERAGE WIND SPEED     5.1


SKY COVER
  POSSIBLE SUNSHINE  MM
  AVERAGE SKY COVER 0.1


WEATHER CONDITIONS
 THE FOLLOWING WEATHER WAS RECORDED YESTERDAY.
  NO SIGNIFICANT WEATHER WAS OBSERVED.


RELATIVE HUMIDITY (PERCENT)
 HIGHEST    64           500 AM
 LOWEST     16           500 PM
 AVERAGE    40

..........................................................


THE BUTTE MT CLIMATE NORMALS FOR TODAY
                         NORMAL    RECORD    YEAR
 MAXIMUM TEMPERATURE (F)   76        93      1934
 MINIMUM TEMPERATURE (F)   41        26      1960


SUNRISE AND SUNSET
AUGUST 28 2016........SUNRISE   646 AM MDT   SUNSET   815 PM MDT
AUGUST 29 2016........SUNRISE   648 AM MDT   SUNSET   813 PM MDT


-  INDICATES NEGATIVE NUMBERS.
R  INDICATES RECORD WAS SET OR TIED.
MM INDICATES DATA IS MISSING.
T  INDICATES TRACE AMOUNT.




$$
