000
CDUS45 KMSO 302331
CLIBTM


CLIMATE REPORT
NATIONAL WEATHER SERVICE MISSOULA, MT
431 PM MST FRI JAN 30 2015


...................................

...THE BUTTE MT CLIMATE SUMMARY FOR JANUARY 30 2015...
VALID TODAY AS OF 0400 PM LOCAL TIME.

CLIMATE NORMAL PERIOD 1981 TO 2010
CLIMATE RECORD PERIOD 1895 TO 2015


WEATHER ITEM   OBSERVED TIME   RECORD YEAR NORMAL DEPARTURE LAST
                VALUE   (LST)  VALUE       VALUE  FROM      YEAR
                                                  NORMAL
..................................................................
TEMPERATURE (F)
 TODAY
  MAXIMUM         39    221 PM  56    1971  33      6       29
  MINIMUM         14    754 AM -39    1951   8      6       -1
  AVERAGE         27                        20      7       14

PRECIPITATION (IN)
  TODAY            0.00          0.20 1899   0.02  -0.02     0.11
  MONTH TO DATE    0.17                      0.46  -0.29     0.22
  SINCE OCT 1      2.56                      2.35   0.21     1.26
  SINCE JAN 1      0.17                      0.46  -0.29     0.22

SNOWFALL (IN)
  TODAY           MM
  MONTH TO DATE   MM
  SINCE JAN 1     MM
  SINCE JUL 1     MM
  SNOW DEPTH      MM

DEGREE DAYS
 HEATING
  TODAY           38                        45     -7       51
  MONTH TO DATE 1211                      1364   -153     1195
  SINCE DEC 1   2526                      2838   -312     2653
  SINCE JUL 1   4856                      5328   -472     4913

 COOLING
  TODAY            0                         0      0        0
  MONTH TO DATE    0                         0      0        0
  SINCE DEC 1      0                         0      0        0
  SINCE JAN 1      0                         0      0        0
..................................................................


WIND (MPH)
  HIGHEST WIND SPEED     6   HIGHEST WIND DIRECTION     W (290)
  HIGHEST GUST SPEED     8   HIGHEST GUST DIRECTION     W (290)
  AVERAGE WIND SPEED     1.9


SKY COVER
  POSSIBLE SUNSHINE  MM
  AVERAGE SKY COVER 0.0


WEATHER CONDITIONS
 THE FOLLOWING WEATHER WAS RECORDED TODAY.
  NO SIGNIFICANT WEATHER WAS OBSERVED.


RELATIVE HUMIDITY (PERCENT)
 HIGHEST    92          1200 AM
 LOWEST     40           200 PM
 AVERAGE    66

..........................................................


THE BUTTE MT CLIMATE NORMALS FOR TOMORROW
                         NORMAL    RECORD    YEAR
 MAXIMUM TEMPERATURE (F)   33        55      1992
 MINIMUM TEMPERATURE (F)    8       -39      1951


SUNRISE AND SUNSET
JANUARY 30 2015.......SUNRISE   755 AM MST   SUNSET   532 PM MST
JANUARY 31 2015.......SUNRISE   754 AM MST   SUNSET   534 PM MST


-  INDICATES NEGATIVE NUMBERS.
R  INDICATES RECORD WAS SET OR TIED.
MM INDICATES DATA IS MISSING.
T  INDICATES TRACE AMOUNT.




$$
