000
CDUS45 KMSO 092230
CLIBTM


CLIMATE REPORT
NATIONAL WEATHER SERVICE MISSOULA, MT
430 PM MDT WED JUL 9 2014


...................................

...THE BUTTE MT CLIMATE SUMMARY FOR JULY 9 2014...
VALID TODAY AS OF 0400 PM LOCAL TIME.

CLIMATE NORMAL PERIOD 1981 TO 2010
CLIMATE RECORD PERIOD 1895 TO 2014


WEATHER ITEM   OBSERVED TIME   RECORD YEAR NORMAL DEPARTURE LAST
                VALUE   (LST)  VALUE       VALUE  FROM      YEAR
                                                  NORMAL
..................................................................
TEMPERATURE (F)
 TODAY
  MAXIMUM         87    249 PM  95    1985  79      8       85
  MINIMUM         50    545 AM  34    2009  45      5       44
  AVERAGE         69                        62      7       65

PRECIPITATION (IN)
  TODAY            0.00          0.63 1983   0.04  -0.04     0.00
  MONTH TO DATE    0.03                      0.42  -0.39     0.26
  SINCE OCT 1      8.78                      9.48  -0.70     6.85
  SINCE JAN 1      7.74                      7.59   0.15     5.22

SNOWFALL (IN)
  TODAY           MM
  MONTH TO DATE   MM
  SINCE JAN 1     MM
  SINCE JUL 1     MM
  SNOW DEPTH      MM

DEGREE DAYS
 HEATING
  TODAY            0                         4     -4        0
  MONTH TO DATE    9                        42    -33        3
  SINCE JUN 1    362                       329     33      246
  SINCE JUL 1      9                        42    -33        3

 COOLING
  TODAY            4                         1      3        0
  MONTH TO DATE   24                         9     15       36
  SINCE JUN 1     24                        16      8       49
  SINCE JAN 1     24                        16      8       49
..................................................................


WIND (MPH)
  HIGHEST WIND SPEED    10   HIGHEST WIND DIRECTION     N (20)
  HIGHEST GUST SPEED    15   HIGHEST GUST DIRECTION     N (10)
  AVERAGE WIND SPEED     3.9


SKY COVER
  POSSIBLE SUNSHINE  MM
  AVERAGE SKY COVER 0.0


WEATHER CONDITIONS
 THE FOLLOWING WEATHER WAS RECORDED TODAY.
  NO SIGNIFICANT WEATHER WAS OBSERVED.


RELATIVE HUMIDITY (PERCENT)
 HIGHEST    80           400 AM
 LOWEST     16           300 PM
 AVERAGE    48

..........................................................


THE BUTTE MT CLIMATE NORMALS FOR TOMORROW
                         NORMAL    RECORD    YEAR
 MAXIMUM TEMPERATURE (F)   80        96      1973
 MINIMUM TEMPERATURE (F)   45        36      1972


SUNRISE AND SUNSET
JULY  9 2014..........SUNRISE   549 AM MDT   SUNSET   921 PM MDT
JULY 10 2014..........SUNRISE   550 AM MDT   SUNSET   921 PM MDT


-  INDICATES NEGATIVE NUMBERS.
R  INDICATES RECORD WAS SET OR TIED.
MM INDICATES DATA IS MISSING.
T  INDICATES TRACE AMOUNT.




$$
