000
CDUS45 KMSO 262233
CLIBTM


CLIMATE REPORT
NATIONAL WEATHER SERVICE MISSOULA, MT
432 PM MDT THU MAR 26 2015


...................................

...THE BUTTE MT CLIMATE SUMMARY FOR MARCH 26 2015...
VALID TODAY AS OF 0400 PM LOCAL TIME.

CLIMATE NORMAL PERIOD 1981 TO 2010
CLIMATE RECORD PERIOD 1895 TO 2015


WEATHER ITEM   OBSERVED TIME   RECORD YEAR NORMAL DEPARTURE LAST
                VALUE   (LST)  VALUE       VALUE  FROM      YEAR
                                                  NORMAL
..................................................................
TEMPERATURE (F)
 TODAY
  MAXIMUM         54    259 PM  64    1997  46      8       41
  MINIMUM         35    306 AM -24    1955  23     12       27
  AVERAGE         45                        35     10       34

PRECIPITATION (IN)
  TODAY            0.00          0.50 1918   0.03  -0.03     0.03
  MONTH TO DATE    0.41                      0.61  -0.20     0.79
  SINCE OCT 1      3.10                      3.40  -0.30     2.69
  SINCE JAN 1      0.71                      1.51  -0.80     1.65

SNOWFALL (IN)
  TODAY           MM
  MONTH TO DATE   MM
  SINCE JAN 1     MM
  SINCE JUL 1     MM
  SNOW DEPTH      MM

DEGREE DAYS
 HEATING
  TODAY           20                        30    -10       31
  MONTH TO DATE  750                       893   -143      910
  SINCE MAR 1    750                       893   -143      910
  SINCE JUL 1   6631                      7462   -831     7288

 COOLING
  TODAY            0                         0      0        0
  MONTH TO DATE    0                         0      0        0
  SINCE MAR 1      0                         0      0        0
  SINCE JAN 1      0                         0      0        0
..................................................................


WIND (MPH)
  HIGHEST WIND SPEED    21   HIGHEST WIND DIRECTION     W (290)
  HIGHEST GUST SPEED    27   HIGHEST GUST DIRECTION     W (290)
  AVERAGE WIND SPEED     7.8


SKY COVER
  POSSIBLE SUNSHINE  MM
  AVERAGE SKY COVER 1.0


WEATHER CONDITIONS
 THE FOLLOWING WEATHER WAS RECORDED TODAY.
  NO SIGNIFICANT WEATHER WAS OBSERVED.


RELATIVE HUMIDITY (PERCENT)
 HIGHEST    76           700 AM
 LOWEST     46           100 PM
 AVERAGE    61

..........................................................


THE BUTTE MT CLIMATE NORMALS FOR TOMORROW
                         NORMAL    RECORD    YEAR
 MAXIMUM TEMPERATURE (F)   47        65      1986
 MINIMUM TEMPERATURE (F)   23       -10      1955


SUNRISE AND SUNSET
MARCH 26 2015.........SUNRISE   722 AM MDT   SUNSET   750 PM MDT
MARCH 27 2015.........SUNRISE   720 AM MDT   SUNSET   752 PM MDT


-  INDICATES NEGATIVE NUMBERS.
R  INDICATES RECORD WAS SET OR TIED.
MM INDICATES DATA IS MISSING.
T  INDICATES TRACE AMOUNT.




$$
