000
CDUS45 KMSO 300739
CLIBTM


CLIMATE REPORT
NATIONAL WEATHER SERVICE MISSOULA, MT
139 AM MDT SAT MAY 30 2015


...................................

...THE BUTTE MT CLIMATE SUMMARY FOR MAY 29 2015...

CLIMATE NORMAL PERIOD 1981 TO 2010
CLIMATE RECORD PERIOD 1895 TO 2015


WEATHER ITEM   OBSERVED TIME   RECORD YEAR NORMAL DEPARTURE LAST
                VALUE   (LST)  VALUE       VALUE  FROM      YEAR
                                                  NORMAL
..................................................................
TEMPERATURE (F)
 YESTERDAY
  MAXIMUM         68    432 PM  87    1936  65      3       64
  MINIMUM         42    602 AM  21    1947  38      4       38
  AVERAGE         55                        51      4       51

PRECIPITATION (IN)
  YESTERDAY        T             0.70 1908   0.09  -0.09     0.00
  MONTH TO DATE    1.52                      1.90  -0.38     0.82
  SINCE OCT 1      5.50                      6.62  -1.12     5.32
  SINCE JAN 1      3.11                      4.73  -1.62     4.28

SNOWFALL (IN)
  YESTERDAY       MM
  MONTH TO DATE   MM
  SINCE JAN 1     MM
  SINCE JUL 1     MM
  SNOW DEPTH      MM

DEGREE DAYS
 HEATING
  YESTERDAY       10                        14     -4       14
  MONTH TO DATE  504                       514    -10      503
  SINCE MAR 1   2128                      2336   -208     2346
  SINCE JUL 1   8009                      8905   -896     8724

 COOLING
  YESTERDAY        0                         0      0        0
  MONTH TO DATE    0                         0      0        0
  SINCE MAR 1      0                         0      0        0
  SINCE JAN 1      0                         0      0        0
..................................................................


WIND (MPH)
  HIGHEST WIND SPEED    17   HIGHEST WIND DIRECTION    SE (140)
  HIGHEST GUST SPEED    24   HIGHEST GUST DIRECTION     S (160)
  AVERAGE WIND SPEED     6.8


SKY COVER
  POSSIBLE SUNSHINE  MM
  AVERAGE SKY COVER 0.4


WEATHER CONDITIONS
 THE FOLLOWING WEATHER WAS RECORDED YESTERDAY.
  LIGHT RAIN


RELATIVE HUMIDITY (PERCENT)
 HIGHEST    92           400 AM
 LOWEST     40           400 PM
 AVERAGE    66

..........................................................


THE BUTTE MT CLIMATE NORMALS FOR TODAY
                         NORMAL    RECORD    YEAR
 MAXIMUM TEMPERATURE (F)   65        87      1986
 MINIMUM TEMPERATURE (F)   38        24      1920


SUNRISE AND SUNSET
MAY 30 2015...........SUNRISE   544 AM MDT   SUNSET   911 PM MDT
MAY 31 2015...........SUNRISE   544 AM MDT   SUNSET   912 PM MDT


-  INDICATES NEGATIVE NUMBERS.
R  INDICATES RECORD WAS SET OR TIED.
MM INDICATES DATA IS MISSING.
T  INDICATES TRACE AMOUNT.




$$
