000
CDUS45 KMSO 030738
CLIBTM


CLIMATE REPORT
NATIONAL WEATHER SERVICE MISSOULA, MT
137 AM MDT WED SEP 3 2014


...................................

...THE BUTTE MT CLIMATE SUMMARY FOR SEPTEMBER 2 2014...

CLIMATE NORMAL PERIOD 1981 TO 2010
CLIMATE RECORD PERIOD 1895 TO 2014


WEATHER ITEM   OBSERVED TIME   RECORD YEAR NORMAL DEPARTURE LAST
                VALUE   (LST)  VALUE       VALUE  FROM      YEAR
                                                  NORMAL
..................................................................
TEMPERATURE (F)
 YESTERDAY
  MAXIMUM         75    412 PM  92    1998  74      1       82
  MINIMUM         35    552 AM  25    1959  40     -5       49
  AVERAGE         55                        57     -2       66

PRECIPITATION (IN)
  YESTERDAY        0.00          0.77 1921   0.04  -0.04      T
  MONTH TO DATE    0.00                      0.08  -0.08      T
  SINCE OCT 1     12.51                     11.85   0.66     8.92
  SINCE JAN 1     11.47                      9.96   1.51     7.29

SNOWFALL (IN)
  YESTERDAY       MM
  MONTH TO DATE   MM
  SINCE JAN 1     MM
  SINCE JUL 1     MM
  SNOW DEPTH      MM

DEGREE DAYS
 HEATING
  YESTERDAY       10                         8      2        0
  MONTH TO DATE   22                        16      6        0
  SINCE SEP 1     22                        16      6        0
  SINCE JUL 1    185                       244    -59       67

 COOLING
  YESTERDAY        0                         0      0        1
  MONTH TO DATE    0                         0      0        2
  SINCE SEP 1      0                         0      0        2
  SINCE JAN 1     77                        79     -2       98
..................................................................


WIND (MPH)
  HIGHEST WIND SPEED    20   HIGHEST WIND DIRECTION     W (260)
  HIGHEST GUST SPEED    27   HIGHEST GUST DIRECTION     W (260)
  AVERAGE WIND SPEED     5.2


SKY COVER
  POSSIBLE SUNSHINE  MM
  AVERAGE SKY COVER 0.0


WEATHER CONDITIONS
 THE FOLLOWING WEATHER WAS RECORDED YESTERDAY.
  NO SIGNIFICANT WEATHER WAS OBSERVED.


RELATIVE HUMIDITY (PERCENT)
 HIGHEST    92           500 AM
 LOWEST     17           300 PM
 AVERAGE    55

..........................................................


THE BUTTE MT CLIMATE NORMALS FOR TODAY
                         NORMAL    RECORD    YEAR
 MAXIMUM TEMPERATURE (F)   74        92      1998
 MINIMUM TEMPERATURE (F)   40        23      1958


SUNRISE AND SUNSET
SEPTEMBER  3 2014.....SUNRISE   653 AM MDT   SUNSET   804 PM MDT
SEPTEMBER  4 2014.....SUNRISE   655 AM MDT   SUNSET   802 PM MDT


-  INDICATES NEGATIVE NUMBERS.
R  INDICATES RECORD WAS SET OR TIED.
MM INDICATES DATA IS MISSING.
T  INDICATES TRACE AMOUNT.




$$
