000
CDUS45 KMSO 260741
CLIBTM


CLIMATE REPORT
NATIONAL WEATHER SERVICE MISSOULA, MT
141 AM MDT SUN OCT 26 2014


...................................

...THE BUTTE MT CLIMATE SUMMARY FOR OCTOBER 25 2014...

CLIMATE NORMAL PERIOD 1981 TO 2010
CLIMATE RECORD PERIOD 1895 TO 2014


WEATHER ITEM   OBSERVED TIME   RECORD YEAR NORMAL DEPARTURE LAST
                VALUE   (LST)  VALUE       VALUE  FROM      YEAR
                                                  NORMAL
..................................................................
TEMPERATURE (F)
 YESTERDAY
  MAXIMUM         67    249 PM  71    1999  51     16       62
                                      1990
  MINIMUM         28    746 AM   0    1919  24      4       21
  AVERAGE         48                        38     10       42

PRECIPITATION (IN)
  YESTERDAY        T             0.45 1910   0.03  -0.03     0.00
  MONTH TO DATE    0.79                      0.66   0.13     0.17
  SINCE OCT 1      0.79                      0.66   0.13     0.17
  SINCE JAN 1     13.23                     11.54   1.69    10.45

SNOWFALL (IN)
  YESTERDAY       MM
  MONTH TO DATE   MM
  SINCE JAN 1     MM
  SINCE JUL 1     MM
  SNOW DEPTH      MM

DEGREE DAYS
 HEATING
  YESTERDAY       17                        27    -10       23
  MONTH TO DATE  443                       577   -134      660
  SINCE SEP 1    811                       970   -159      968
  SINCE JUL 1    974                      1198   -224     1035

 COOLING
  YESTERDAY        0                         0      0        0
  MONTH TO DATE    0                         0      0        0
  SINCE SEP 1      1                         2     -1        8
  SINCE JAN 1     78                        81     -3      104
..................................................................


WIND (MPH)
  HIGHEST WIND SPEED    22   HIGHEST WIND DIRECTION     S (180)
  HIGHEST GUST SPEED    33   HIGHEST GUST DIRECTION    SW (210)
  AVERAGE WIND SPEED     6.4


SKY COVER
  POSSIBLE SUNSHINE  MM
  AVERAGE SKY COVER 0.1


WEATHER CONDITIONS
 THE FOLLOWING WEATHER WAS RECORDED YESTERDAY.
  FOG


RELATIVE HUMIDITY (PERCENT)
 HIGHEST   100           300 AM
 LOWEST     26           300 PM
 AVERAGE    63

..........................................................


THE BUTTE MT CLIMATE NORMALS FOR TODAY
                         NORMAL    RECORD    YEAR
 MAXIMUM TEMPERATURE (F)   51        75      1944
 MINIMUM TEMPERATURE (F)   24         9      2002


SUNRISE AND SUNSET
OCTOBER 26 2014.......SUNRISE   802 AM MDT   SUNSET   625 PM MDT
OCTOBER 27 2014.......SUNRISE   803 AM MDT   SUNSET   624 PM MDT


-  INDICATES NEGATIVE NUMBERS.
R  INDICATES RECORD WAS SET OR TIED.
MM INDICATES DATA IS MISSING.
T  INDICATES TRACE AMOUNT.




$$
