000
CDUS44 KLIX 200703
CLIBTR


CLIMATE REPORT
NATIONAL WEATHER SERVICE NEW ORLEANS
203 AM CDT SUN APR 20 2014


...................................

...THE BATON ROUGE  ASOS CLIMATE SUMMARY FOR APRIL 19 2014...

CLIMATE NORMAL PERIOD 1981 TO 2010
CLIMATE RECORD PERIOD 1894 TO 2014


WEATHER ITEM   OBSERVED TIME   RECORD YEAR NORMAL DEPARTURE LAST
                VALUE   (LST)  VALUE       VALUE  FROM      YEAR
                                                  NORMAL
..................................................................
TEMPERATURE (F)
 YESTERDAY
  MAXIMUM         82    349 PM  90    2006  80      2       62
                                      1987
  MINIMUM         52    613 AM  40    2001  58     -6       44
  AVERAGE         67                        69     -2       53

PRECIPITATION (IN)
  YESTERDAY        0.00          1.73 1914   0.15  -0.15     0.01
  MONTH TO DATE    3.51                      2.92   0.59     4.30
  SINCE MAR 1      6.73                      7.33  -0.60     7.21
  SINCE JAN 1     16.00                     18.09  -2.09    29.25

SNOWFALL (IN)
  YESTERDAY        0.0
  MONTH TO DATE    0.0
  SINCE MAR 1      0.0
  SINCE JUL 1      0.4
  SNOW DEPTH       0

DEGREE DAYS
 HEATING
  YESTERDAY        0                         1     -1       12
  MONTH TO DATE   51                        43      8       53
  SINCE MAR 1    272                       210     62      329
  SINCE JUL 1   1978                      1545    433     1501

 COOLING
  YESTERDAY        2                         5     -3        0
  MONTH TO DATE   64                        75    -11       77
  SINCE MAR 1     90                       133    -43       96
  SINCE JAN 1    110                       164    -54      121
..................................................................


WIND (MPH)
  HIGHEST WIND SPEED    12   HIGHEST WIND DIRECTION    NW (300)
  HIGHEST GUST SPEED    15   HIGHEST GUST DIRECTION     W (290)
  AVERAGE WIND SPEED     2.4


SKY COVER
  POSSIBLE SUNSHINE  MM
  AVERAGE SKY COVER 0.0


WEATHER CONDITIONS
 THE FOLLOWING WEATHER WAS RECORDED YESTERDAY.
  FOG


RELATIVE HUMIDITY (PERCENT)
 HIGHEST    93           200 AM
 LOWEST     36           200 PM
 AVERAGE    65

..........................................................


THE BATON ROUGE  ASOS CLIMATE NORMALS FOR TODAY
                         NORMAL    RECORD    YEAR
 MAXIMUM TEMPERATURE (F)   80        93      1908
 MINIMUM TEMPERATURE (F)   58        39      2013


SUNRISE AND SUNSET
APRIL 20 2014.........SUNRISE   632 AM CDT   SUNSET   736 PM CDT
APRIL 21 2014.........SUNRISE   631 AM CDT   SUNSET   736 PM CDT


-  INDICATES NEGATIVE NUMBERS.
R  INDICATES RECORD WAS SET OR TIED.
MM INDICATES DATA IS MISSING.
T  INDICATES TRACE AMOUNT.




$$
