000
CDUS44 KLIX 302125
CLIBTR


CLIMATE REPORT
NATIONAL WEATHER SERVICE NEW ORLEANS
425 PM CDT MON MAR 30 2015


...................................

...THE BATON ROUGE  ASOS CLIMATE SUMMARY FOR MARCH 30 2015...
VALID TODAY AS OF 0400 PM LOCAL TIME.

CLIMATE NORMAL PERIOD 1981 TO 2010
CLIMATE RECORD PERIOD 1894 TO 2015


WEATHER ITEM   OBSERVED TIME   RECORD YEAR NORMAL DEPARTURE LAST
                VALUE   (LST)  VALUE       VALUE  FROM      YEAR
                                                  NORMAL
..................................................................
TEMPERATURE (F)
 TODAY
  MAXIMUM         84    114 PM  90    1946  76      8       74
  MINIMUM         58    629 AM  33    1944  53      5       43
  AVERAGE         71

PRECIPITATION (IN)
  TODAY            0.00          2.01 1988   0.16  -0.16     0.00
  MONTH TO DATE    3.38                      4.26  -0.88     3.22
  SINCE MAR 1      3.38                      4.26  -0.88     3.22
  SINCE JAN 1     13.13                     15.02  -1.89    12.49

SNOWFALL (IN)
  TODAY            0.0
  MONTH TO DATE    T
  SINCE MAR 1      T
  SINCE JUL 1      T
  SNOW DEPTH       0

DEGREE DAYS
 HEATING
  TODAY            0                         3     -3        6
  MONTH TO DATE   93                       164    -71      216
  SINCE MAR 1     93                       164    -71      216
  SINCE JUL 1   1635                      1499    136     1922

 COOLING
  TODAY            6                         3      3        0
  MONTH TO DATE   97                        56     41       26
  SINCE MAR 1     97                        56     41       26
  SINCE JAN 1    101                        87     14       46
..................................................................


WIND (MPH)
  HIGHEST WIND SPEED    16   HIGHEST WIND DIRECTION     W (260)
  HIGHEST GUST SPEED    20   HIGHEST GUST DIRECTION    SW (240)
  AVERAGE WIND SPEED     5.6


SKY COVER
  POSSIBLE SUNSHINE  MM
  AVERAGE SKY COVER 0.4


WEATHER CONDITIONS
 THE FOLLOWING WEATHER WAS RECORDED TODAY.
  FOG


RELATIVE HUMIDITY (PERCENT)
 HIGHEST   100           600 AM
 LOWEST     43           200 PM
 AVERAGE    72

..........................................................


THE BATON ROUGE  ASOS CLIMATE NORMALS FOR TOMORROW
                         NORMAL    RECORD    YEAR
 MAXIMUM TEMPERATURE (F)   76        91      1946
 MINIMUM TEMPERATURE (F)   53        33      2003


SUNRISE AND SUNSET
MARCH 30 2015.........SUNRISE   656 AM CDT   SUNSET   722 PM CDT
MARCH 31 2015.........SUNRISE   655 AM CDT   SUNSET   723 PM CDT


-  INDICATES NEGATIVE NUMBERS.
R  INDICATES RECORD WAS SET OR TIED.
MM INDICATES DATA IS MISSING.
T  INDICATES TRACE AMOUNT.




$$
