000
CDUS44 KLIX 210802
CLIBTR


CLIMATE REPORT
NATIONAL WEATHER SERVICE NEW ORLEANS
202 AM CST SUN DEC 21 2014


...................................

...THE BATON ROUGE  ASOS CLIMATE SUMMARY FOR DECEMBER 20 2014...

CLIMATE NORMAL PERIOD 1981 TO 2010
CLIMATE RECORD PERIOD 1894 TO 2014


WEATHER ITEM   OBSERVED TIME   RECORD YEAR NORMAL DEPARTURE LAST
                VALUE   (LST)  VALUE       VALUE  FROM      YEAR
                                                  NORMAL
..................................................................
TEMPERATURE (F)
 YESTERDAY
  MAXIMUM         51    421 PM  81    1967  63    -12       80
  MINIMUM         42   1129 PM  18    1996  42      0       62
  AVERAGE         47                        53     -6       71

PRECIPITATION (IN)
  YESTERDAY        0.03          2.41 1918   0.19  -0.16      T
  MONTH TO DATE    2.57                      3.53  -0.96     3.06
  SINCE DEC 1      2.57                      3.53  -0.96     3.06
  SINCE JAN 1     58.60                     58.58   0.02    68.20

SNOWFALL (IN)
  YESTERDAY       MM
  MONTH TO DATE    0.0
  SINCE DEC 1      0.0
  SINCE JUL 1      0.0
  SNOW DEPTH       0

DEGREE DAYS
 HEATING
  YESTERDAY       18                        13      5        0
  MONTH TO DATE  163                       232    -69      255
  SINCE DEC 1    163                       232    -69      255
  SINCE JUL 1    504                       467     37      542

 COOLING
  YESTERDAY        0                         1     -1        6
  MONTH TO DATE   13                        20     -7       38
  SINCE DEC 1     13                        20     -7       38
  SINCE JAN 1   2693                      2821   -128     2704
..................................................................


WIND (MPH)
  HIGHEST WIND SPEED    13   HIGHEST WIND DIRECTION    NE (30)
  HIGHEST GUST SPEED    17   HIGHEST GUST DIRECTION    NE (30)
  AVERAGE WIND SPEED     5.1


SKY COVER
  POSSIBLE SUNSHINE  MM
  AVERAGE SKY COVER 0.7


WEATHER CONDITIONS
 THE FOLLOWING WEATHER WAS RECORDED YESTERDAY.
  LIGHT RAIN
  FOG


RELATIVE HUMIDITY (PERCENT)
 HIGHEST   100          1100 PM
 LOWEST     83           200 PM
 AVERAGE    92

..........................................................


THE BATON ROUGE  ASOS CLIMATE NORMALS FOR TODAY
                         NORMAL    RECORD    YEAR
 MAXIMUM TEMPERATURE (F)   63        81      1967
 MINIMUM TEMPERATURE (F)   42        22      1901


SUNRISE AND SUNSET
DECEMBER 21 2014......SUNRISE   658 AM CST   SUNSET   508 PM CST
DECEMBER 22 2014......SUNRISE   658 AM CST   SUNSET   508 PM CST


-  INDICATES NEGATIVE NUMBERS.
R  INDICATES RECORD WAS SET OR TIED.
MM INDICATES DATA IS MISSING.
T  INDICATES TRACE AMOUNT.




$$
