000
CDUS44 KLIX 310720
CLIBTR


CLIMATE REPORT
NATIONAL WEATHER SERVICE NEW ORLEANS
220 AM CDT TUE MAY 31 2016


...................................

...THE BATON ROUGE  ASOS CLIMATE SUMMARY FOR MAY 30 2016...

CLIMATE NORMAL PERIOD 1981 TO 2010
CLIMATE RECORD PERIOD 1894 TO 2016


WEATHER ITEM   OBSERVED TIME   RECORD YEAR NORMAL DEPARTURE LAST
                VALUE   (LST)  VALUE       VALUE  FROM      YEAR
                                                  NORMAL
..................................................................
TEMPERATURE (F)
 YESTERDAY
  MAXIMUM         91    419 PM  96    1921  89      2       89
                                      1896
  MINIMUM         70    514 AM  50    1984  69      1       68
  AVERAGE         81                        79      2       79

PRECIPITATION (IN)
  YESTERDAY        T             2.86 2015   0.17  -0.17     2.86
  MONTH TO DATE    6.11                      4.73   1.38     9.68
  SINCE MAR 1     20.85                     13.60   7.25    21.14
  SINCE JAN 1     30.16                     24.36   5.80    30.89

SNOWFALL (IN)
  YESTERDAY        0.0
  MONTH TO DATE    0.0
  SINCE MAR 1      0.0
  SINCE JUL 1      0.0
  SNOW DEPTH       0

DEGREE DAYS
 HEATING
  YESTERDAY        0                         0      0        0
  MONTH TO DATE    0                         0      0        0
  SINCE MAR 1     88                       218   -130       99
  SINCE JUL 1   1079                      1553   -474     1641

 COOLING
  YESTERDAY       16                        14      2       14
  MONTH TO DATE  287                       320    -33      348
  SINCE MAR 1    543                       520     23      655
  SINCE JAN 1    560                       551      9      659
..................................................................


WIND (MPH)
  HIGHEST WIND SPEED    23   HIGHEST WIND DIRECTION    SE (130)
  HIGHEST GUST SPEED    29   HIGHEST GUST DIRECTION    SE (120)
  AVERAGE WIND SPEED     4.1


SKY COVER
  POSSIBLE SUNSHINE  MM
  AVERAGE SKY COVER 0.2


WEATHER CONDITIONS
 THE FOLLOWING WEATHER WAS RECORDED YESTERDAY.
  THUNDERSTORM
  LIGHT RAIN
  FOG


RELATIVE HUMIDITY (PERCENT)
 HIGHEST    93           300 AM
 LOWEST     44           400 PM
 AVERAGE    69

..........................................................


THE BATON ROUGE  ASOS CLIMATE NORMALS FOR TODAY
                         NORMAL    RECORD    YEAR
 MAXIMUM TEMPERATURE (F)   89        97      1998
 MINIMUM TEMPERATURE (F)   69        49      1984


SUNRISE AND SUNSET
MAY 31 2016...........SUNRISE   603 AM CDT   SUNSET   802 PM CDT
JUNE  1 2016..........SUNRISE   603 AM CDT   SUNSET   803 PM CDT


-  INDICATES NEGATIVE NUMBERS.
R  INDICATES RECORD WAS SET OR TIED.
MM INDICATES DATA IS MISSING.
T  INDICATES TRACE AMOUNT.




$$
