000
CDUS44 KLIX 182121
CLIBTR


CLIMATE REPORT
NATIONAL WEATHER SERVICE NEW ORLEANS
421 PM CDT FRI AUG 18 2017


...................................

...THE BATON ROUGE  ASOS CLIMATE SUMMARY FOR AUGUST 18 2017...
VALID TODAY AS OF 0400 PM LOCAL TIME.

CLIMATE NORMAL PERIOD 1981 TO 2010
CLIMATE RECORD PERIOD 1894 TO 2017


WEATHER ITEM   OBSERVED TIME   RECORD YEAR NORMAL DEPARTURE LAST
                VALUE   (LST)  VALUE       VALUE  FROM      YEAR
                                                  NORMAL
..................................................................
TEMPERATURE (F)
 TODAY
  MAXIMUM         94    259 PM 101    2011  93      1       92
  MINIMUM         76    536 AM  64    2004  74      2       73
  AVERAGE         85

PRECIPITATION (IN)
  TODAY            0.00          2.23 2010   0.19  -0.19      T
  MONTH TO DATE    3.27                      3.47  -0.20    26.84
  SINCE JUN 1     19.27                     14.84   4.43    40.82
  SINCE JAN 1     50.92                     39.36  11.56    71.03

SNOWFALL (IN)
  TODAY            0.0
  MONTH TO DATE    0.0
  SINCE JUN 1      0.0
  SINCE JUL 1      0.0
  SNOW DEPTH       0

DEGREE DAYS
 HEATING
  TODAY            0                         0      0        0
  MONTH TO DATE    0                         0      0        0
  SINCE JUN 1      0                         0      0        0
  SINCE JUL 1      0                         0      0        0

 COOLING
  TODAY           20                        18      2       18
  MONTH TO DATE  319                       324     -5      326
  SINCE JUN 1   1319                      1364    -45     1451
  SINCE JAN 1   2056                      1929    127     2027
..................................................................


WIND (MPH)
  HIGHEST WIND SPEED    13   HIGHEST WIND DIRECTION     W (270)
  HIGHEST GUST SPEED    17   HIGHEST GUST DIRECTION     W (270)
  AVERAGE WIND SPEED     5.7


SKY COVER
  POSSIBLE SUNSHINE  MM
  AVERAGE SKY COVER 0.2


WEATHER CONDITIONS
 THE FOLLOWING WEATHER WAS RECORDED TODAY.
  NO SIGNIFICANT WEATHER WAS OBSERVED.


RELATIVE HUMIDITY (PERCENT)
 HIGHEST    94           500 AM
 LOWEST     49           100 PM
 AVERAGE    72

..........................................................


THE BATON ROUGE  ASOS CLIMATE NORMALS FOR TOMORROW
                         NORMAL    RECORD    YEAR
 MAXIMUM TEMPERATURE (F)   93       110      1909
 MINIMUM TEMPERATURE (F)   74        65      1943


SUNRISE AND SUNSET
AUGUST 18 2017........SUNRISE   633 AM CDT   SUNSET   743 PM CDT
AUGUST 19 2017........SUNRISE   634 AM CDT   SUNSET   742 PM CDT


-  INDICATES NEGATIVE NUMBERS.
R  INDICATES RECORD WAS SET OR TIED.
MM INDICATES DATA IS MISSING.
T  INDICATES TRACE AMOUNT.




$$
