000
CDUS44 KLIX 082255
CLIBTR


CLIMATE REPORT
NATIONAL WEATHER SERVICE NEW ORLEANS
454 PM CST THU DEC 8 2016


...................................

...THE BATON ROUGE  ASOS CLIMATE SUMMARY FOR DECEMBER 8 2016...
VALID TODAY AS OF 0400 PM LOCAL TIME.

CLIMATE NORMAL PERIOD 1981 TO 2010
CLIMATE RECORD PERIOD 1894 TO 2016


WEATHER ITEM   OBSERVED TIME   RECORD YEAR NORMAL DEPARTURE LAST
                VALUE   (LST)  VALUE       VALUE  FROM      YEAR
                                                  NORMAL
..................................................................
TEMPERATURE (F)
 TODAY
  MAXIMUM         53    259 PM  88    1924  65    -12       71
                                      1894
  MINIMUM         48   1116 AM  24    2006  44      4       41
                                      1903
  AVERAGE         51

PRECIPITATION (IN)
  TODAY            0.01          3.52 2009   0.18  -0.17     0.00
  MONTH TO DATE    4.50                      1.34   3.16     0.38
  SINCE DEC 1      4.50                      1.34   3.16     0.38
  SINCE JAN 1     85.33                     56.39  28.94    71.64

SNOWFALL (IN)
  TODAY           MM
  MONTH TO DATE    0.0
  SINCE DEC 1      0.0
  SINCE JUL 1      0.0
  SNOW DEPTH       0

DEGREE DAYS
 HEATING
  TODAY           14                        11      3        9
  MONTH TO DATE   74                        85    -11       70
  SINCE DEC 1     74                        85    -11       70
  SINCE JUL 1    187                       320   -133      181

 COOLING
  TODAY            0                         1     -1        0
  MONTH TO DATE    0                         8     -8        0
  SINCE DEC 1      0                         8     -8        0
  SINCE JAN 1   3121                      2809    312     3124
..................................................................


WIND (MPH)
  HIGHEST WIND SPEED    20   HIGHEST WIND DIRECTION     N (20)
  HIGHEST GUST SPEED    25   HIGHEST GUST DIRECTION     N (20)
  AVERAGE WIND SPEED    10.7


SKY COVER
  POSSIBLE SUNSHINE  MM
  AVERAGE SKY COVER 0.8


WEATHER CONDITIONS
 THE FOLLOWING WEATHER WAS RECORDED TODAY.
  LIGHT RAIN
  FOG


RELATIVE HUMIDITY (PERCENT)
 HIGHEST    96           100 AM
 LOWEST     59           300 PM
 AVERAGE    78

..........................................................


THE BATON ROUGE  ASOS CLIMATE NORMALS FOR TOMORROW
                         NORMAL    RECORD    YEAR
 MAXIMUM TEMPERATURE (F)   65        83      2007
                                             1971
 MINIMUM TEMPERATURE (F)   44        21      1917


SUNRISE AND SUNSET
DECEMBER  8 2016......SUNRISE   650 AM CST   SUNSET   504 PM CST
DECEMBER  9 2016......SUNRISE   650 AM CST   SUNSET   504 PM CST


-  INDICATES NEGATIVE NUMBERS.
R  INDICATES RECORD WAS SET OR TIED.
MM INDICATES DATA IS MISSING.
T  INDICATES TRACE AMOUNT.




$$
