000
CDUS41 KBTV 270521
CLIBTV


CLIMATE REPORT
NATIONAL WEATHER SERVICE BURLINGTON VT
119 AM EDT MON MAR 27 2017


...................................

...THE BURLINGTON VT CLIMATE SUMMARY FOR MARCH 26 2017...

CLIMATE NORMAL PERIOD 1981 TO 2010
CLIMATE RECORD PERIOD 1884 TO 2017


WEATHER ITEM   OBSERVED TIME   RECORD YEAR NORMAL DEPARTURE LAST
                VALUE   (LST)  VALUE       VALUE  FROM      YEAR
                                                  NORMAL
..................................................................
TEMPERATURE (F)
 YESTERDAY
  MAXIMUM         39    207 PM  71    1945  44     -5       45
  MINIMUM         16    600 AM  -4    1960  26    -10       30
  AVERAGE         28                        35     -7       38

PRECIPITATION (IN)
  YESTERDAY        0.01          0.74 2002   0.08  -0.07     0.00
  MONTH TO DATE    2.36                      1.84   0.52     1.66
  SINCE MAR 1      2.36                      1.84   0.52     1.66
  SINCE JAN 1      7.03                      5.66   1.37     5.99

SNOWFALL (IN)
  YESTERDAY        0.0           7.0  2002   0.4   -0.4      0.0
  MONTH TO DATE   34.3                      14.2   20.1      1.8
  SINCE MAR 1     34.3                      14.2   20.1      1.8
  SINCE JUL 1     93.5                      75.0   18.5     30.8
  SNOW DEPTH       7

DEGREE DAYS
 HEATING
  YESTERDAY       37                        30      7       27
  MONTH TO DATE 1026                       912    114      766
  SINCE MAR 1   1026                       912    114      766
  SINCE JUL 1   5404                      6322   -918     5150

 COOLING
  YESTERDAY        0                         0      0        0
  MONTH TO DATE    0                         0      0        0
  SINCE MAR 1      0                         0      0        0
  SINCE JAN 1      0                         0      0        0
..................................................................


WIND (MPH)
  HIGHEST WIND SPEED    20   HIGHEST WIND DIRECTION     S (170)
  HIGHEST GUST SPEED    27   HIGHEST GUST DIRECTION     S (170)
  AVERAGE WIND SPEED     6.7


SKY COVER
  POSSIBLE SUNSHINE  MM
  AVERAGE SKY COVER 0.6


WEATHER CONDITIONS
 THE FOLLOWING WEATHER WAS RECORDED YESTERDAY.
  LIGHT RAIN
  FOG


RELATIVE HUMIDITY (PERCENT)
 HIGHEST    88           600 AM
 LOWEST     40           100 PM
 AVERAGE    64

..........................................................


THE BURLINGTON VT CLIMATE NORMALS FOR TODAY
                         NORMAL    RECORD    YEAR
 MAXIMUM TEMPERATURE (F)   45        71      1976
                                             1921
 MINIMUM TEMPERATURE (F)   27        -1      1923


SUNRISE AND SUNSET
MARCH 27 2017.........SUNRISE   642 AM EDT   SUNSET   714 PM EDT
MARCH 28 2017.........SUNRISE   641 AM EDT   SUNSET   715 PM EDT


-  INDICATES NEGATIVE NUMBERS.
R  INDICATES RECORD WAS SET OR TIED.
MM INDICATES DATA IS MISSING.
T  INDICATES TRACE AMOUNT.

&&

LAKE CHAMPLAIN DATA:
LEVEL...............96.70 FEET
TEMPERATURE.........34 DEGREES

MOUNT MANSFIELD DATA:
HIGH................29 DEGREES
LOW.................11 DEGREES
PRECIPITATION.......NONE
NEW SNOW............NONE
SNOW AT STAKE.......100 INCHES

$$
