000
CDUS41 KBTV 270606
CLIBTV

CLIMATE REPORT
NATIONAL WEATHER SERVICE BURLINGTON VT
106 AM EST MON FEB 27 2017

...................................

...THE BURLINGTON VT CLIMATE SUMMARY FOR FEBRUARY 26 2017...

CLIMATE NORMAL PERIOD 1981 TO 2010
CLIMATE RECORD PERIOD 1884 TO 2017


WEATHER ITEM   OBSERVED TIME   RECORD YEAR NORMAL DEPARTURE LAST
                VALUE   (LST)  VALUE       VALUE  FROM      YEAR
                                                  NORMAL
..................................................................
TEMPERATURE (F)
 YESTERDAY
  MAXIMUM         38    130 AM  60    2002  34      4       30
                                      1957
  MINIMUM         27   1029 PM -19    1970  15     12       14
  AVERAGE         33                        24      9       22

PRECIPITATION (IN)
  YESTERDAY        T             0.84 1916   0.07  -0.07      T
  MONTH TO DATE    2.67                      1.63   1.04     3.14
  SINCE DEC 1      7.02                      6.07   0.95     8.77
  SINCE JAN 1      4.67                      3.69   0.98     4.33

SNOWFALL (IN)
  YESTERDAY        T             7.9  1972   0.6   -0.6      0.2
  MONTH TO DATE   30.6                      15.3   15.3      8.6
  SINCE DEC 1     54.9                      54.3    0.6     28.8
  SINCE JUL 1     59.2                      59.7   -0.5     29.0
  SNOW DEPTH       0

DEGREE DAYS
 HEATING
  YESTERDAY       32                        41     -9       43
  MONTH TO DATE  925                      1137   -212     1011
  SINCE DEC 1   3122                      3786   -664     3040
  SINCE JUL 1   4327                      5331  -1004     4279

 COOLING
  YESTERDAY        0                         0      0        0
  MONTH TO DATE    0                         0      0        0
  SINCE DEC 1      0                         0      0        0
  SINCE JAN 1      0                         0      0        0
..................................................................


WIND (MPH)
  HIGHEST WIND SPEED    25   HIGHEST WIND DIRECTION     W (290)
  HIGHEST GUST SPEED    34   HIGHEST GUST DIRECTION     W (280)
  AVERAGE WIND SPEED    12.7


SKY COVER
  POSSIBLE SUNSHINE  MM
  AVERAGE SKY COVER 0.5


WEATHER CONDITIONS
 THE FOLLOWING WEATHER WAS RECORDED YESTERDAY.
  LIGHT SNOW


RELATIVE HUMIDITY (PERCENT)
 HIGHEST    92          1200 AM
 LOWEST     35           300 PM
 AVERAGE    64

..........................................................


THE BURLINGTON VT CLIMATE NORMALS FOR TODAY
                         NORMAL    RECORD    YEAR
 MAXIMUM TEMPERATURE (F)   34        57      2000
 MINIMUM TEMPERATURE (F)   16       -21      1963


SUNRISE AND SUNSET
FEBRUARY 27 2017......SUNRISE   633 AM EST   SUNSET   538 PM EST
FEBRUARY 28 2017......SUNRISE   631 AM EST   SUNSET   540 PM EST


-  INDICATES NEGATIVE NUMBERS.
R  INDICATES RECORD WAS SET OR TIED.
MM INDICATES DATA IS MISSING.
T  INDICATES TRACE AMOUNT.

&&

LAKE CHAMPLAIN DATA:
LEVEL...............95.35 FEET
TEMPERATURE.........37 DEGREES

MOUNT MANSFIELD DATA:
HIGH................44 DEGREES
LOW.................11 DEGREES
PRECIPITATION.......0.82 INCHES
NEW SNOW............1.5 INCHES
SNOW AT STAKE.......68 INCHES

$$
