000
CDUS41 KBTV 270534
CLIBTV

CLIMATE REPORT
NATIONAL WEATHER SERVICE BURLINGTON VT
132 AM EDT WED JUL 27 2016

...................................

...THE BURLINGTON VT CLIMATE SUMMARY FOR JULY 26 2016...

CLIMATE NORMAL PERIOD 1981 TO 2010
CLIMATE RECORD PERIOD 1884 TO 2016


WEATHER ITEM   OBSERVED TIME   RECORD YEAR NORMAL DEPARTURE LAST
                VALUE   (LST)  VALUE       VALUE  FROM      YEAR
                                                  NORMAL
..................................................................
TEMPERATURE (F)
 YESTERDAY
  MAXIMUM         84    231 PM  94    1989  81      3       84
                                      1963
                                      1939
  MINIMUM         67   1159 PM  45    1976  61      6       68
  AVERAGE         76                        71      5       76

PRECIPITATION (IN)
  YESTERDAY        0.00          1.56 1986   0.14  -0.14     0.01
  MONTH TO DATE    3.04                      3.48  -0.44     4.30
  SINCE JUN 1      6.09                      7.17  -1.08    12.97
  SINCE JAN 1     16.94                     19.48  -2.54    21.81

SNOWFALL (IN)
  YESTERDAY        0.0           0.0  2002   0.0    0.0      0.0
                                      2001
  MONTH TO DATE    0.0                       0.0    0.0      0.0
  SINCE JUN 1      0.0                       0.0    0.0      0.0
  SINCE JUL 1      0.0                       0.0    0.0      0.0
  SNOW DEPTH       0

DEGREE DAYS
 HEATING
  YESTERDAY        0                         0      0        0
  MONTH TO DATE    3                         8     -5        5
  SINCE JUN 1     51                        81    -30       76
  SINCE JUL 1      3                         8     -5        5

 COOLING
  YESTERDAY       11                         6      5       11
  MONTH TO DATE  213                       156     57      159
  SINCE JUN 1    346                       253     93      234
  SINCE JAN 1    418                       272    146      327
..................................................................


WIND (MPH)
  HIGHEST WIND SPEED    17   HIGHEST WIND DIRECTION    NW (320)
  HIGHEST GUST SPEED    22   HIGHEST GUST DIRECTION    NW (320)
  AVERAGE WIND SPEED     7.3


SKY COVER
  POSSIBLE SUNSHINE  MM
  AVERAGE SKY COVER 0.5


WEATHER CONDITIONS
 THE FOLLOWING WEATHER WAS RECORDED YESTERDAY.
  NO SIGNIFICANT WEATHER WAS OBSERVED.


RELATIVE HUMIDITY (PERCENT)
 HIGHEST    81          1100 PM
 LOWEST     46           300 PM
 AVERAGE    64

..........................................................


THE BURLINGTON VT CLIMATE NORMALS FOR TODAY
                         NORMAL    RECORD    YEAR
 MAXIMUM TEMPERATURE (F)   81        98      1949
 MINIMUM TEMPERATURE (F)   60        46      2001


SUNRISE AND SUNSET
JULY 27 2016..........SUNRISE   535 AM EDT   SUNSET   823 PM EDT
JULY 28 2016..........SUNRISE   536 AM EDT   SUNSET   822 PM EDT


-  INDICATES NEGATIVE NUMBERS.
R  INDICATES RECORD WAS SET OR TIED.
MM INDICATES DATA IS MISSING.
T  INDICATES TRACE AMOUNT.

&&

LAKE CHAMPLAIN DATA:
LEVEL...............94.73 FEET
TEMPERATURE.........73 DEGREES

MOUNT MANSFIELD DATA:
HIGH................65 DEGREES
LOW.................57 DEGREES
PRECIPITATION.......NONE

$$
