000
CDUS41 KBTV 290540
CLIBTV

CLIMATE REPORT
NATIONAL WEATHER SERVICE BURLINGTON VT
140 AM EDT FRI AUG 29 2014

...................................

...THE BURLINGTON VT CLIMATE SUMMARY FOR AUGUST 28 2014...

CLIMATE NORMAL PERIOD 1981 TO 2010
CLIMATE RECORD PERIOD 1884 TO 2014


WEATHER ITEM   OBSERVED TIME   RECORD YEAR NORMAL DEPARTURE LAST
                VALUE   (LST)  VALUE       VALUE  FROM      YEAR
                                                  NORMAL
..................................................................
TEMPERATURE (F)
 YESTERDAY
  MAXIMUM         73    212 PM  94    1952  77     -4       86
  MINIMUM         60    440 AM  39    1957  57      3       66
                                      1925
  AVERAGE         67                        67      0       76

PRECIPITATION (IN)
  YESTERDAY        0.00          3.38 2011   0.11  -0.11     0.00
  MONTH TO DATE    1.97                      3.58  -1.61     3.07
  SINCE JUN 1     11.86                     11.43   0.43    17.42
  SINCE JAN 1     25.62                     23.74   1.88    32.69

SNOWFALL (IN)
  YESTERDAY        0.0           0.0  2002   0.0    0.0      0.0
                                      2001
  MONTH TO DATE    0.0                       0.0    0.0      0.0
  SINCE JUN 1      0.0                       0.0    0.0      0.0
  SINCE JUL 1      0.0                       0.0    0.0      0.0
  SNOW DEPTH       0

DEGREE DAYS
 HEATING
  YESTERDAY        0                         2     -2        0
  MONTH TO DATE   12                        26    -14        9
  SINCE JUN 1     33                       112    -79       81
  SINCE JUL 1     13                        39    -26       16

 COOLING
  YESTERDAY        2                         4     -2       11
  MONTH TO DATE  131                       136     -5      126
  SINCE JUN 1    459                       420     39      526
  SINCE JAN 1    481                       439     42      573
..................................................................


WIND (MPH)
  HIGHEST WIND SPEED    22   HIGHEST WIND DIRECTION    NW (330)
  HIGHEST GUST SPEED    26   HIGHEST GUST DIRECTION    NW (320)
  AVERAGE WIND SPEED     9.2


SKY COVER
  POSSIBLE SUNSHINE  MM
  AVERAGE SKY COVER 0.7


WEATHER CONDITIONS
 THE FOLLOWING WEATHER WAS RECORDED YESTERDAY.
  NO SIGNIFICANT WEATHER WAS OBSERVED.


RELATIVE HUMIDITY (PERCENT)
 HIGHEST    84           500 AM
 LOWEST     44           100 PM
 AVERAGE    64

..........................................................


THE BURLINGTON VT CLIMATE NORMALS FOR TODAY
                         NORMAL    RECORD    YEAR
 MAXIMUM TEMPERATURE (F)   77        92      1977
                                             1953
 MINIMUM TEMPERATURE (F)   57        41      1986
                                             1941


SUNRISE AND SUNSET
AUGUST 29 2014........SUNRISE   612 AM EDT   SUNSET   734 PM EDT
AUGUST 30 2014........SUNRISE   613 AM EDT   SUNSET   733 PM EDT


-  INDICATES NEGATIVE NUMBERS.
R  INDICATES RECORD WAS SET OR TIED.
MM INDICATES DATA IS MISSING.
T  INDICATES TRACE AMOUNT.

&&

LAKE CHAMPLAIN DATA:
LEVEL...............95.51 FEET
TEMPERATURE.........72 DEGREES

MOUNT MANSFIELD DATA:
HIGH................66 DEGREES
LOW.................46 DEGREES
PRECIPITATION.......0.01 INCHES

$$
