000
CDUS41 KBTV 210522
CLIBTV


CLIMATE REPORT
NATIONAL WEATHER SERVICE BURLINGTON VT
120 AM EDT FRI JUL 21 2017


...................................

...THE BURLINGTON VT CLIMATE SUMMARY FOR JULY 20 2017...

CLIMATE NORMAL PERIOD 1981 TO 2010
CLIMATE RECORD PERIOD 1884 TO 2017


WEATHER ITEM   OBSERVED TIME   RECORD YEAR NORMAL DEPARTURE LAST
                VALUE   (LST)  VALUE       VALUE  FROM      YEAR
                                                  NORMAL
..................................................................
TEMPERATURE (F)
 YESTERDAY
  MAXIMUM         86    205 PM  99    1977  81      5       81
  MINIMUM         65   1159 PM  43    1929  61      4       53
  AVERAGE         76                        71      5       67

PRECIPITATION (IN)
  YESTERDAY        0.00          1.94 1940   0.13  -0.13     0.00
  MONTH TO DATE    1.64                      2.67  -1.03     2.07
  SINCE JUN 1      8.81                      6.36   2.45     5.12
  SINCE JAN 1     25.49                     18.67   6.82    15.97

SNOWFALL (IN)
  YESTERDAY        0.0           0.0  2002   0.0    0.0      0.0
                                      2001
  MONTH TO DATE    0.0                       0.0    0.0      0.0
  SINCE JUN 1      0.0                       0.0    0.0      0.0
  SINCE JUL 1      0.0                       0.0    0.0      0.0
  SNOW DEPTH       0

DEGREE DAYS
 HEATING
  YESTERDAY        0                         0      0        0
  MONTH TO DATE    2                         8     -6        3
  SINCE JUN 1     54                        81    -27       51
  SINCE JUL 1      2                         8     -6        3

 COOLING
  YESTERDAY       11                         6      5        2
  MONTH TO DATE  146                       120     26      154
  SINCE JUN 1    272                       217     55      287
  SINCE JAN 1    314                       236     78      359
..................................................................


WIND (MPH)
  HIGHEST WIND SPEED    14   HIGHEST WIND DIRECTION    NW (310)
  HIGHEST GUST SPEED    19   HIGHEST GUST DIRECTION    NW (300)
  AVERAGE WIND SPEED     3.9


SKY COVER
  POSSIBLE SUNSHINE  MM
  AVERAGE SKY COVER 0.5


WEATHER CONDITIONS
 THE FOLLOWING WEATHER WAS RECORDED YESTERDAY.
  NO SIGNIFICANT WEATHER WAS OBSERVED.


RELATIVE HUMIDITY (PERCENT)
 HIGHEST    90          1200 AM
 LOWEST     40           400 PM
 AVERAGE    65

..........................................................


THE BURLINGTON VT CLIMATE NORMALS FOR TODAY
                         NORMAL    RECORD    YEAR
 MAXIMUM TEMPERATURE (F)   81        97      2011
 MINIMUM TEMPERATURE (F)   61        45      1966


SUNRISE AND SUNSET
JULY 21 2017..........SUNRISE   528 AM EDT   SUNSET   829 PM EDT
JULY 22 2017..........SUNRISE   529 AM EDT   SUNSET   828 PM EDT


-  INDICATES NEGATIVE NUMBERS.
R  INDICATES RECORD WAS SET OR TIED.
MM INDICATES DATA IS MISSING.
T  INDICATES TRACE AMOUNT.

&&

LAKE CHAMPLAIN DATA:
LEVEL...............97.78 FEET
TEMPERATURE.........69 DEGREES

MOUNT MANSFIELD DATA:
HIGH................68 DEGREES
LOW.................58 DEGREES
PRECIPITATION.......NONE

$$
