000
CDUS41 KBTV 180530
CLIBTV


CLIMATE REPORT
NATIONAL WEATHER SERVICE BURLINGTON VT
1227 AM EST WED JAN 18 2017


...................................

...THE BURLINGTON VT CLIMATE SUMMARY FOR JANUARY 17 2017...

CLIMATE NORMAL PERIOD 1981 TO 2010
CLIMATE RECORD PERIOD 1884 TO 2017


WEATHER ITEM   OBSERVED TIME   RECORD YEAR NORMAL DEPARTURE LAST
                VALUE   (LST)  VALUE       VALUE  FROM      YEAR
                                                  NORMAL
..................................................................
TEMPERATURE (F)
 YESTERDAY
  MAXIMUM         40    122 PM  56    1889  27     13       32
  MINIMUM         18    704 AM -22    1974  10      8       24
  AVERAGE         29                        18     11       28

PRECIPITATION (IN)
  YESTERDAY        0.23          0.61 1909   0.06   0.17      T
  MONTH TO DATE    0.78                      1.12  -0.34     0.75
  SINCE DEC 1      3.13                      3.50  -0.37     5.19
  SINCE JAN 1      0.78                      1.12  -0.34     0.75

SNOWFALL (IN)
  YESTERDAY        2.0           8.0  1909   0.7    1.3       T
  MONTH TO DATE    3.3                      11.6   -8.3      6.9
  SINCE DEC 1     20.0                      29.5   -9.5     14.0
  SINCE JUL 1     24.3                      34.9  -10.6     14.2
  SNOW DEPTH       0

DEGREE DAYS
 HEATING
  YESTERDAY       36                        47    -11       37
  MONTH TO DATE  641                       784   -143      663
  SINCE DEC 1   1749                      1998   -249     1457
  SINCE JUL 1   2954                      3543   -589     2696

 COOLING
  YESTERDAY        0                         0      0        0
  MONTH TO DATE    0                         0      0        0
  SINCE DEC 1      0                         0      0        0
  SINCE JAN 1      0                         0      0        0
..................................................................


WIND (MPH)
  HIGHEST WIND SPEED    15   HIGHEST WIND DIRECTION     S (190)
  HIGHEST GUST SPEED    18   HIGHEST GUST DIRECTION     S (200)
  AVERAGE WIND SPEED     3.2


SKY COVER
  POSSIBLE SUNSHINE  MM
  AVERAGE SKY COVER 0.6


WEATHER CONDITIONS
 THE FOLLOWING WEATHER WAS RECORDED YESTERDAY.
  LIGHT SNOW
  FOG


RELATIVE HUMIDITY (PERCENT)
 HIGHEST    92           900 PM
 LOWEST     52          1200 PM
 AVERAGE    72

..........................................................


THE BURLINGTON VT CLIMATE NORMALS FOR TODAY
                         NORMAL    RECORD    YEAR
 MAXIMUM TEMPERATURE (F)   27        53      1996
 MINIMUM TEMPERATURE (F)   10       -24      1974


SUNRISE AND SUNSET
JANUARY 18 2017.......SUNRISE   724 AM EST   SUNSET   443 PM EST
JANUARY 19 2017.......SUNRISE   723 AM EST   SUNSET   444 PM EST


-  INDICATES NEGATIVE NUMBERS.
R  INDICATES RECORD WAS SET OR TIED.
MM INDICATES DATA IS MISSING.
T  INDICATES TRACE AMOUNT.

&&

LAKE CHAMPLAIN DATA:
LEVEL...............95.06 FEET
TEMPERATURE.........37 DEGREES

MOUNT MANSFIELD DATA:
HIGH................32 DEGREES
LOW.................16 DEGREES
PRECIPITATION.......NONE
NEW SNOW............NONE
SNOW AT STAKE.......48 INCHES

$$
