000
CDUS41 KBTV 240539
CLIBTV

CLIMATE REPORT
NATIONAL WEATHER SERVICE BURLINGTON VT
136 AM EDT TUE MAY 24 2016

...................................

...THE BURLINGTON VT CLIMATE SUMMARY FOR MAY 23 2016...

CLIMATE NORMAL PERIOD 1981 TO 2010
CLIMATE RECORD PERIOD 1884 TO 2016


WEATHER ITEM   OBSERVED TIME   RECORD YEAR NORMAL DEPARTURE LAST
                VALUE   (LST)  VALUE       VALUE  FROM      YEAR
                                                  NORMAL
..................................................................
TEMPERATURE (F)
 YESTERDAY
  MAXIMUM         81    411 PM  91    1992  69     12       64
                                      1977
                                      1975
  MINIMUM         49    529 AM  31    1967  48      1       39
                                      1935
  AVERAGE         65                        59      6       52

PRECIPITATION (IN)
  YESTERDAY        0.00          2.26 2013   0.13  -0.13     0.01
                                      1955
  MONTH TO DATE    1.79                      2.48  -0.69     1.32
  SINCE MAR 1      5.85                      7.52  -1.67     4.86
  SINCE JAN 1     10.18                     11.34  -1.16     7.24

SNOWFALL (IN)
  YESTERDAY        0.0           T    1959   0.0    0.0      0.0
                                      1955
                                      1925
  MONTH TO DATE    T                         0.0    0.0      0.0
  SINCE MAR 1      5.3                      20.4  -15.1      7.5
  SINCE JUL 1     34.3                      81.2  -46.9     83.4
  SNOW DEPTH       0

DEGREE DAYS
 HEATING
  YESTERDAY        0                         7     -7       13
  MONTH TO DATE  231                       238     -7      124
  SINCE MAR 1   1794                      1902   -108     1913
  SINCE JUL 1   6178                      7312  -1134     7430

 COOLING
  YESTERDAY        0                         1     -1        0
  MONTH TO DATE    0                         6     -6       38
  SINCE MAR 1      0                         8     -8       38
  SINCE JAN 1      0                         8     -8       38
..................................................................


WIND (MPH)
  HIGHEST WIND SPEED    20   HIGHEST WIND DIRECTION    NW (320)
  HIGHEST GUST SPEED    25   HIGHEST GUST DIRECTION    NW (310)
  AVERAGE WIND SPEED     6.2


SKY COVER
  POSSIBLE SUNSHINE  MM
  AVERAGE SKY COVER 0.4


WEATHER CONDITIONS
 THE FOLLOWING WEATHER WAS RECORDED YESTERDAY.
  FOG
  FOG W/VISIBILITY <= 1/4 MILE


RELATIVE HUMIDITY (PERCENT)
 HIGHEST    96           100 AM
 LOWEST     16           500 PM
 AVERAGE    56

..........................................................


THE BURLINGTON VT CLIMATE NORMALS FOR TODAY
                         NORMAL    RECORD    YEAR
 MAXIMUM TEMPERATURE (F)   70        88      2007
                                             1991
 MINIMUM TEMPERATURE (F)   48        28      1963


SUNRISE AND SUNSET
MAY 24 2016...........SUNRISE   516 AM EDT   SUNSET   823 PM EDT
MAY 25 2016...........SUNRISE   515 AM EDT   SUNSET   824 PM EDT


-  INDICATES NEGATIVE NUMBERS.
R  INDICATES RECORD WAS SET OR TIED.
MM INDICATES DATA IS MISSING.
T  INDICATES TRACE AMOUNT.

&&

LAKE CHAMPLAIN DATA:
LEVEL...............96.54 FEET
TEMPERATURE.........55 DEGREES

MOUNT MANSFIELD DATA:
HIGH................64 DEGREES
LOW.................46 DEGREES
PRECIPITATION.......0.33 INCHES
NEW SNOW............NONE
SNOW AT STAKE.......4 INCHES

$$
