000
CDUS46 KLOX 300905
CLIBUR


CLIMATE REPORT
NATIONAL WEATHER SERVICE LOS ANGELES/OXNARD CA
205 AM PDT SAT APR 30 2016


...................................

...THE BOB HOPE AIRPORT (BURBANK) CA CLIMATE SUMMARY FOR APRIL 29 2016...

CLIMATE NORMAL PERIOD 1981 TO 2010
CLIMATE RECORD PERIOD 1939 TO 2016


WEATHER ITEM   OBSERVED TIME   RECORD YEAR NORMAL DEPARTURE LAST
                VALUE   (LST)  VALUE       VALUE  FROM      YEAR
                                                  NORMAL
..................................................................
TEMPERATURE (F)
 YESTERDAY
  MAXIMUM         69    145 PM  99    1981  75     -6       93
  MINIMUM         52    530 AM  40    1970  52      0       62
  AVERAGE         61                        64     -3       78

PRECIPITATION (IN)
  YESTERDAY        0.00          0.79 1983   0.03  -0.03     0.00
  MONTH TO DATE    0.30                      1.09  -0.79     0.25
  SINCE OCT 1      7.64                     16.51  -8.87     7.28
  SINCE JAN 1      6.54                     12.07  -5.53     2.78

SNOWFALL (IN)
  YESTERDAY        0.0
  MONTH TO DATE    0.0
  SINCE MAR 1      0.0
  SINCE JUL 1      0.0

DEGREE DAYS
 HEATING
  YESTERDAY        4                         3      1        0
  MONTH TO DATE   53                       136    -83       63
  SINCE MAR 1    168                       354   -186      112
  SINCE JUL 1   1075                      1495   -420      669

 COOLING
  YESTERDAY        0                         2     -2       13
  MONTH TO DATE   73                        37     36       54
  SINCE MAR 1     89                        47     42      183
  SINCE JAN 1    144                        53     91      209
..................................................................


WIND (MPH)
  HIGHEST WIND SPEED    14   HIGHEST WIND DIRECTION     S (170)
  HIGHEST GUST SPEED    17   HIGHEST GUST DIRECTION     S (190)
  AVERAGE WIND SPEED     5.6


SKY COVER
  POSSIBLE SUNSHINE  MM
  AVERAGE SKY COVER 0.3


WEATHER CONDITIONS
 THE FOLLOWING WEATHER WAS RECORDED YESTERDAY.
  NO SIGNIFICANT WEATHER WAS OBSERVED.


RELATIVE HUMIDITY (PERCENT)
 HIGHEST    83           300 AM
 LOWEST     49           100 PM
 AVERAGE    66

..........................................................


THE BOB HOPE AIRPORT (BURBANK) CA CLIMATE NORMALS FOR TODAY
                         NORMAL    RECORD    YEAR
 MAXIMUM TEMPERATURE (F)   75        95      1976
 MINIMUM TEMPERATURE (F)   53        42      1970


SUNRISE AND SUNSET
APRIL 30 2016.........SUNRISE   604 AM PDT   SUNSET   737 PM PDT
MAY  1 2016...........SUNRISE   603 AM PDT   SUNSET   738 PM PDT


-  INDICATES NEGATIVE NUMBERS.
R  INDICATES RECORD WAS SET OR TIED.
MM INDICATES DATA IS MISSING.
T  INDICATES TRACE AMOUNT.




$$
