000
CDUS46 KLOX 280856
CLIBUR


CLIMATE REPORT
NATIONAL WEATHER SERVICE LOS ANGELES/OXNARD CA
1256 AM PST WED JAN 28 2015


...................................

...THE BOB HOPE AIRPORT (BURBANK) CA CLIMATE SUMMARY FOR JANUARY 27 2015...

CLIMATE NORMAL PERIOD 1981 TO 2010
CLIMATE RECORD PERIOD 1939 TO 2015


WEATHER ITEM   OBSERVED TIME   RECORD YEAR NORMAL DEPARTURE LAST
                VALUE   (LST)  VALUE       VALUE  FROM      YEAR
                                                  NORMAL
..................................................................
TEMPERATURE (F)
 YESTERDAY
  MAXIMUM         70    300 PM  85    1986  68      2       72
  MINIMUM         54    646 AM  30    1979  42     12       51
  AVERAGE         62                        55      7       62

PRECIPITATION (IN)
  YESTERDAY        0.01          2.00 1983   0.11  -0.10     0.00
  MONTH TO DATE    0.88                      3.02  -2.14      T
  SINCE OCT 1      5.38                      7.46  -2.08     0.63
  SINCE JAN 1      0.88                      3.02  -2.14      T

SNOWFALL (IN)
  YESTERDAY        0.0
  MONTH TO DATE    0.0
  SINCE DEC 1      0.0
  SINCE JUL 1      0.0

DEGREE DAYS
 HEATING
  YESTERDAY        3                        10     -7        3
  MONTH TO DATE  161                       276   -115       55
  SINCE DEC 1    399                       615   -216      265
  SINCE JUL 1    459                       843   -384      353

 COOLING
  YESTERDAY        0                         0      0        0
  MONTH TO DATE    6                         0      6       37
  SINCE DEC 1      9                         1      8       51
  SINCE JAN 1      6                         0      6       37
..................................................................


WIND (MPH)
  HIGHEST WIND SPEED    10   HIGHEST WIND DIRECTION    SW (220)
  HIGHEST GUST SPEED    16   HIGHEST GUST DIRECTION     S (200)
  AVERAGE WIND SPEED     2.7


SKY COVER
  POSSIBLE SUNSHINE  MM
  AVERAGE SKY COVER 0.4


WEATHER CONDITIONS
 THE FOLLOWING WEATHER WAS RECORDED YESTERDAY.
  LIGHT RAIN
  FOG


RELATIVE HUMIDITY (PERCENT)
 HIGHEST   100           200 AM
 LOWEST     40           200 PM
 AVERAGE    70

..........................................................


THE BOB HOPE AIRPORT (BURBANK) CA CLIMATE NORMALS FOR TODAY
                         NORMAL    RECORD    YEAR
 MAXIMUM TEMPERATURE (F)   68        85      1976
 MINIMUM TEMPERATURE (F)   42        28      1957


SUNRISE AND SUNSET
JANUARY 28 2015.......SUNRISE   654 AM PST   SUNSET   520 PM PST
JANUARY 29 2015.......SUNRISE   653 AM PST   SUNSET   521 PM PST


-  INDICATES NEGATIVE NUMBERS.
R  INDICATES RECORD WAS SET OR TIED.
MM INDICATES DATA IS MISSING.
T  INDICATES TRACE AMOUNT.




$$
