000
CDUS46 KLOX 270857
CLIBUR


CLIMATE REPORT
NATIONAL WEATHER SERVICE LOS ANGELES/OXNARD CA
1257 AM PST SAT DEC 27 2014


...................................

...THE BOB HOPE AIRPORT (BURBANK) CA CLIMATE SUMMARY FOR DECEMBER 26 2014...

CLIMATE NORMAL PERIOD 1981 TO 2010
CLIMATE RECORD PERIOD 1939 TO 2014


WEATHER ITEM   OBSERVED TIME   RECORD YEAR NORMAL DEPARTURE LAST
                VALUE   (LST)  VALUE       VALUE  FROM      YEAR
                                                  NORMAL
..................................................................
TEMPERATURE (F)
 YESTERDAY
  MAXIMUM         62    249 PM  83    1947  67     -5       81
  MINIMUM         43    643 AM  25    1978  41      2       47
  AVERAGE         53                        54     -1       64

PRECIPITATION (IN)
  YESTERDAY        0.00          1.69 1977   0.10  -0.10     0.00
  MONTH TO DATE    3.36                      1.88   1.48     0.20
  SINCE JUL 1      4.54                      4.24   0.30     0.64
  SINCE JAN 1      9.45                     16.79  -7.34     3.24

SNOWFALL (IN)
  YESTERDAY        0.0
  MONTH TO DATE    0.0
  SINCE DEC 1      0.0
  SINCE JUL 1      0.0

DEGREE DAYS
 HEATING
  YESTERDAY       12                        11      1        1
  MONTH TO DATE  158                       280   -122      194
  SINCE DEC 1    158                       280   -122      194
  SINCE JUL 1    218                       508   -290      282

 COOLING
  YESTERDAY        0                         0      0        0
  MONTH TO DATE    3                         0      3       14
  SINCE DEC 1      3                         0      3       14
  SINCE JAN 1   1958                      1245    713     2025
..................................................................


WIND (MPH)
  HIGHEST WIND SPEED    14   HIGHEST WIND DIRECTION     N (20)
  HIGHEST GUST SPEED    18   HIGHEST GUST DIRECTION     N (350)
  AVERAGE WIND SPEED     5.5


SKY COVER
  POSSIBLE SUNSHINE  MM
  AVERAGE SKY COVER 0.0


WEATHER CONDITIONS
 THE FOLLOWING WEATHER WAS RECORDED YESTERDAY.
  NO SIGNIFICANT WEATHER WAS OBSERVED.


RELATIVE HUMIDITY (PERCENT)
 HIGHEST    37           200 AM
 LOWEST     16           100 PM
 AVERAGE    27

..........................................................


THE BOB HOPE AIRPORT (BURBANK) CA CLIMATE NORMALS FOR TODAY
                         NORMAL    RECORD    YEAR
 MAXIMUM TEMPERATURE (F)   67        84      2013
                                             1956
 MINIMUM TEMPERATURE (F)   41        30      1997


SUNRISE AND SUNSET
DECEMBER 27 2014......SUNRISE   658 AM PST   SUNSET   451 PM PST
DECEMBER 28 2014......SUNRISE   658 AM PST   SUNSET   452 PM PST


-  INDICATES NEGATIVE NUMBERS.
R  INDICATES RECORD WAS SET OR TIED.
MM INDICATES DATA IS MISSING.
T  INDICATES TRACE AMOUNT.




$$
