000
CDUS43 KLMK 250632
CLIBWG


CLIMATE REPORT
NATIONAL WEATHER SERVICE LOUISVILLE KY
230 AM EDT FRI APR 25 2014


...................................

...THE BOWLING GREEN KY CLIMATE SUMMARY FOR APRIL 24 2014...

CLIMATE NORMAL PERIOD 1981 TO 2010
CLIMATE RECORD PERIOD 1870 TO 2014


WEATHER ITEM   OBSERVED TIME   RECORD YEAR NORMAL DEPARTURE LAST
                VALUE   (LST)  VALUE       VALUE  FROM      YEAR
                                                  NORMAL
..................................................................
TEMPERATURE (F)
 YESTERDAY
  MAXIMUM         77    406 PM  96    1925  72      5       67
  MINIMUM         42    522 AM  28    1887  48     -6       39
  AVERAGE         60                        60      0       53

PRECIPITATION (IN)
  YESTERDAY        0.06          2.07 2010   0.16  -0.10     0.90
  MONTH TO DATE    3.11                      3.38  -0.27     4.19
  SINCE MAR 1      6.84                      7.79  -0.95     9.40
  SINCE JAN 1     14.01                     15.36  -1.35    17.09

SNOWFALL (IN)
  YESTERDAY        0.0           0.0    MM   0.0    0.0      0.0
  MONTH TO DATE    T                         0.2   -0.2      0.0
  SINCE MAR 1      5.1                       1.3    3.8      2.5
  SINCE JUL 1     10.4                       9.1    1.3      3.8
  SNOW DEPTH       0

DEGREE DAYS
 HEATING
  YESTERDAY        5                         6     -1       12
  MONTH TO DATE  180                       219    -39      204
  SINCE MAR 1    833                       739     94      881
  SINCE JUL 1   4442                      3937    505     3776

 COOLING
  YESTERDAY        0                         1     -1        0
  MONTH TO DATE   12                        23    -11       53
  SINCE MAR 1     12                        28    -16       53
  SINCE JAN 1     12                        28    -16       53
..................................................................


WIND (MPH)
  HIGHEST WIND SPEED    17   HIGHEST WIND DIRECTION     W (250)
  HIGHEST GUST SPEED    26   HIGHEST GUST DIRECTION     W (250)
  AVERAGE WIND SPEED     6.4


SKY COVER
  POSSIBLE SUNSHINE  MM
  AVERAGE SKY COVER 0.1


WEATHER CONDITIONS
 THE FOLLOWING WEATHER WAS RECORDED YESTERDAY.
  RAIN
  FOG


RELATIVE HUMIDITY (PERCENT)
 HIGHEST    76           500 AM
 LOWEST     24           200 PM
 AVERAGE    50

..........................................................


THE BOWLING GREEN KY CLIMATE NORMALS FOR TODAY
                         NORMAL    RECORD    YEAR
 MAXIMUM TEMPERATURE (F)   72        92      1915
 MINIMUM TEMPERATURE (F)   49        32      2013
                                             1927
                                             1910


SUNRISE AND SUNSET
APRIL 25 2014.........SUNRISE   559 AM CDT   SUNSET   729 PM CDT
APRIL 26 2014.........SUNRISE   557 AM CDT   SUNSET   730 PM CDT


-  INDICATES NEGATIVE NUMBERS.
R  INDICATES RECORD WAS SET OR TIED.
MM INDICATES DATA IS MISSING.
T  INDICATES TRACE AMOUNT.




$$
