000
CDUS43 KLMK 140635
CLIBWG


CLIMATE REPORT
NATIONAL WEATHER SERVICE LOUISVILLE KY
135 AM EST SUN FEB 14 2016


...................................

...THE BOWLING GREEN KY CLIMATE SUMMARY FOR FEBRUARY 13 2016...

CLIMATE NORMAL PERIOD 1981 TO 2010
CLIMATE RECORD PERIOD 1870 TO 2016


WEATHER ITEM   OBSERVED TIME   RECORD YEAR NORMAL DEPARTURE LAST
                VALUE   (LST)  VALUE       VALUE  FROM      YEAR
                                                  NORMAL
..................................................................
TEMPERATURE (F)
 YESTERDAY
  MAXIMUM         30    347 PM  82    1962  49    -19       37
  MINIMUM         17    711 AM -17    1899  29    -12       16
  AVERAGE         24                        39    -15       27

PRECIPITATION (IN)
  YESTERDAY        0.00          2.81 1948   0.14  -0.14     0.00
  MONTH TO DATE    1.89                      1.88   0.01     1.00
  SINCE DEC 1      8.93                     10.29  -1.36     4.57
  SINCE JAN 1      3.70                      5.49  -1.79     2.88

SNOWFALL (IN)
  YESTERDAY        0.0           7.0  1960   0.1   -0.1      0.0
  MONTH TO DATE    3.4                       1.9    1.5       T
  SINCE DEC 1     18.2                       6.4   11.8      3.4
  SINCE JUL 1     18.2                       6.4   11.8      3.7
  SNOW DEPTH       0

DEGREE DAYS
 HEATING
  YESTERDAY       41                        26     15       38
  MONTH TO DATE  370                       351     19      361
  SINCE DEC 1   1755                      2080   -325     2009
  SINCE JUL 1   2293                      2843   -550     2906

 COOLING
  YESTERDAY        0                         0      0        0
  MONTH TO DATE    0                         0      0        0
  SINCE DEC 1      2                         1      1        0
  SINCE JAN 1      0                         0      0        0
..................................................................


WIND (MPH)
  HIGHEST WIND SPEED    14   HIGHEST WIND DIRECTION     N (340)
  HIGHEST GUST SPEED    20   HIGHEST GUST DIRECTION    NW (320)
  AVERAGE WIND SPEED     6.3


SKY COVER
  POSSIBLE SUNSHINE  MM
  AVERAGE SKY COVER 0.2


WEATHER CONDITIONS
 THE FOLLOWING WEATHER WAS RECORDED YESTERDAY.
  NO SIGNIFICANT WEATHER WAS OBSERVED.


RELATIVE HUMIDITY (PERCENT)
 HIGHEST    61           700 AM
 LOWEST     28           300 PM
 AVERAGE    45

..........................................................


THE BOWLING GREEN KY CLIMATE NORMALS FOR TODAY
                         NORMAL    RECORD    YEAR
 MAXIMUM TEMPERATURE (F)   50        76      1921
 MINIMUM TEMPERATURE (F)   29        -6      1899


SUNRISE AND SUNSET
FEBRUARY 14 2016......SUNRISE   636 AM CST   SUNSET   524 PM CST
FEBRUARY 15 2016......SUNRISE   635 AM CST   SUNSET   525 PM CST


-  INDICATES NEGATIVE NUMBERS.
R  INDICATES RECORD WAS SET OR TIED.
MM INDICATES DATA IS MISSING.
T  INDICATES TRACE AMOUNT.




$$
