000
CDUS43 KLMK 010627
CLIBWG


CLIMATE REPORT
NATIONAL WEATHER SERVICE LOUISVILLE KY
227 AM EDT SAT OCT 1 2016


...................................

...THE BOWLING GREEN KY CLIMATE SUMMARY FOR SEPTEMBER 30 2016...

CLIMATE NORMAL PERIOD 1981 TO 2010
CLIMATE RECORD PERIOD 1870 TO 2016


WEATHER ITEM   OBSERVED TIME   RECORD YEAR NORMAL DEPARTURE LAST
                VALUE   (LST)  VALUE       VALUE  FROM      YEAR
                                                  NORMAL
..................................................................
TEMPERATURE (F)
 YESTERDAY
  MAXIMUM         65    345 PM  95    1953  77    -12       68
  MINIMUM         50    428 AM  33    1949  52     -2       63
  AVERAGE         58                        64     -6       66

PRECIPITATION (IN)
  YESTERDAY        0.10          2.40 2015   0.13  -0.03     2.40
  MONTH TO DATE    1.57                      3.93  -2.36     4.06
  SINCE SEP 1      1.57                      3.93  -2.36     4.06
  SINCE JAN 1     39.49                     37.49   2.00    39.10

SNOWFALL (IN)
  YESTERDAY        0.0           0.0    MM   0.0    0.0      0.0
  MONTH TO DATE    0.0                       0.0    0.0      0.0
  SINCE SEP 1      0.0                       0.0    0.0      0.0
  SINCE JUL 1      0.0                       0.0    0.0      0.0
  SNOW DEPTH       0

DEGREE DAYS
 HEATING
  YESTERDAY        7                         3      4        0
  MONTH TO DATE   19                        32    -13        8
  SINCE SEP 1     19                        35    -16        8
  SINCE JUL 1     19                        36    -17        8

 COOLING
  YESTERDAY        0                         3     -3        1
  MONTH TO DATE  305                       186    119      243
  SINCE SEP 1    305                       186    119      243
  SINCE JAN 1   1864                      1455    409     1624
..................................................................


WIND (MPH)
  HIGHEST WIND SPEED    13   HIGHEST WIND DIRECTION    SW (220)
  HIGHEST GUST SPEED    14   HIGHEST GUST DIRECTION    SW (230)
  AVERAGE WIND SPEED     4.4


SKY COVER
  POSSIBLE SUNSHINE  MM
  AVERAGE SKY COVER 0.7


WEATHER CONDITIONS
 THE FOLLOWING WEATHER WAS RECORDED YESTERDAY.
  RAIN
  LIGHT RAIN
  FOG
  FOG W/VISIBILITY <= 1/4 MILE


RELATIVE HUMIDITY (PERCENT)
 HIGHEST   100           500 AM
 LOWEST     84          1100 AM
 AVERAGE    92

..........................................................


THE BOWLING GREEN KY CLIMATE NORMALS FOR TODAY
                         NORMAL    RECORD    YEAR
 MAXIMUM TEMPERATURE (F)   76        93      1926
 MINIMUM TEMPERATURE (F)   51        32      1924


SUNRISE AND SUNSET
OCTOBER  1 2016.......SUNRISE   641 AM CDT   SUNSET   628 PM CDT
OCTOBER  2 2016.......SUNRISE   642 AM CDT   SUNSET   627 PM CDT


-  INDICATES NEGATIVE NUMBERS.
R  INDICATES RECORD WAS SET OR TIED.
MM INDICATES DATA IS MISSING.
T  INDICATES TRACE AMOUNT.




$$
