000
CDUS41 KLWX 202134
CLIBWI


CLIMATE REPORT
NATIONAL WEATHER SERVICE BALTIMORE MD/WASHINGTON DC
434 PM EST THU NOV 20 2014


...................................

...THE BALTIMORE MD CLIMATE SUMMARY FOR NOVEMBER 20 2014...
VALID TODAY AS OF 0400 PM LOCAL TIME.

CLIMATE NORMAL PERIOD 1981 TO 2010
CLIMATE RECORD PERIOD 1870 TO 2014


WEATHER ITEM   OBSERVED TIME   RECORD YEAR NORMAL DEPARTURE LAST
                VALUE   (LST)  VALUE       VALUE  FROM      YEAR
                                                  NORMAL
..................................................................
TEMPERATURE (F)
 TODAY
  MAXIMUM         52    308 PM  79    1942  55     -3       44
  MINIMUM         31    635 AM  22    1951  35     -4       29
  AVERAGE         42                        45     -3       37

PRECIPITATION (IN)
  TODAY            0.00          2.30 1952   0.11  -0.11     0.00
  MONTH TO DATE    1.80                      2.17  -0.37     0.54
  SINCE SEP 1      9.17                      9.53  -0.36     9.81
  SINCE JAN 1     47.44                     37.38  10.06    35.38

SNOWFALL (IN)
  TODAY            0.0           2.1  1961   0.0    0.0
  MONTH TO DATE    T                         0.1   -0.1
  SINCE JUL 1      T                         0.1   -0.1
  SNOW DEPTH       0

DEGREE DAYS
 HEATING
  TODAY           23                        20      3       28
  MONTH TO DATE  410                       338     72      351
  SINCE SEP 1    662                       684    -22      640
  SINCE JUL 1    662                       685    -23      640

 COOLING
  TODAY            0                         0      0        0
  MONTH TO DATE    0                         0      0        0
  SINCE SEP 1    167                       153     14      194
  SINCE JAN 1   1084                      1163    -79     1339
..................................................................


WIND (MPH)
  HIGHEST WIND SPEED    15   HIGHEST WIND DIRECTION     W (260)
  HIGHEST GUST SPEED    21   HIGHEST GUST DIRECTION     W (270)
  AVERAGE WIND SPEED     7.0


SKY COVER
  POSSIBLE SUNSHINE  MM
  AVERAGE SKY COVER 0.5


WEATHER CONDITIONS
 THE FOLLOWING WEATHER WAS RECORDED TODAY.
  NO SIGNIFICANT WEATHER WAS OBSERVED.


RELATIVE HUMIDITY (PERCENT)
 HIGHEST    54           700 AM
 LOWEST     32           200 PM
 AVERAGE    43

..........................................................


THE BALTIMORE MD CLIMATE NORMALS FOR TOMORROW
                         NORMAL    RECORD    YEAR
 MAXIMUM TEMPERATURE (F)   54        79      1900
 MINIMUM TEMPERATURE (F)   35        16      1951


SUNRISE AND SUNSET
NOVEMBER 20 2014......SUNRISE   655 AM EST   SUNSET   449 PM EST
NOVEMBER 21 2014......SUNRISE   657 AM EST   SUNSET   448 PM EST


-  INDICATES NEGATIVE NUMBERS.
R  INDICATES RECORD WAS SET OR TIED.
MM INDICATES DATA IS MISSING.
T  INDICATES TRACE AMOUNT.




$$
