000
CDUS41 KLWX 310522
CLIBWI


CLIMATE REPORT
NATIONAL WEATHER SERVICE BALTIMORE MD/WASHINGTON DC
121 AM EDT FRI OCT 31 2014


...................................

...THE BALTIMORE MD CLIMATE SUMMARY FOR OCTOBER 30 2014...

CLIMATE NORMAL PERIOD 1981 TO 2010
CLIMATE RECORD PERIOD 1870 TO 2014


WEATHER ITEM   OBSERVED TIME   RECORD YEAR NORMAL DEPARTURE LAST
                VALUE   (LST)  VALUE       VALUE  FROM      YEAR
                                                  NORMAL
..................................................................
TEMPERATURE (F)
 YESTERDAY
  MAXIMUM         60   1223 PM  83    1946  63     -3       65
  MINIMUM         42    152 AM  26    1965  41      1       44
  AVERAGE         51                        52     -1       55

PRECIPITATION (IN)
  YESTERDAY        0.00          0.97 1898   0.11  -0.11     0.11
  MONTH TO DATE    4.16                      3.22   0.94     7.61
  SINCE SEP 1      7.37                      7.25   0.12     9.26
  SINCE JAN 1     45.64                     35.10  10.54    34.83

SNOWFALL (IN)
  YESTERDAY        0.0           2.4  1925   0.0    0.0
  MONTH TO DATE    0.0                       0.0    0.0
  SINCE JUL 1      0.0                       0.0    0.0
  SNOW DEPTH       0

DEGREE DAYS
 HEATING
  YESTERDAY       14                        13      1       10
  MONTH TO DATE  202                       280    -78      233
  SINCE SEP 1    239                       332    -93      285
  SINCE JUL 1    239                       333    -94      285

 COOLING
  YESTERDAY        0                         0      0        0
  MONTH TO DATE   12                        15     -3       51
  SINCE SEP 1    167                       150     17      194
  SINCE JAN 1   1084                      1160    -76     1339
..................................................................


WIND (MPH)
  HIGHEST WIND SPEED    15   HIGHEST WIND DIRECTION     N (340)
  HIGHEST GUST SPEED    20   HIGHEST GUST DIRECTION     N (350)
  AVERAGE WIND SPEED     4.2


SKY COVER
  POSSIBLE SUNSHINE  MM
  AVERAGE SKY COVER 0.5


WEATHER CONDITIONS
 THE FOLLOWING WEATHER WAS RECORDED YESTERDAY.
  FOG


RELATIVE HUMIDITY (PERCENT)
 HIGHEST   100          1200 AM
 LOWEST     47           100 PM
 AVERAGE    74

..........................................................


THE BALTIMORE MD CLIMATE NORMALS FOR TODAY
                         NORMAL    RECORD    YEAR
 MAXIMUM TEMPERATURE (F)   62        85      1946
 MINIMUM TEMPERATURE (F)   41        25      1966


SUNRISE AND SUNSET
OCTOBER 31 2014.......SUNRISE   733 AM EDT   SUNSET   607 PM EDT
NOVEMBER  1 2014......SUNRISE   734 AM EDT   SUNSET   606 PM EDT


-  INDICATES NEGATIVE NUMBERS.
R  INDICATES RECORD WAS SET OR TIED.
MM INDICATES DATA IS MISSING.
T  INDICATES TRACE AMOUNT.




$$
