000
CDUS41 KLWX 220527
CLIBWI


CLIMATE REPORT
NATIONAL WEATHER SERVICE BALTIMORE MD/WASHINGTON DC
127 AM EDT FRI MAY 22 2015


...................................

...THE BALTIMORE MD CLIMATE SUMMARY FOR MAY 21 2015...

CLIMATE NORMAL PERIOD 1981 TO 2010
CLIMATE RECORD PERIOD 1870 TO 2015


WEATHER ITEM   OBSERVED TIME   RECORD YEAR NORMAL DEPARTURE LAST
                VALUE   (LST)  VALUE       VALUE  FROM      YEAR
                                                  NORMAL
..................................................................
TEMPERATURE (F)
 YESTERDAY
  MAXIMUM         58    708 AM  96    1934  75    -17       73
  MINIMUM         49   1159 PM  34    2002  54     -5       59
  AVERAGE         54                        64    -10       66

PRECIPITATION (IN)
  YESTERDAY        0.20          2.05 1909   0.13   0.07     0.08
  MONTH TO DATE    2.08                      2.63  -0.55     2.56
  SINCE MAR 1     11.05                      9.72   1.33    15.54
  SINCE JAN 1     17.18                     15.67   1.51    22.83

SNOWFALL (IN)
  YESTERDAY        0.0          MM      MM   0.0    0.0
  MONTH TO DATE    0.0                       0.0    0.0
  SINCE JUL 1     28.7                      20.1    8.6
  SNOW DEPTH       0

DEGREE DAYS
 HEATING
  YESTERDAY       11                         3      8        0
  MONTH TO DATE   38                       109    -71       63
  SINCE MAR 1   1125                      1129     -4     1236
  SINCE JUL 1   4940                      4724    216     4993

 COOLING
  YESTERDAY        0                         3     -3        1
  MONTH TO DATE  100                        34     66       38
  SINCE MAR 1    105                        48     57       45
  SINCE JAN 1    105                        48     57       45
..................................................................


WIND (MPH)
  HIGHEST WIND SPEED    12   HIGHEST WIND DIRECTION     E (90)
  HIGHEST GUST SPEED    17   HIGHEST GUST DIRECTION     N (340)
  AVERAGE WIND SPEED     5.3


SKY COVER
  POSSIBLE SUNSHINE  MM
  AVERAGE SKY COVER 0.9


WEATHER CONDITIONS
 THE FOLLOWING WEATHER WAS RECORDED YESTERDAY.
  RAIN
  LIGHT RAIN
  FOG


RELATIVE HUMIDITY (PERCENT)
 HIGHEST    93           200 PM
 LOWEST     51          1200 AM
 AVERAGE    72

..........................................................


THE BALTIMORE MD CLIMATE NORMALS FOR TODAY
                         NORMAL    RECORD    YEAR
 MAXIMUM TEMPERATURE (F)   76        98      1941
 MINIMUM TEMPERATURE (F)   54        35      2002


SUNRISE AND SUNSET
MAY 22 2015...........SUNRISE   548 AM EDT   SUNSET   819 PM EDT
MAY 23 2015...........SUNRISE   547 AM EDT   SUNSET   820 PM EDT


-  INDICATES NEGATIVE NUMBERS.
R  INDICATES RECORD WAS SET OR TIED.
MM INDICATES DATA IS MISSING.
T  INDICATES TRACE AMOUNT.




$$
