000
CDUS41 KLWX 250523
CLIBWI


CLIMATE REPORT
NATIONAL WEATHER SERVICE BALTIMORE MD/WASHINGTON DC
123 AM EDT SAT MAR 25 2017


...................................

...THE BALTIMORE MD CLIMATE SUMMARY FOR MARCH 24 2017...

CLIMATE NORMAL PERIOD 1981 TO 2010
CLIMATE RECORD PERIOD 1870 TO 2017


WEATHER ITEM   OBSERVED TIME   RECORD YEAR NORMAL DEPARTURE LAST
                VALUE   (LST)  VALUE       VALUE  FROM      YEAR
                                                  NORMAL
..................................................................
TEMPERATURE (F)
 YESTERDAY
  MAXIMUM         61   1159 PM  83    1929  56      5       77
  MINIMUM         30    440 AM  18    1896  36     -6       43
  AVERAGE         46                        46      0       60

PRECIPITATION (IN)
  YESTERDAY        T             1.22 1989   0.13  -0.13     0.00
  MONTH TO DATE    2.05                      2.97  -0.92     1.78
  SINCE MAR 1      2.05                      2.97  -0.92     1.78
  SINCE JAN 1      6.20                      8.92  -2.72    10.98

SNOWFALL (IN)
  YESTERDAY        0.0           1.4  1990   0.1   -0.1
  MONTH TO DATE    2.3                       1.8    0.5
  SINCE JUL 1      3.0                      20.0  -17.0
  SNOW DEPTH       0

DEGREE DAYS
 HEATING
  YESTERDAY       19                        19      0        5
  MONTH TO DATE  572                       543     29      375
  SINCE MAR 1    572                       543     29      375
  SINCE JUL 1   3463                      4138   -675     3396

 COOLING
  YESTERDAY        0                         0      0        0
  MONTH TO DATE    0                         0      0        4
  SINCE MAR 1      0                         0      0        4
  SINCE JAN 1      0                         0      0        4
..................................................................


WIND (MPH)
  HIGHEST WIND SPEED    17   HIGHEST WIND DIRECTION    SW (220)
  HIGHEST GUST SPEED    26   HIGHEST GUST DIRECTION    SW (240)
  AVERAGE WIND SPEED     7.1


SKY COVER
  POSSIBLE SUNSHINE  MM
  AVERAGE SKY COVER 0.7


WEATHER CONDITIONS
 THE FOLLOWING WEATHER WAS RECORDED YESTERDAY.
  LIGHT RAIN


RELATIVE HUMIDITY (PERCENT)
 HIGHEST    69           600 AM
 LOWEST     37           400 PM
 AVERAGE    53

..........................................................


THE BALTIMORE MD CLIMATE NORMALS FOR TODAY
                         NORMAL    RECORD    YEAR
 MAXIMUM TEMPERATURE (F)   57        85      1939
 MINIMUM TEMPERATURE (F)   36        20      1940


SUNRISE AND SUNSET
MARCH 25 2017.........SUNRISE   702 AM EDT   SUNSET   724 PM EDT
MARCH 26 2017.........SUNRISE   700 AM EDT   SUNSET   725 PM EDT


-  INDICATES NEGATIVE NUMBERS.
R  INDICATES RECORD WAS SET OR TIED.
MM INDICATES DATA IS MISSING.
T  INDICATES TRACE AMOUNT.




$$
