000
CDUS41 KLWX 010610
CLIBWI


CLIMATE REPORT
NATIONAL WEATHER SERVICE BALTIMORE MD/WASHINGTON DC
159 AM EDT WED JUL 1 2015


...................................

...THE BALTIMORE MD CLIMATE SUMMARY FOR JUNE 30 2015...

CLIMATE NORMAL PERIOD 1981 TO 2010
CLIMATE RECORD PERIOD 1870 TO 2015


WEATHER ITEM   OBSERVED TIME   RECORD YEAR NORMAL DEPARTURE LAST
                VALUE   (LST)  VALUE       VALUE  FROM      YEAR
                                                  NORMAL
..................................................................
TEMPERATURE (F)
 YESTERDAY
  MAXIMUM         87    357 PM 100    1959  87      0       86
                                      1945
  MINIMUM         63    441 AM  52    1988  66     -3       69
  AVERAGE         75                        76     -1       78

PRECIPITATION (IN)
  YESTERDAY        T             1.20 1994   0.12  -0.12     0.00
  MONTH TO DATE   13.09                      3.46   9.63     3.95
  SINCE JUN 1     13.09                      3.46   9.63     3.95
  SINCE JAN 1     30.29                     20.49   9.80    27.57

SNOWFALL (IN)
  YESTERDAY        0.0          MM      MM   0.0    0.0
  MONTH TO DATE    0.0                       0.0    0.0
  SINCE JUL 1     28.7                      20.1    8.6
  SNOW DEPTH       0

DEGREE DAYS
 HEATING
  YESTERDAY        0                         0      0        0
  MONTH TO DATE   14                        13      1        2
  SINCE JUN 1     14                        15     -1        2
  SINCE JUL 1   4964                      4764    200     5006

 COOLING
  YESTERDAY       10                        11     -1       13
  MONTH TO DATE  296                       238     58      256
  SINCE JUN 1    296                       238     58      256
  SINCE JAN 1    485                       322    163      341
..................................................................


WIND (MPH)
  HIGHEST WIND SPEED    15   HIGHEST WIND DIRECTION    SW (220)
  HIGHEST GUST SPEED    20   HIGHEST GUST DIRECTION    SW (240)
  AVERAGE WIND SPEED     4.7


SKY COVER
  POSSIBLE SUNSHINE  MM
  AVERAGE SKY COVER 0.6


WEATHER CONDITIONS
 THE FOLLOWING WEATHER WAS RECORDED YESTERDAY.
  THUNDERSTORM
  LIGHT RAIN


RELATIVE HUMIDITY (PERCENT)
 HIGHEST    90           600 AM
 LOWEST     50           400 PM
 AVERAGE    70

..........................................................


THE BALTIMORE MD CLIMATE NORMALS FOR TODAY
                         NORMAL    RECORD    YEAR
 MAXIMUM TEMPERATURE (F)   87       103      1901
 MINIMUM TEMPERATURE (F)   66        50      1988


SUNRISE AND SUNSET
JULY  1 2015..........SUNRISE   544 AM EDT   SUNSET   837 PM EDT
JULY  2 2015..........SUNRISE   545 AM EDT   SUNSET   837 PM EDT


-  INDICATES NEGATIVE NUMBERS.
R  INDICATES RECORD WAS SET OR TIED.
MM INDICATES DATA IS MISSING.
T  INDICATES TRACE AMOUNT.




$$
