000
CDUS41 KLWX 160539
CLIBWI


CLIMATE REPORT
NATIONAL WEATHER SERVICE BALTIMORE MD/WASHINGTON DC
138 AM EDT WED APR 16 2014


...................................

...THE BALTIMORE MD CLIMATE SUMMARY FOR APRIL 15 2014...

CLIMATE NORMAL PERIOD 1981 TO 2010
CLIMATE RECORD PERIOD 1870 TO 2014


WEATHER ITEM   OBSERVED TIME   RECORD YEAR NORMAL DEPARTURE LAST
                VALUE   (LST)  VALUE       VALUE  FROM      YEAR
                                                  NORMAL
..................................................................
TEMPERATURE (F)
 YESTERDAY
  MAXIMUM         67   1236 PM  88    1941  65      2       62
  MINIMUM         35    849 PM  31    1973  43     -8       52
                                      1957
                                      1950
  AVERAGE         51                        54     -3       57

PRECIPITATION (IN)
  YESTERDAY        2.42          2.52 2007   0.10   2.32      T
  MONTH TO DATE    3.09                      1.65   1.44     0.82
  SINCE MAR 1      7.47                      5.55   1.92     3.46
  SINCE JAN 1     14.76                     11.50   3.26     9.05

SNOWFALL (IN)
  YESTERDAY        T             0.3  1923   0.0    0.0
  MONTH TO DATE    T                         0.0    0.0
  SINCE JUL 1     39.0                      20.1   18.9
  SNOW DEPTH       0

DEGREE DAYS
 HEATING
  YESTERDAY       14                        12      2        8
  MONTH TO DATE  161                       210    -49      178
  SINCE MAR 1    974                       876     98      927
  SINCE JUL 1   4731                      4471    260     4219

 COOLING
  YESTERDAY        0                         0      0        0
  MONTH TO DATE    7                         0      7       24
  SINCE MAR 1      7                         1      6       24
  SINCE JAN 1      7                         1      6       24
..................................................................


WIND (MPH)
  HIGHEST WIND SPEED    26   HIGHEST WIND DIRECTION     W (290)
  HIGHEST GUST SPEED    36   HIGHEST GUST DIRECTION    NW (310)
  AVERAGE WIND SPEED    10.3


SKY COVER
  POSSIBLE SUNSHINE  MM
  AVERAGE SKY COVER 1.0


WEATHER CONDITIONS
 THE FOLLOWING WEATHER WAS RECORDED YESTERDAY.
  HEAVY RAIN
  RAIN
  LIGHT RAIN
  SNOW
  LIGHT SNOW
  FOG
  FOG W/VISIBILITY <= 1/4 MILE


RELATIVE HUMIDITY (PERCENT)
 HIGHEST    93           600 AM
 LOWEST     64          1100 PM
 AVERAGE    79

..........................................................


THE BALTIMORE MD CLIMATE NORMALS FOR TODAY
                         NORMAL    RECORD    YEAR
 MAXIMUM TEMPERATURE (F)   65        90      2012
                                             2002
 MINIMUM TEMPERATURE (F)   43        30      1962


SUNRISE AND SUNSET
APRIL 16 2014.........SUNRISE   628 AM EDT   SUNSET   745 PM EDT
APRIL 17 2014.........SUNRISE   627 AM EDT   SUNSET   746 PM EDT


-  INDICATES NEGATIVE NUMBERS.
R  INDICATES RECORD WAS SET OR TIED.
MM INDICATES DATA IS MISSING.
T  INDICATES TRACE AMOUNT.




$$
