000
CDUS45 KRIW 210750
CLIBYG


CLIMATE REPORT
NATIONAL WEATHER SERVICE RIVERTON WY
1249 AM MST SUN JAN 21 2018


...................................

...THE BUFFALO WY CLIMATE SUMMARY FOR JANUARY 20 2018...

CLIMATE NORMAL PERIOD 1981 TO 2010
CLIMATE RECORD PERIOD 1998 TO 2018


WEATHER ITEM   OBSERVED TIME   RECORD YEAR NORMAL DEPARTURE LAST
                VALUE   (LST)  VALUE       VALUE  FROM      YEAR
                                                  NORMAL
..................................................................
TEMPERATURE (F)
 YESTERDAY
  MAXIMUM         32   1244 PM  63    2005  38     -6       37
  MINIMUM         24    942 PM  -8    2008  17      7       29
  AVERAGE         28                        28      0       33

PRECIPITATION (IN)
  YESTERDAY        0.04          0.08 2003   0.02   0.02     0.05
  MONTH TO DATE    0.08                      0.25  -0.17     0.05
  SINCE DEC 1      0.40                      0.65  -0.25     0.30
  SINCE JAN 1      0.08                      0.25  -0.17     0.05

DEGREE DAYS
 HEATING
  YESTERDAY       37                        37      0       32
  MONTH TO DATE  704                       746    -42      908
  SINCE DEC 1   1878                      1959    -81     2329
  SINCE JUL 1   3540                      3793   -253     3511

 COOLING
  YESTERDAY        0                         0      0        0
  MONTH TO DATE    0                         0      0        0
  SINCE DEC 1      0                         0      0        0
  SINCE JAN 1      0                         0      0        0
..................................................................


WIND (MPH)
  HIGHEST WIND SPEED    21   HIGHEST WIND DIRECTION     N (350)
  HIGHEST GUST SPEED    25   HIGHEST GUST DIRECTION     N (350)
  AVERAGE WIND SPEED     7.1


SKY COVER
  POSSIBLE SUNSHINE  MM
  AVERAGE SKY COVER 1.0


WEATHER CONDITIONS
 THE FOLLOWING WEATHER WAS RECORDED YESTERDAY.
  LIGHT SNOW
  FOG


RELATIVE HUMIDITY (PERCENT)
 HIGHEST    92          1200 AM
 LOWEST     53           200 PM
 AVERAGE    73

..........................................................


THE BUFFALO WY CLIMATE NORMALS FOR TODAY
                         NORMAL    RECORD    YEAR
 MAXIMUM TEMPERATURE (F)   38        57      2009
 MINIMUM TEMPERATURE (F)   17       -14      2008


SUNRISE AND SUNSET
JANUARY 21 2018.......SUNRISE   736 AM MST   SUNSET   501 PM MST
JANUARY 22 2018.......SUNRISE   735 AM MST   SUNSET   503 PM MST


-  INDICATES NEGATIVE NUMBERS.
R  INDICATES RECORD WAS SET OR TIED.
MM INDICATES DATA IS MISSING.
T  INDICATES TRACE AMOUNT.




$$
