000
CDUS45 KRIW 290734
CLIBYG


CLIMATE REPORT
NATIONAL WEATHER SERVICE RIVERTON WY
133 AM MDT FRI AUG 29 2014


...................................

...THE BUFFALO WY CLIMATE SUMMARY FOR AUGUST 28 2014...

CLIMATE NORMAL PERIOD 1981 TO 2010
CLIMATE RECORD PERIOD 1998 TO 2014


WEATHER ITEM   OBSERVED TIME   RECORD YEAR NORMAL DEPARTURE LAST
                VALUE   (LST)  VALUE       VALUE  FROM      YEAR
                                                  NORMAL
..................................................................
TEMPERATURE (F)
 YESTERDAY
  MAXIMUM         82    259 PM  97    2012  81      1       94
  MINIMUM         56    412 AM  44    2008  53      3       63
  AVERAGE         69                        67      2       79

PRECIPITATION (IN)
  YESTERDAY        0.00          0.06 2002   0.02  -0.02     0.00
  MONTH TO DATE    2.24                      0.76   1.48     0.23
  SINCE JUN 1      6.09                      4.70   1.39     1.29
  SINCE JAN 1      9.85                     10.22  -0.37     4.42

DEGREE DAYS
 HEATING
  YESTERDAY        0                         2     -2        0
  MONTH TO DATE   42                        33      9        0
  SINCE JUN 1    259                       221     38      101
  SINCE JUL 1     53                        58     -5        1

 COOLING
  YESTERDAY        4                         4      0       14
  MONTH TO DATE  127                       172    -45      238
  SINCE JUN 1    321                       426   -105      573
  SINCE JAN 1    332                       433   -101      583
..................................................................


WIND (MPH)
  HIGHEST WIND SPEED    22   HIGHEST WIND DIRECTION     N (360)
  HIGHEST GUST SPEED    28   HIGHEST GUST DIRECTION     N (360)
  AVERAGE WIND SPEED    10.9


SKY COVER
  POSSIBLE SUNSHINE  MM
  AVERAGE SKY COVER 0.1


WEATHER CONDITIONS
 THE FOLLOWING WEATHER WAS RECORDED YESTERDAY.
  NO SIGNIFICANT WEATHER WAS OBSERVED.


RELATIVE HUMIDITY (PERCENT)
 HIGHEST    72          1200 AM
 LOWEST     23           100 PM
 AVERAGE    48

..........................................................


THE BUFFALO WY CLIMATE NORMALS FOR TODAY
                         NORMAL    RECORD    YEAR
 MAXIMUM TEMPERATURE (F)   81        99      2012
 MINIMUM TEMPERATURE (F)   52        47      2009
                                             2003


SUNRISE AND SUNSET
AUGUST 29 2014........SUNRISE   626 AM MDT   SUNSET   748 PM MDT
AUGUST 30 2014........SUNRISE   627 AM MDT   SUNSET   747 PM MDT


-  INDICATES NEGATIVE NUMBERS.
R  INDICATES RECORD WAS SET OR TIED.
MM INDICATES DATA IS MISSING.
T  INDICATES TRACE AMOUNT.




$$
