000
CDUS45 KRIW 240740
CLIBYG


CLIMATE REPORT
NATIONAL WEATHER SERVICE RIVERTON WY
130 AM MDT SUN JUL 24 2016


...................................

...THE BUFFALO WY CLIMATE SUMMARY FOR JULY 23 2016...

CLIMATE NORMAL PERIOD 1981 TO 2010
CLIMATE RECORD PERIOD 1998 TO 2016


WEATHER ITEM   OBSERVED TIME   RECORD YEAR NORMAL DEPARTURE LAST
                VALUE   (LST)  VALUE       VALUE  FROM      YEAR
                                                  NORMAL
..................................................................
TEMPERATURE (F)
 YESTERDAY
  MAXIMUM         84    416 PM 100    2014  86     -2       82
                                      2007
  MINIMUM         61   1157 PM  48    2004  58      3       60
  AVERAGE         73                        72      1       71

PRECIPITATION (IN)
  YESTERDAY        0.00          1.96 2004   0.05  -0.05     0.00
  MONTH TO DATE    0.14                      1.24  -1.10     0.67
  SINCE JUN 1      0.53                      3.52  -2.99     3.90
  SINCE JAN 1      5.45                      9.04  -3.59    11.16

DEGREE DAYS
 HEATING
  YESTERDAY        0                         1     -1        0
  MONTH TO DATE    1                        26    -25       22
  SINCE JUN 1     16                       189   -173       76
  SINCE JUL 1      1                        26    -25       22

 COOLING
  YESTERDAY        8                         8      0        6
  MONTH TO DATE  179                       142     37      105
  SINCE JUN 1    314                       193    121      175
  SINCE JAN 1    319                       200    119      175
..................................................................


WIND (MPH)
  HIGHEST WIND SPEED    39   HIGHEST WIND DIRECTION     N (340)
  HIGHEST GUST SPEED    51   HIGHEST GUST DIRECTION     N (340)
  AVERAGE WIND SPEED    12.5


SKY COVER
  POSSIBLE SUNSHINE  MM
  AVERAGE SKY COVER 0.0


WEATHER CONDITIONS
 THE FOLLOWING WEATHER WAS RECORDED YESTERDAY.
  NO SIGNIFICANT WEATHER WAS OBSERVED.


RELATIVE HUMIDITY (PERCENT)
 HIGHEST    40           200 AM
 LOWEST     18           500 PM
 AVERAGE    29

..........................................................


THE BUFFALO WY CLIMATE NORMALS FOR TODAY
                         NORMAL    RECORD    YEAR
 MAXIMUM TEMPERATURE (F)   86       103      2007
 MINIMUM TEMPERATURE (F)   58        47      2004


SUNRISE AND SUNSET
JULY 24 2016..........SUNRISE   546 AM MDT   SUNSET   840 PM MDT
JULY 25 2016..........SUNRISE   547 AM MDT   SUNSET   839 PM MDT


-  INDICATES NEGATIVE NUMBERS.
R  INDICATES RECORD WAS SET OR TIED.
MM INDICATES DATA IS MISSING.
T  INDICATES TRACE AMOUNT.




$$
