000
CDUS45 KRIW 230729
CLIBYG


CLIMATE REPORT
NATIONAL WEATHER SERVICE RIVERTON WY
128 AM MDT FRI JUN 23 2017


...................................

...THE BUFFALO WY CLIMATE SUMMARY FOR JUNE 22 2017...

CLIMATE NORMAL PERIOD 1981 TO 2010
CLIMATE RECORD PERIOD 1998 TO 2017


WEATHER ITEM   OBSERVED TIME   RECORD YEAR NORMAL DEPARTURE LAST
                VALUE   (LST)  VALUE       VALUE  FROM      YEAR
                                                  NORMAL
..................................................................
TEMPERATURE (F)
 YESTERDAY
  MAXIMUM         70    144 PM  94    2001  77     -7       82
  MINIMUM         47   1158 PM  44    2004  51     -4       49
  AVERAGE         59                        64     -5       66

PRECIPITATION (IN)
  YESTERDAY        0.01          0.63 2010   0.07  -0.06     0.00
  MONTH TO DATE    1.14                      1.78  -0.64     0.20
  SINCE JUN 1      1.14                      1.78  -0.64     0.20
  SINCE JAN 1      9.42                      7.30   2.12     5.12

DEGREE DAYS
 HEATING
  YESTERDAY        6                         4      2        0
  MONTH TO DATE   57                       141    -84       12
  SINCE JUN 1     57                       141    -84       12
  SINCE JUL 1   6496                      7395   -899     5911

 COOLING
  YESTERDAY        0                         2     -2        1
  MONTH TO DATE   42                        26     16       80
  SINCE JUN 1     42                        26     16       80
  SINCE JAN 1     53                        33     20       85
..................................................................


WIND (MPH)
  HIGHEST WIND SPEED    32   HIGHEST WIND DIRECTION    NW (330)
  HIGHEST GUST SPEED    43   HIGHEST GUST DIRECTION    NW (330)
  AVERAGE WIND SPEED    16.5


SKY COVER
  POSSIBLE SUNSHINE  MM
  AVERAGE SKY COVER 0.2


WEATHER CONDITIONS
 THE FOLLOWING WEATHER WAS RECORDED YESTERDAY.
  LIGHT RAIN


RELATIVE HUMIDITY (PERCENT)
 HIGHEST    67          1200 AM
 LOWEST     24           500 PM
 AVERAGE    46

..........................................................


THE BUFFALO WY CLIMATE NORMALS FOR TODAY
                         NORMAL    RECORD    YEAR
 MAXIMUM TEMPERATURE (F)   78        97      2007
 MINIMUM TEMPERATURE (F)   51        41      2009


SUNRISE AND SUNSET
JUNE 23 2017..........SUNRISE   523 AM MDT   SUNSET   855 PM MDT
JUNE 24 2017..........SUNRISE   524 AM MDT   SUNSET   855 PM MDT


-  INDICATES NEGATIVE NUMBERS.
R  INDICATES RECORD WAS SET OR TIED.
MM INDICATES DATA IS MISSING.
T  INDICATES TRACE AMOUNT.




$$
