000
CDUS45 KRIW 250735
CLIBYG


CLIMATE REPORT
NATIONAL WEATHER SERVICE RIVERTON WY
135 AM MDT FRI JUL 25 2014


...................................

...THE BUFFALO WY CLIMATE SUMMARY FOR JULY 24 2014...

CLIMATE NORMAL PERIOD 1981 TO 2010
CLIMATE RECORD PERIOD 1998 TO 2014


WEATHER ITEM   OBSERVED TIME   RECORD YEAR NORMAL DEPARTURE LAST
                VALUE   (LST)  VALUE       VALUE  FROM      YEAR
                                                  NORMAL
..................................................................
TEMPERATURE (F)
 YESTERDAY
  MAXIMUM        100    316 PM 103    2007  86     14       91
  MINIMUM         63   1159 PM  47    2004  58      5       58
  AVERAGE         82                        72     10       75

PRECIPITATION (IN)
  YESTERDAY        0.00          0.32 2012   0.04  -0.04    MM
  MONTH TO DATE    0.94                      1.28  -0.34     0.00
  SINCE JUN 1      3.85                      3.56   0.29     0.95
  SINCE JAN 1      7.61                      9.08  -1.47     4.08

DEGREE DAYS
 HEATING
  YESTERDAY        0                         1     -1        0
  MONTH TO DATE   11                        27    -16        0
  SINCE JUN 1    217                       190     27      100
  SINCE JUL 1     11                        27    -16        0

 COOLING
  YESTERDAY       17                         8      9       10
  MONTH TO DATE  156                       150      6      234
  SINCE JUN 1    161                       201    -40      311
  SINCE JAN 1    172                       208    -36      321
..................................................................


WIND (MPH)
  HIGHEST WIND SPEED    36   HIGHEST WIND DIRECTION     N (340)
  HIGHEST GUST SPEED    48   HIGHEST GUST DIRECTION     N (350)
  AVERAGE WIND SPEED    17.1


SKY COVER
  POSSIBLE SUNSHINE  MM
  AVERAGE SKY COVER 0.0


WEATHER CONDITIONS
 THE FOLLOWING WEATHER WAS RECORDED YESTERDAY.
  NO SIGNIFICANT WEATHER WAS OBSERVED.


RELATIVE HUMIDITY (PERCENT)
 HIGHEST    52          1100 PM
 LOWEST      8           300 PM
 AVERAGE    30

..........................................................


THE BUFFALO WY CLIMATE NORMALS FOR TODAY
                         NORMAL    RECORD    YEAR
 MAXIMUM TEMPERATURE (F)   86        97      2011
 MINIMUM TEMPERATURE (F)   58        48      2004


SUNRISE AND SUNSET
JULY 25 2014..........SUNRISE   547 AM MDT   SUNSET   840 PM MDT
JULY 26 2014..........SUNRISE   548 AM MDT   SUNSET   839 PM MDT


-  INDICATES NEGATIVE NUMBERS.
R  INDICATES RECORD WAS SET OR TIED.
MM INDICATES DATA IS MISSING.
T  INDICATES TRACE AMOUNT.




$$
