000
CDUS45 KRIW 280744
CLIBYG


CLIMATE REPORT
NATIONAL WEATHER SERVICE RIVERTON WY
1238 AM MST FRI NOV 28 2014


...................................

...THE BUFFALO WY CLIMATE SUMMARY FOR NOVEMBER 27 2014...

CLIMATE NORMAL PERIOD 1981 TO 2010
CLIMATE RECORD PERIOD 1998 TO 2014


WEATHER ITEM   OBSERVED TIME   RECORD YEAR NORMAL DEPARTURE LAST
                VALUE   (LST)  VALUE       VALUE  FROM      YEAR
                                                  NORMAL
..................................................................
TEMPERATURE (F)
 YESTERDAY
  MAXIMUM         56    129 PM  63    1998  39     17       52
  MINIMUM         20    112 AM   9    2006  18      2       23
  AVERAGE         38                        29      9       38

PRECIPITATION (IN)
  YESTERDAY        0.00          0.02 2001   0.02  -0.02     0.00
  MONTH TO DATE    0.28                      0.49  -0.21     0.12
  SINCE SEP 1      1.59                      2.73  -1.14     5.71
  SINCE JAN 1     11.80                     13.00  -1.20    10.13

DEGREE DAYS
 HEATING
  YESTERDAY       27                        36     -9       27
  MONTH TO DATE  946                       817    129      792
  SINCE SEP 1   1589                      1658    -69     1630
  SINCE JUL 1   1648                      1723    -75     1631

 COOLING
  YESTERDAY        0                         0      0        0
  MONTH TO DATE    0                         0      0        0
  SINCE SEP 1     53                        46      7       95
  SINCE JAN 1    387                       492   -105      709
..................................................................


WIND (MPH)
  HIGHEST WIND SPEED    17   HIGHEST WIND DIRECTION    SW (240)
  HIGHEST GUST SPEED    23   HIGHEST GUST DIRECTION    SW (230)
  AVERAGE WIND SPEED     5.3


SKY COVER
  POSSIBLE SUNSHINE  MM
  AVERAGE SKY COVER 0.2


WEATHER CONDITIONS
 THE FOLLOWING WEATHER WAS RECORDED YESTERDAY.
  NO SIGNIFICANT WEATHER WAS OBSERVED.


RELATIVE HUMIDITY (PERCENT)
 HIGHEST    84          1200 AM
 LOWEST     35           300 PM
 AVERAGE    60

..........................................................


THE BUFFALO WY CLIMATE NORMALS FOR TODAY
                         NORMAL    RECORD    YEAR
 MAXIMUM TEMPERATURE (F)   39        63      1998
 MINIMUM TEMPERATURE (F)   18        -4      2006


SUNRISE AND SUNSET
NOVEMBER 28 2014......SUNRISE   719 AM MST   SUNSET   430 PM MST
NOVEMBER 29 2014......SUNRISE   721 AM MST   SUNSET   430 PM MST


-  INDICATES NEGATIVE NUMBERS.
R  INDICATES RECORD WAS SET OR TIED.
MM INDICATES DATA IS MISSING.
T  INDICATES TRACE AMOUNT.




$$
