000
CDUS45 KRIW 230736
CLIBYG


CLIMATE REPORT
NATIONAL WEATHER SERVICE RIVERTON WY
134 AM MDT THU MAR 23 2017


...................................

...THE BUFFALO WY CLIMATE SUMMARY FOR MARCH 22 2017...

CLIMATE NORMAL PERIOD 1981 TO 2010
CLIMATE RECORD PERIOD 1998 TO 2017


WEATHER ITEM   OBSERVED TIME   RECORD YEAR NORMAL DEPARTURE LAST
                VALUE   (LST)  VALUE       VALUE  FROM      YEAR
                                                  NORMAL
..................................................................
TEMPERATURE (F)
 YESTERDAY
  MAXIMUM         61    217 PM  70    2012  48     13       52
  MINIMUM         37    357 AM  11    2014  24     13       30
  AVERAGE         49                        36     13       41

PRECIPITATION (IN)
  YESTERDAY        T             0.52 2016   0.04  -0.04     0.52
  MONTH TO DATE    0.39                      0.56  -0.17     0.52
  SINCE MAR 1      0.39                      0.56  -0.17     0.52
  SINCE JAN 1      0.82                      1.33  -0.51     1.11

DEGREE DAYS
 HEATING
  YESTERDAY       16                        29    -13       24
  MONTH TO DATE  508                       701   -193      503
  SINCE MAR 1    508                       701   -193      503
  SINCE JUL 1   5350                      5941   -591     4894

 COOLING
  YESTERDAY        0                         0      0        0
  MONTH TO DATE    0                         0      0        0
  SINCE MAR 1      0                         0      0        0
  SINCE JAN 1      0                         0      0        0
..................................................................


WIND (MPH)
  HIGHEST WIND SPEED    23   HIGHEST WIND DIRECTION     S (180)
  HIGHEST GUST SPEED    29   HIGHEST GUST DIRECTION     S (200)
  AVERAGE WIND SPEED     7.4


SKY COVER
  POSSIBLE SUNSHINE  MM
  AVERAGE SKY COVER 0.2


WEATHER CONDITIONS
 THE FOLLOWING WEATHER WAS RECORDED YESTERDAY.
  LIGHT RAIN


RELATIVE HUMIDITY (PERCENT)
 HIGHEST    85           300 AM
 LOWEST     42           200 PM
 AVERAGE    64

..........................................................


THE BUFFALO WY CLIMATE NORMALS FOR TODAY
                         NORMAL    RECORD    YEAR
 MAXIMUM TEMPERATURE (F)   48        76      2012
 MINIMUM TEMPERATURE (F)   25        10      2014


SUNRISE AND SUNSET
MARCH 23 2017.........SUNRISE   704 AM MDT   SUNSET   723 PM MDT
MARCH 24 2017.........SUNRISE   702 AM MDT   SUNSET   725 PM MDT


-  INDICATES NEGATIVE NUMBERS.
R  INDICATES RECORD WAS SET OR TIED.
MM INDICATES DATA IS MISSING.
T  INDICATES TRACE AMOUNT.




$$
