000
CDUS45 KPIH 210731
CLIBYI


CLIMATE REPORT
NATIONAL WEATHER SERVICE POCATELLO ID
130 AM MDT SAT OCT 21 2017


...................................

...THE BURLEY ID CLIMATE SUMMARY FOR OCTOBER 20 2017...

CLIMATE NORMAL PERIOD 1981 TO 2010
CLIMATE RECORD PERIOD 1948 TO 2017


WEATHER ITEM   OBSERVED TIME   RECORD YEAR NORMAL DEPARTURE LAST
                VALUE   (LST)  VALUE       VALUE  FROM      YEAR
                                                  NORMAL
..................................................................
TEMPERATURE (F)
 YESTERDAY
  MAXIMUM         59    449 AM  81    2003  59      0       60
                                      1992
  MINIMUM         36    658 PM  17    1976  33      3       29
  AVERAGE         48                        46      2       45

PRECIPITATION (IN)
  YESTERDAY        0.03          0.34 1972   0.02   0.01     0.00
  MONTH TO DATE    0.08                      0.47  -0.39     1.18
  SINCE OCT 1      0.08                      0.47  -0.39     1.18
  SINCE JAN 1     10.27                      7.78   2.49     9.88

SNOWFALL (IN)
  YESTERDAY       MM
  MONTH TO DATE   MM
  SINCE SEP 1     MM
  SINCE JUL 1     MM
  SNOW DEPTH      MM

DEGREE DAYS
 HEATING
  YESTERDAY       17                        19     -2       20
  MONTH TO DATE  393                       310     83      302
  SINCE SEP 1    632                       523    109      517
  SINCE JUL 1    638                       580     58      573

 COOLING
  YESTERDAY        0                         0      0        0
  MONTH TO DATE    0                         0      0        0
  SINCE SEP 1     68                        21     47       10
  SINCE JAN 1    601                       365    236      353
..................................................................


WIND (MPH)
  HIGHEST WIND SPEED    37   HIGHEST WIND DIRECTION     W (260)
  HIGHEST GUST SPEED    51   HIGHEST GUST DIRECTION     W (260)
  AVERAGE WIND SPEED    15.1


SKY COVER
  POSSIBLE SUNSHINE  MM
  AVERAGE SKY COVER 0.6


WEATHER CONDITIONS
 THE FOLLOWING WEATHER WAS RECORDED YESTERDAY.
  LIGHT RAIN
  LIGHT SNOW
  FOG


RELATIVE HUMIDITY (PERCENT)
 HIGHEST    92           900 AM
 LOWEST     19          1200 AM
 AVERAGE    56

..........................................................


THE BURLEY ID CLIMATE NORMALS FOR TODAY
                         NORMAL    RECORD    YEAR
 MAXIMUM TEMPERATURE (F)   59        80      2003
 MINIMUM TEMPERATURE (F)   33        20      1996


SUNRISE AND SUNSET
OCTOBER 21 2017.......SUNRISE   756 AM MDT   SUNSET   643 PM MDT
OCTOBER 22 2017.......SUNRISE   757 AM MDT   SUNSET   641 PM MDT


-  INDICATES NEGATIVE NUMBERS.
R  INDICATES RECORD WAS SET OR TIED.
MM INDICATES DATA IS MISSING.
T  INDICATES TRACE AMOUNT.




$$
