000
CDUS45 KPIH 260734
CLIBYI


CLIMATE REPORT
NATIONAL WEATHER SERVICE POCATELLO ID
130 AM MDT SUN OCT 26 2014


...................................

...THE BURLEY ID CLIMATE SUMMARY FOR OCTOBER 25 2014...

CLIMATE NORMAL PERIOD 1981 TO 2010
CLIMATE RECORD PERIOD 1948 TO 2014


WEATHER ITEM   OBSERVED TIME   RECORD YEAR NORMAL DEPARTURE LAST
                VALUE   (LST)  VALUE       VALUE  FROM      YEAR
                                                  NORMAL
..................................................................
TEMPERATURE (F)
 YESTERDAY
  MAXIMUM         75   1203 PM  80    1990  57     18       66
  MINIMUM         41    448 AM  19    1975  32      9       30
  AVERAGE         58                        45     13       48

PRECIPITATION (IN)
  YESTERDAY        T             0.30 1982   0.03  -0.03     0.00
  MONTH TO DATE    0.08                      0.60  -0.52     0.23
  SINCE OCT 1      0.08                      0.60  -0.52     0.23
  SINCE JAN 1     10.00                      7.91   2.09     4.31

SNOWFALL (IN)
  YESTERDAY       MM
  MONTH TO DATE   MM
  SINCE SEP 1     MM
  SINCE JUL 1     MM
  SNOW DEPTH      MM

DEGREE DAYS
 HEATING
  YESTERDAY        7                        20    -13       17
  MONTH TO DATE  266                       408   -142      483
  SINCE SEP 1    391                       621   -230      626
  SINCE JUL 1    421                       678   -257      626

 COOLING
  YESTERDAY        0                         0      0        0
  MONTH TO DATE    0                         0      0        0
  SINCE SEP 1     27                        21      6       54
  SINCE JAN 1    428                       365     63      642
..................................................................


WIND (MPH)
  HIGHEST WIND SPEED    29   HIGHEST WIND DIRECTION     W (260)
  HIGHEST GUST SPEED    39   HIGHEST GUST DIRECTION     W (250)
  AVERAGE WIND SPEED     9.1


SKY COVER
  POSSIBLE SUNSHINE  MM
  AVERAGE SKY COVER 0.2


WEATHER CONDITIONS
 THE FOLLOWING WEATHER WAS RECORDED YESTERDAY.
  NO SIGNIFICANT WEATHER WAS OBSERVED.


RELATIVE HUMIDITY (PERCENT)
 HIGHEST    76          1200 AM
 LOWEST     20           200 PM
 AVERAGE    48

..........................................................


THE BURLEY ID CLIMATE NORMALS FOR TODAY
                         NORMAL    RECORD    YEAR
 MAXIMUM TEMPERATURE (F)   56        78      1999
 MINIMUM TEMPERATURE (F)   32        19      1948


SUNRISE AND SUNSET
OCTOBER 26 2014.......SUNRISE   801 AM MDT   SUNSET   636 PM MDT
OCTOBER 27 2014.......SUNRISE   803 AM MDT   SUNSET   635 PM MDT


-  INDICATES NEGATIVE NUMBERS.
R  INDICATES RECORD WAS SET OR TIED.
MM INDICATES DATA IS MISSING.
T  INDICATES TRACE AMOUNT.




$$
