000
CDUS45 KPIH 140731
CLIBYI


CLIMATE REPORT
NATIONAL WEATHER SERVICE POCATELLO ID
1231 AM MST THU DEC 14 2017


...................................

...THE BURLEY ID CLIMATE SUMMARY FOR DECEMBER 13 2017...

CLIMATE NORMAL PERIOD 1981 TO 2010
CLIMATE RECORD PERIOD 1948 TO 2017


WEATHER ITEM   OBSERVED TIME   RECORD YEAR NORMAL DEPARTURE LAST
                VALUE   (LST)  VALUE       VALUE  FROM      YEAR
                                                  NORMAL
..................................................................
TEMPERATURE (F)
 YESTERDAY
  MAXIMUM         26    443 PM  54    1969  35     -9       33
  MINIMUM         21    632 AM -13    1972  18      3       20
  AVERAGE         24                        26     -2       27

PRECIPITATION (IN)
  YESTERDAY        T             0.30 1972   0.04  -0.04     0.00
  MONTH TO DATE    0.05                      0.49  -0.44     1.01
  SINCE OCT 1      1.30                      2.19  -0.89     4.27
  SINCE JAN 1     11.49                      9.50   1.99    12.97

SNOWFALL (IN)
  YESTERDAY       MM
  MONTH TO DATE   MM
  SINCE DEC 1     MM
  SINCE JUL 1     MM
  SNOW DEPTH      MM

DEGREE DAYS
 HEATING
  YESTERDAY       41                        39      2       38
  MONTH TO DATE  395                       485    -90      492
  SINCE DEC 1    395                       485    -90      492
  SINCE JUL 1   1949                      2173   -224     1890

 COOLING
  YESTERDAY        0                         0      0        0
  MONTH TO DATE    0                         0      0        0
  SINCE DEC 1      0                         0      0        0
  SINCE JAN 1    601                       365    236      353
..................................................................


WIND (MPH)
  HIGHEST WIND SPEED     9   HIGHEST WIND DIRECTION     W (270)
  HIGHEST GUST SPEED    12   HIGHEST GUST DIRECTION     W (270)
  AVERAGE WIND SPEED     2.9


SKY COVER
  POSSIBLE SUNSHINE  MM
  AVERAGE SKY COVER 1.0


WEATHER CONDITIONS
 THE FOLLOWING WEATHER WAS RECORDED YESTERDAY.
  LIGHT SNOW
  FOG
  HAZE


RELATIVE HUMIDITY (PERCENT)
 HIGHEST    88          1200 PM
 LOWEST     81          1000 AM
 AVERAGE    85

..........................................................


THE BURLEY ID CLIMATE NORMALS FOR TODAY
                         NORMAL    RECORD    YEAR
 MAXIMUM TEMPERATURE (F)   34        53      1977
 MINIMUM TEMPERATURE (F)   18       -20      1972


SUNRISE AND SUNSET
DECEMBER 14 2017......SUNRISE   757 AM MST   SUNSET   502 PM MST
DECEMBER 15 2017......SUNRISE   758 AM MST   SUNSET   503 PM MST


-  INDICATES NEGATIVE NUMBERS.
R  INDICATES RECORD WAS SET OR TIED.
MM INDICATES DATA IS MISSING.
T  INDICATES TRACE AMOUNT.




$$
