000
CDUS45 KPIH 210735
CLIBYI


CLIMATE REPORT
NATIONAL WEATHER SERVICE POCATELLO ID
1233 AM MST SUN DEC 21 2014


...................................

...THE BURLEY ID CLIMATE SUMMARY FOR DECEMBER 20 2014...

CLIMATE NORMAL PERIOD 1981 TO 2010
CLIMATE RECORD PERIOD 1948 TO 2014


WEATHER ITEM   OBSERVED TIME   RECORD YEAR NORMAL DEPARTURE LAST
                VALUE   (LST)  VALUE       VALUE  FROM      YEAR
                                                  NORMAL
..................................................................
TEMPERATURE (F)
 YESTERDAY
  MAXIMUM         43    252 PM  54    1961  34      9       30
  MINIMUM         34    240 AM  -9    1990  18     16       17
  AVERAGE         39                        26     13       24

PRECIPITATION (IN)
  YESTERDAY        0.16          0.52 1996   0.04   0.12     0.04
  MONTH TO DATE    0.43                      0.75  -0.32     0.14
  SINCE OCT 1      1.77                      2.45  -0.68     0.58
  SINCE JAN 1     11.69                      9.76   1.93     4.66

SNOWFALL (IN)
  YESTERDAY       MM
  MONTH TO DATE   MM
  SINCE DEC 1     MM
  SINCE JUL 1     MM
  SNOW DEPTH      MM

DEGREE DAYS
 HEATING
  YESTERDAY       26                        39    -13       41
  MONTH TO DATE  501                       758   -257      889
  SINCE DEC 1    501                       758   -257      889
  SINCE JUL 1   1882                      2446   -564     2457

 COOLING
  YESTERDAY        0                         0      0        0
  MONTH TO DATE    0                         0      0        0
  SINCE DEC 1      0                         0      0        0
  SINCE JAN 1    428                       365     63      642
..................................................................


WIND (MPH)
  HIGHEST WIND SPEED    16   HIGHEST WIND DIRECTION     S (200)
  HIGHEST GUST SPEED    22   HIGHEST GUST DIRECTION    SW (210)
  AVERAGE WIND SPEED     9.1


SKY COVER
  POSSIBLE SUNSHINE  MM
  AVERAGE SKY COVER 1.0


WEATHER CONDITIONS
 THE FOLLOWING WEATHER WAS RECORDED YESTERDAY.
  LIGHT RAIN


RELATIVE HUMIDITY (PERCENT)
 HIGHEST    96           200 AM
 LOWEST     73           400 PM
 AVERAGE    85

..........................................................


THE BURLEY ID CLIMATE NORMALS FOR TODAY
                         NORMAL    RECORD    YEAR
 MAXIMUM TEMPERATURE (F)   34        56      1969
 MINIMUM TEMPERATURE (F)   18       -21      1990


SUNRISE AND SUNSET
DECEMBER 21 2014......SUNRISE   802 AM MST   SUNSET   505 PM MST
DECEMBER 22 2014......SUNRISE   802 AM MST   SUNSET   505 PM MST


-  INDICATES NEGATIVE NUMBERS.
R  INDICATES RECORD WAS SET OR TIED.
MM INDICATES DATA IS MISSING.
T  INDICATES TRACE AMOUNT.




$$
