000
CDUS45 KPIH 202323
CLIBYI


CLIMATE REPORT
NATIONAL WEATHER SERVICE POCATELLO ID
522 PM MDT SUN AUG 20 2017


...................................

...THE BURLEY ID CLIMATE SUMMARY FOR AUGUST 20 2017...
VALID TODAY AS OF 0500 PM LOCAL TIME.

CLIMATE NORMAL PERIOD 1981 TO 2010
CLIMATE RECORD PERIOD 1948 TO 2017


WEATHER ITEM   OBSERVED TIME   RECORD YEAR NORMAL DEPARTURE LAST
                VALUE   (LST)  VALUE       VALUE  FROM      YEAR
                                                  NORMAL
..................................................................
TEMPERATURE (F)
 TODAY
  MAXIMUM         81    359 PM  98    1995  84     -3       83
  MINIMUM         53    354 AM  34    1964  51      2       50
  AVERAGE         67                        68     -1       67

PRECIPITATION (IN)
  TODAY            0.00          1.18 1968   0.02  -0.02     0.00
  MONTH TO DATE    0.07                      0.24  -0.17     0.02
  SINCE OCT 1     13.26                      9.43   3.83     8.19
  SINCE JAN 1      8.47                      6.60   1.87     5.39

SNOWFALL (IN)
  TODAY           MM
  MONTH TO DATE   MM
  SINCE JUN 1     MM
  SINCE JUL 1     MM
  SNOW DEPTH      MM

DEGREE DAYS
 HEATING
  TODAY            0                         1     -1        0
  MONTH TO DATE    6                        13     -7       10
  SINCE JUN 1     83                       169    -86       86
  SINCE JUL 1      6                        35    -29       36

 COOLING
  TODAY            2                         4     -2        2
  MONTH TO DATE  104                       101      3       81
  SINCE JUN 1    456                       308    148      318
  SINCE JAN 1    461                       314    147      322
..................................................................


WIND (MPH)
  HIGHEST WIND SPEED    16   HIGHEST WIND DIRECTION    SW (240)
  HIGHEST GUST SPEED    22   HIGHEST GUST DIRECTION    SW (240)
  AVERAGE WIND SPEED     7.4


SKY COVER
  POSSIBLE SUNSHINE  MM
  AVERAGE SKY COVER 0.0


WEATHER CONDITIONS
 THE FOLLOWING WEATHER WAS RECORDED TODAY.
  NO SIGNIFICANT WEATHER WAS OBSERVED.


RELATIVE HUMIDITY (PERCENT)
 HIGHEST    59           400 AM
 LOWEST     23           300 PM
 AVERAGE    41

..........................................................


THE BURLEY ID CLIMATE NORMALS FOR TOMORROW
                         NORMAL    RECORD    YEAR
 MAXIMUM TEMPERATURE (F)   84        98      2009
 MINIMUM TEMPERATURE (F)   51        38      1974


SUNRISE AND SUNSET
AUGUST 20 2017........SUNRISE   648 AM MDT   SUNSET   828 PM MDT
AUGUST 21 2017........SUNRISE   649 AM MDT   SUNSET   827 PM MDT


-  INDICATES NEGATIVE NUMBERS.
R  INDICATES RECORD WAS SET OR TIED.
MM INDICATES DATA IS MISSING.
T  INDICATES TRACE AMOUNT.




$$
