000
CDUS45 KPIH 160732
CLIBYI


CLIMATE REPORT
NATIONAL WEATHER SERVICE POCATELLO ID
1230 AM MST MON JAN 16 2017


...................................

...THE BURLEY ID CLIMATE SUMMARY FOR JANUARY 15 2017...

CLIMATE NORMAL PERIOD 1981 TO 2010
CLIMATE RECORD PERIOD 1948 TO 2017


WEATHER ITEM   OBSERVED TIME   RECORD YEAR NORMAL DEPARTURE LAST
                VALUE   (LST)  VALUE       VALUE  FROM      YEAR
                                                  NORMAL
..................................................................
TEMPERATURE (F)
 YESTERDAY
  MAXIMUM         18    434 PM  56    1967  35    -17       32
  MINIMUM          5    650 AM  -9    1984  19    -14       24
  AVERAGE         12                        27    -15       28

PRECIPITATION (IN)
  YESTERDAY        T             0.57 1956   0.02  -0.02     0.06
  MONTH TO DATE    1.29                      0.48   0.81     0.27
  SINCE OCT 1      6.08                      3.31   2.77     3.07
  SINCE JAN 1      1.29                      0.48   0.81     0.27

SNOWFALL (IN)
  YESTERDAY       MM
  MONTH TO DATE   MM
  SINCE DEC 1     MM
  SINCE JUL 1     MM
  SNOW DEPTH      MM

DEGREE DAYS
 HEATING
  YESTERDAY       53                        38     15       37
  MONTH TO DATE  682                       582    100      583
  SINCE DEC 1   1929                      1774    155     1746
  SINCE JUL 1   3327                      3462   -135     3167

 COOLING
  YESTERDAY        0                         0      0        0
  MONTH TO DATE    0                         0      0        0
  SINCE DEC 1      0                         0      0        0
  SINCE JAN 1      0                         0      0        0
..................................................................


WIND (MPH)
  HIGHEST WIND SPEED     8   HIGHEST WIND DIRECTION    NW (300)
  HIGHEST GUST SPEED    11   HIGHEST GUST DIRECTION     W (260)
  AVERAGE WIND SPEED     2.7


SKY COVER
  POSSIBLE SUNSHINE  MM
  AVERAGE SKY COVER 0.6


WEATHER CONDITIONS
 THE FOLLOWING WEATHER WAS RECORDED YESTERDAY.
  LIGHT SNOW
  FOG
  HAZE


RELATIVE HUMIDITY (PERCENT)
 HIGHEST    92           800 PM
 LOWEST     73           500 PM
 AVERAGE    83

..........................................................


THE BURLEY ID CLIMATE NORMALS FOR TODAY
                         NORMAL    RECORD    YEAR
 MAXIMUM TEMPERATURE (F)   35        60      1974
 MINIMUM TEMPERATURE (F)   19       -14      1949


SUNRISE AND SUNSET
JANUARY 16 2017.......SUNRISE   801 AM MST   SUNSET   529 PM MST
JANUARY 17 2017.......SUNRISE   801 AM MST   SUNSET   530 PM MST


-  INDICATES NEGATIVE NUMBERS.
R  INDICATES RECORD WAS SET OR TIED.
MM INDICATES DATA IS MISSING.
T  INDICATES TRACE AMOUNT.




$$
