000
CDUS45 KTFX 041027
CLIBZN


CLIMATE REPORT
NATIONAL WEATHER SERVICE GREAT FALLS MT
425 AM MDT SAT JUL 4 2015


...................................

...THE BOZEMAN/GALLATIN FIELD MT CLIMATE SUMMARY FOR JULY 3 2015...

CLIMATE NORMAL PERIOD 1981 TO 2010
CLIMATE RECORD PERIOD 1935 TO 2015


WEATHER ITEM   OBSERVED TIME   RECORD YEAR NORMAL DEPARTURE LAST
                VALUE   (LST)  VALUE       VALUE  FROM      YEAR
                                                  NORMAL
..................................................................
TEMPERATURE (F)
 YESTERDAY
  MAXIMUM         92    516 PM 100    1961  84      8       90
  MINIMUM         57    505 AM  36    1972  49      8       52
  AVERAGE         75                        67      8       71

PRECIPITATION (IN)
  YESTERDAY        0.00          1.36 1993   0.05  -0.05     0.00
  MONTH TO DATE    0.00                      0.14  -0.14     0.00
  SINCE OCT 1      8.49                     10.82  -2.33    10.05
  SINCE JAN 1      6.56                      8.44  -1.88     9.00

SNOWFALL (IN)
  YESTERDAY        0.0           T    1955   0.0    0.0      0.0
                                      1994
  MONTH TO DATE    0.0                       0.0    0.0      0.0
  SINCE JUN 1      0.0                       0.0    0.0      0.0
  SINCE JUL 1      0.0                       0.0    0.0      0.0
  SNOW DEPTH       0

DEGREE DAYS
 HEATING
  YESTERDAY        0                         2     -2        0
  MONTH TO DATE    0                         6     -6        6
  SINCE JUN 1     72                       147    -75      242
  SINCE JUL 1      0                         6     -6        6

 COOLING
  YESTERDAY       10                         4      6        6
  MONTH TO DATE   19                        10      9        7
  SINCE JUN 1     89                        48     41        7
  SINCE JAN 1     89                        52     37        7
..................................................................


WIND (MPH)
  HIGHEST WIND SPEED    13   HIGHEST WIND DIRECTION     S (160)
  HIGHEST GUST SPEED    18   HIGHEST GUST DIRECTION     W (250)
  AVERAGE WIND SPEED     4.7


SKY COVER
  AVERAGE SKY COVER 0.0


WEATHER CONDITIONS
 THE FOLLOWING WEATHER WAS RECORDED YESTERDAY.
  HAZE


RELATIVE HUMIDITY (PERCENT)
 HIGHEST    75
 LOWEST     17
 AVERAGE    46

..........................................................


THE BOZEMAN/GALLATIN FIELD MT CLIMATE NORMALS FOR TODAY
                         NORMAL    RECORD    YEAR
 MAXIMUM TEMPERATURE (F)   84       102      2008
 MINIMUM TEMPERATURE (F)   50        34      1994


SUNRISE AND SUNSET
JULY  4 2015..........SUNRISE   540 AM MDT   SUNSET   917 PM MDT
JULY  5 2015..........SUNRISE   541 AM MDT   SUNSET   917 PM MDT


-  INDICATES NEGATIVE NUMBERS.
R  INDICATES RECORD WAS SET OR TIED.
MM INDICATES DATA IS MISSING.
T  INDICATES TRACE AMOUNT.




$$
