000
CDUS45 KTFX 192230
CLIBZN


CLIMATE REPORT
NATIONAL WEATHER SERVICE GREAT FALLS MT
430 PM MDT THU OCT 19 2017


...................................

...THE BOZEMAN/GALLATIN FIELD MT CLIMATE SUMMARY FOR OCTOBER 19 2017...
VALID TODAY AS OF 0400 PM LOCAL TIME.

CLIMATE NORMAL PERIOD 1981 TO 2010
CLIMATE RECORD PERIOD 1935 TO 2017


WEATHER ITEM   OBSERVED TIME   RECORD YEAR NORMAL DEPARTURE LAST
                VALUE   (LST)  VALUE       VALUE  FROM      YEAR
                                                  NORMAL
..................................................................
TEMPERATURE (F)
 TODAY
  MAXIMUM         77    213 PM  81    2003  60     17       51
  MINIMUM         35    618 AM   9    1938  30      5       27
  AVERAGE         56                        45     11       39

PRECIPITATION (IN)
  TODAY            0.00          0.45 1943   0.03  -0.03     0.01
                                      1943
                                      2009
  MONTH TO DATE    0.30                      0.73  -0.43     1.69
  SINCE OCT 1      0.30                      0.73  -0.43     1.69
  SINCE JAN 1     10.40                     12.34  -1.94    11.58

SNOWFALL (IN)
  TODAY            0.0           3.8  1949   0.1   -0.1      0.0
  MONTH TO DATE    0.2                       1.0   -0.8      3.0
  SINCE SEP 1      0.2                       1.3   -1.1      3.0
  SINCE JUL 1      0.2                       1.3   -1.1      3.0

DEGREE DAYS
 HEATING
  TODAY            9                        20    -11       26
  MONTH TO DATE  405                       321     84      363
  SINCE SEP 1    723                       559    164      670
  SINCE JUL 1    734                       626    108      779

 COOLING
  TODAY            0                         0      0        0
  MONTH TO DATE    0                         0      0        0
  SINCE SEP 1     27                        22      5       10
  SINCE JAN 1    327                       368    -41      232
..................................................................


WIND (MPH)
  HIGHEST WIND SPEED    21   HIGHEST WIND DIRECTION    SW (230)
  HIGHEST GUST SPEED    27   HIGHEST GUST DIRECTION    SW (230)
  AVERAGE WIND SPEED     6.3


SKY COVER
  AVERAGE SKY COVER 0.0


WEATHER CONDITIONS
 THE FOLLOWING WEATHER WAS RECORDED TODAY.
  NO SIGNIFICANT WEATHER WAS OBSERVED.


RELATIVE HUMIDITY (PERCENT)
 HIGHEST    76           100 AM
 LOWEST      7           200 PM
 AVERAGE    42

..........................................................


THE BOZEMAN/GALLATIN FIELD MT CLIMATE NORMALS FOR TOMORROW
                         NORMAL    RECORD    YEAR
 MAXIMUM TEMPERATURE (F)   60        79      2003
 MINIMUM TEMPERATURE (F)   29        14      1938


SUNRISE AND SUNSET
OCTOBER 19 2017.......SUNRISE   747 AM MDT   SUNSET   631 PM MDT
OCTOBER 20 2017.......SUNRISE   748 AM MDT   SUNSET   629 PM MDT


-  INDICATES NEGATIVE NUMBERS.
R  INDICATES RECORD WAS SET OR TIED.
MM INDICATES DATA IS MISSING.
T  INDICATES TRACE AMOUNT.




$$
