000
CDUS45 KTFX 191045
CLIBZN


CLIMATE REPORT
NATIONAL WEATHER SERVICE GREAT FALLS MT
344 AM MST THU JAN 19 2017


...................................

...THE BOZEMAN/GALLATIN FIELD MT CLIMATE SUMMARY FOR JANUARY 18 2017...

CLIMATE NORMAL PERIOD 1981 TO 2010
CLIMATE RECORD PERIOD 1935 TO 2017


WEATHER ITEM   OBSERVED TIME   RECORD YEAR NORMAL DEPARTURE LAST
                VALUE   (LST)  VALUE       VALUE  FROM      YEAR
                                                  NORMAL
..................................................................
TEMPERATURE (F)
 YESTERDAY
  MAXIMUM         35    330 PM  54    1994  36     -1       38
  MINIMUM          4    712 AM -42    1963  12     -8       20
  AVERAGE         20                        24     -4       29

PRECIPITATION (IN)
  YESTERDAY        0.00          0.11 1958   0.01  -0.01     0.01
  MONTH TO DATE    0.15                      0.28  -0.13     0.18
  SINCE OCT 1      3.48                      2.66   0.82     3.03
  SINCE JAN 1      0.15                      0.28  -0.13     0.18

SNOWFALL (IN)
  YESTERDAY        0.0           2.0  1950   0.1   -0.1      0.2
  MONTH TO DATE    6.1                       2.2    3.9      5.2
  SINCE DEC 1     20.2                       8.2   12.0     14.7
  SINCE JUL 1     24.1                      15.6    8.5     21.3
  SNOW DEPTH       6

DEGREE DAYS
 HEATING
  YESTERDAY       45                        41      4       36
  MONTH TO DATE 1101                       760    341      862
  SINCE DEC 1   2696                      2114    582     2202
  SINCE JUL 1   4473                      3995    478     4166

 COOLING
  YESTERDAY        0                         0      0        0
  MONTH TO DATE    0                         0      0        0
  SINCE DEC 1      0                         0      0        0
  SINCE JAN 1      0                         0      0        0
..................................................................


WIND (MPH)
  HIGHEST WIND SPEED    14   HIGHEST WIND DIRECTION    SE (120)
  HIGHEST GUST SPEED    14   HIGHEST GUST DIRECTION    SE (120)
  AVERAGE WIND SPEED     4.7


SKY COVER
  AVERAGE SKY COVER 0.1


WEATHER CONDITIONS
 THE FOLLOWING WEATHER WAS RECORDED YESTERDAY.
  NO SIGNIFICANT WEATHER WAS OBSERVED.


RELATIVE HUMIDITY (PERCENT)
 HIGHEST    91
 LOWEST     68
 AVERAGE    80

..........................................................


THE BOZEMAN/GALLATIN FIELD MT CLIMATE NORMALS FOR TODAY
                         NORMAL    RECORD    YEAR
 MAXIMUM TEMPERATURE (F)   36        59      2005
 MINIMUM TEMPERATURE (F)   12       -43      1963


SUNRISE AND SUNSET
JANUARY 19 2017.......SUNRISE   759 AM MST   SUNSET   513 PM MST
JANUARY 20 2017.......SUNRISE   758 AM MST   SUNSET   514 PM MST


-  INDICATES NEGATIVE NUMBERS.
R  INDICATES RECORD WAS SET OR TIED.
MM INDICATES DATA IS MISSING.
T  INDICATES TRACE AMOUNT.




$$
