000
CDUS45 KTFX 200848
CLIBZN


CLIMATE REPORT
NATIONAL WEATHER SERVICE GREAT FALLS MT
146 AM MST TUE FEB 20 2018


...................................

...THE BOZEMAN/GALLATIN FIELD MT CLIMATE SUMMARY FOR FEBRUARY 19 2018...

CLIMATE NORMAL PERIOD 1981 TO 2010
CLIMATE RECORD PERIOD 1935 TO 2018


WEATHER ITEM   OBSERVED TIME   RECORD YEAR NORMAL DEPARTURE LAST
                VALUE   (LST)  VALUE       VALUE  FROM      YEAR
                                                  NORMAL
..................................................................
TEMPERATURE (F)
 YESTERDAY
  MAXIMUM          4   1239 AM  63    1981  40    -36       41
  MINIMUM        -15    654 PM -20    1952  16    -31       31
  AVERAGE         -5                        28    -33       36

PRECIPITATION (IN)
  YESTERDAY        0.01          0.58 1939   0.02  -0.01     0.08
  MONTH TO DATE    0.47                      0.27   0.20     0.24
  SINCE OCT 1      4.44                      3.13   1.31     3.87
  SINCE JAN 1      1.46                      0.75   0.71     0.54

SNOWFALL (IN)
  YESTERDAY        0.5           3.0  1981   0.1    0.4       T
  MONTH TO DATE    7.9                       3.1    4.8      7.0
  SINCE DEC 1     34.5                      13.1   21.4     33.7
  SINCE JUL 1     50.7                      20.5   30.2     37.6
  SNOW DEPTH       6

DEGREE DAYS
 HEATING
  YESTERDAY       70                        37     33       29
  MONTH TO DATE  894                       738    156      797
  SINCE DEC 1   3709                      3379    330     4102
  SINCE JUL 1   5840                      5260    580     5879

 COOLING
  YESTERDAY        0                         0      0        0
  MONTH TO DATE    0                         0      0        0
  SINCE DEC 1      0                         0      0        0
  SINCE JAN 1      0                         0      0        0
..................................................................


WIND (MPH)
  HIGHEST WIND SPEED    15   HIGHEST WIND DIRECTION    NW (330)
  HIGHEST GUST SPEED    18   HIGHEST GUST DIRECTION    NW (330)
  AVERAGE WIND SPEED     6.1


SKY COVER
  AVERAGE SKY COVER 0.7


WEATHER CONDITIONS
 THE FOLLOWING WEATHER WAS RECORDED YESTERDAY.
  LIGHT SNOW
  FOG
  HAZE


RELATIVE HUMIDITY (PERCENT)
 HIGHEST    87
 LOWEST     56
 AVERAGE    72

..........................................................


THE BOZEMAN/GALLATIN FIELD MT CLIMATE NORMALS FOR TODAY
                         NORMAL    RECORD    YEAR
 MAXIMUM TEMPERATURE (F)   41        64      1995
 MINIMUM TEMPERATURE (F)   16       -20      1952


SUNRISE AND SUNSET
FEBRUARY 20 2018......SUNRISE   719 AM MST   SUNSET   559 PM MST
FEBRUARY 21 2018......SUNRISE   717 AM MST   SUNSET   600 PM MST


-  INDICATES NEGATIVE NUMBERS.
R  INDICATES RECORD WAS SET OR TIED.
MM INDICATES DATA IS MISSING.
T  INDICATES TRACE AMOUNT.




$$
