000
CDUS45 KTFX 311014
CLIBZN


CLIMATE REPORT
NATIONAL WEATHER SERVICE GREAT FALLS MT
411 AM MDT WED AUG 31 2016


...................................

...THE BOZEMAN/GALLATIN FIELD MT CLIMATE SUMMARY FOR AUGUST 30 2016...

CLIMATE NORMAL PERIOD 1981 TO 2010
CLIMATE RECORD PERIOD 1935 TO 2016


WEATHER ITEM   OBSERVED TIME   RECORD YEAR NORMAL DEPARTURE LAST
                VALUE   (LST)  VALUE       VALUE  FROM      YEAR
                                                  NORMAL
..................................................................
TEMPERATURE (F)
 YESTERDAY
  MAXIMUM         93    258 PM  95    2007  83     10       84
                                      1954
  MINIMUM         46    548 AM  30    1993  46      0       51
  AVERAGE         70                        64      6       68

PRECIPITATION (IN)
  YESTERDAY        0.00          0.49 2014   0.03  -0.03     0.08
  MONTH TO DATE    1.11                      1.04   0.07     0.73
  SINCE OCT 1     11.64                     12.84  -1.20    11.00
  SINCE JAN 1      8.79                     10.46  -1.67     9.07

SNOWFALL (IN)
  YESTERDAY        0.0           0.0  1998   0.0    0.0      0.0
                                      1994
  MONTH TO DATE    0.0                       0.0    0.0      0.0
  SINCE JUN 1      0.0                       0.0    0.0      0.0
  SINCE JUL 1      0.0                       0.0    0.0      0.0
  SNOW DEPTH       0

DEGREE DAYS
 HEATING
  YESTERDAY        0                         3     -3        0
  MONTH TO DATE   67                        36     31       62
  SINCE JUN 1    208                       205      3      165
  SINCE JUL 1    109                        64     45       93

 COOLING
  YESTERDAY        5                         2      3        3
  MONTH TO DATE   46                       136    -90       86
  SINCE JUN 1    216                       340   -124      234
  SINCE JAN 1    216                       344   -128      234
..................................................................


WIND (MPH)
  HIGHEST WIND SPEED    16   HIGHEST WIND DIRECTION    SE (120)
  HIGHEST GUST SPEED    22   HIGHEST GUST DIRECTION    SE (120)
  AVERAGE WIND SPEED     5.3


SKY COVER
  AVERAGE SKY COVER 0.0


WEATHER CONDITIONS
 THE FOLLOWING WEATHER WAS RECORDED YESTERDAY.
  HAZE


RELATIVE HUMIDITY (PERCENT)
 HIGHEST    86
 LOWEST     11
 AVERAGE    49

..........................................................


THE BOZEMAN/GALLATIN FIELD MT CLIMATE NORMALS FOR TODAY
                         NORMAL    RECORD    YEAR
 MAXIMUM TEMPERATURE (F)   82        97      1991
 MINIMUM TEMPERATURE (F)   46        32      1993


SUNRISE AND SUNSET
AUGUST 31 2016........SUNRISE   645 AM MDT   SUNSET   803 PM MDT
SEPTEMBER  1 2016.....SUNRISE   646 AM MDT   SUNSET   802 PM MDT


-  INDICATES NEGATIVE NUMBERS.
R  INDICATES RECORD WAS SET OR TIED.
MM INDICATES DATA IS MISSING.
T  INDICATES TRACE AMOUNT.




$$
