000
CDUS45 KTFX 271014
CLIBZN


CLIMATE REPORT
NATIONAL WEATHER SERVICE GREAT FALLS MT
311 AM MST THU NOV 27 2014


...................................

...THE BOZEMAN/GALLATIN FIELD MT CLIMATE SUMMARY FOR NOVEMBER 26 2014...

CLIMATE NORMAL PERIOD 1981 TO 2010
CLIMATE RECORD PERIOD 1935 TO 2014


WEATHER ITEM   OBSERVED TIME   RECORD YEAR NORMAL DEPARTURE
                VALUE   (LST)  VALUE       VALUE  FROM
                                                  NORMAL
...............................................................
TEMPERATURE (F)
 YESTERDAY
  MAXIMUM         39   1158 PM  63    1998  38      1
  MINIMUM         24    931 AM -25    1985  15      9
  AVERAGE         32                        27      5

PRECIPITATION (IN)
  YESTERDAY        0.11          0.34 2005   0.03   0.08
  MONTH TO DATE    0.78                      0.68   0.10
  SINCE OCT 1      1.17                      1.78  -0.61
  SINCE JAN 1     14.78                     13.39   1.39

SNOWFALL (IN)
  YESTERDAY        2.0           3.0  1994   0.2    1.8
  MONTH TO DATE   10.6                       4.3    6.3
  SINCE SEP 1     10.6                       6.5    4.1
  SINCE JUL 1     10.6                       6.5    4.1
  SNOW DEPTH       5

DEGREE DAYS
 HEATING
  YESTERDAY       33                               -5
  MONTH TO DATE 1035                              211
  SINCE SEP 1   1886                              232
  SINCE JUL 1   1972                              251

 COOLING
  YESTERDAY        0                                0
  MONTH TO DATE    0                                0
  SINCE SEP 1      5                              -17
  SINCE JAN 1    187                             -181
...............................................................


WIND (MPH)
  HIGHEST WIND SPEED     9   HIGHEST WIND DIRECTION    SW (210)
  HIGHEST GUST SPEED    11   HIGHEST GUST DIRECTION    SW (210)
  AVERAGE WIND SPEED     2.3



WEATHER CONDITIONS
 THE FOLLOWING WEATHER WAS RECORDED YESTERDAY.
  LIGHT SNOW
  FOG
  FOG W/VISIBILITY <= 1/4 MILE


RELATIVE HUMIDITY (PERCENT)
 HIGHEST   100
 LOWEST     75
 AVERAGE    88

..........................................................


THE BOZEMAN/GALLATIN FIELD MT CLIMATE NORMALS FOR TODAY
                         NORMAL    RECORD    YEAR
 MAXIMUM TEMPERATURE (F)   38        63      1949
 MINIMUM TEMPERATURE (F)   14       -17      1952


SUNRISE AND SUNSET
NOVEMBER 27 2014......SUNRISE   740 AM MST   SUNSET   444 PM MST
NOVEMBER 28 2014......SUNRISE   742 AM MST   SUNSET   443 PM MST


-  INDICATES NEGATIVE NUMBERS.
R  INDICATES RECORD WAS SET OR TIED.
MM INDICATES DATA IS MISSING.
T  INDICATES TRACE AMOUNT.




$$
