000
CDUS45 KTFX 280935
CLIBZN


CLIMATE REPORT
NATIONAL WEATHER SERVICE GREAT FALLS MT
334 AM MDT WED JUN 28 2017


...................................

...THE BOZEMAN/GALLATIN FIELD MT CLIMATE SUMMARY FOR JUNE 27 2017...

CLIMATE NORMAL PERIOD 1981 TO 2010
CLIMATE RECORD PERIOD 1935 TO 2017


WEATHER ITEM   OBSERVED TIME   RECORD YEAR NORMAL DEPARTURE LAST
                VALUE   (LST)  VALUE       VALUE  FROM      YEAR
                                                  NORMAL
..................................................................
TEMPERATURE (F)
 YESTERDAY
  MAXIMUM         76    229 PM  98    2015  82     -6       88
  MINIMUM         52   1154 PM  34    1976  48      4       42
  AVERAGE         64                        65     -1       65

PRECIPITATION (IN)
  YESTERDAY        0.11          1.02 1944   0.06   0.05      T
  MONTH TO DATE    2.25                      2.24   0.01     0.91
  SINCE OCT 1     11.13                     10.52   0.61     8.66
  SINCE JAN 1      7.80                      8.14  -0.34     5.81

SNOWFALL (IN)
  YESTERDAY        0.0           T    1954   0.0    0.0      0.0
                                      2001
                                      1994
  MONTH TO DATE    0.0                       0.3   -0.3      0.0
  SINCE JUN 1      0.0                       0.3   -0.3      0.0
  SINCE JUL 1     44.5                      40.2    4.3     25.7
  SNOW DEPTH       0

DEGREE DAYS
 HEATING
  YESTERDAY        1                         3     -2        0
  MONTH TO DATE  144                       135      9       99
  SINCE JUN 1    144                       135      9       99
  SINCE JUL 1   8109                      7552    557     7595

 COOLING
  YESTERDAY        0                         2     -2        0
  MONTH TO DATE   21                        30     -9       34
  SINCE JUN 1     21                        30     -9       34
  SINCE JAN 1     21                        34    -13       34
..................................................................


WIND (MPH)
  HIGHEST WIND SPEED    25   HIGHEST WIND DIRECTION     W (270)
  HIGHEST GUST SPEED    33   HIGHEST GUST DIRECTION     W (260)
  AVERAGE WIND SPEED     5.8


SKY COVER
  AVERAGE SKY COVER 0.1


WEATHER CONDITIONS
 THE FOLLOWING WEATHER WAS RECORDED YESTERDAY.
  THUNDERSTORM
  LIGHT RAIN
  FOG


RELATIVE HUMIDITY (PERCENT)
 HIGHEST    93
 LOWEST     35
 AVERAGE    64

..........................................................


THE BOZEMAN/GALLATIN FIELD MT CLIMATE NORMALS FOR TODAY
                         NORMAL    RECORD    YEAR
 MAXIMUM TEMPERATURE (F)   82       100      2007
 MINIMUM TEMPERATURE (F)   48        30      1975


SUNRISE AND SUNSET
JUNE 28 2017..........SUNRISE   537 AM MDT   SUNSET   918 PM MDT
JUNE 29 2017..........SUNRISE   538 AM MDT   SUNSET   918 PM MDT


-  INDICATES NEGATIVE NUMBERS.
R  INDICATES RECORD WAS SET OR TIED.
MM INDICATES DATA IS MISSING.
T  INDICATES TRACE AMOUNT.




$$
