000
CDUS45 KTFX 271057
CLIBZN


CLIMATE REPORT
NATIONAL WEATHER SERVICE GREAT FALLS MT
455 AM MDT TUE SEP 27 2016


...................................

...THE BOZEMAN/GALLATIN FIELD MT CLIMATE SUMMARY FOR SEPTEMBER 26 2016...

CLIMATE NORMAL PERIOD 1981 TO 2010
CLIMATE RECORD PERIOD 1935 TO 2016


WEATHER ITEM   OBSERVED TIME   RECORD YEAR NORMAL DEPARTURE LAST
                VALUE   (LST)  VALUE       VALUE  FROM      YEAR
                                                  NORMAL
..................................................................
TEMPERATURE (F)
 YESTERDAY
  MAXIMUM         76    428 PM  92    2010  70      6       87
  MINIMUM         36    614 AM  23    1961  37     -1       50
  AVERAGE         56                        53      3       69

PRECIPITATION (IN)
  YESTERDAY        0.00          0.72 1987   0.04  -0.04      T
  MONTH TO DATE    1.10                      0.95   0.15     1.05
  SINCE OCT 1     12.74                     13.83  -1.09    12.05
  SINCE JAN 1      9.89                     11.45  -1.56    10.12

SNOWFALL (IN)
  YESTERDAY        0.0           T    1984   0.0    0.0      0.0
  MONTH TO DATE    0.0                       0.2   -0.2      0.0
  SINCE SEP 1      0.0                       0.2   -0.2      0.0
  SINCE JUL 1      0.0                       0.2   -0.2      0.0
  SNOW DEPTH       0

DEGREE DAYS
 HEATING
  YESTERDAY        9                        12     -3        0
  MONTH TO DATE  282                       189     93      182
  SINCE SEP 1    282                       189     93      182
  SINCE JUL 1    391                       256    135      281

 COOLING
  YESTERDAY        0                         0      0        4
  MONTH TO DATE   10                        20    -10        9
  SINCE SEP 1     10                        20    -10        9
  SINCE JAN 1    232                       366   -134      243
..................................................................


WIND (MPH)
  HIGHEST WIND SPEED    12   HIGHEST WIND DIRECTION    SE (140)
  HIGHEST GUST SPEED    13   HIGHEST GUST DIRECTION     S (160)
  AVERAGE WIND SPEED     3.9


SKY COVER
  AVERAGE SKY COVER 0.0


WEATHER CONDITIONS
 THE FOLLOWING WEATHER WAS RECORDED YESTERDAY.
  NO SIGNIFICANT WEATHER WAS OBSERVED.


RELATIVE HUMIDITY (PERCENT)
 HIGHEST    92
 LOWEST     25
 AVERAGE    59

..........................................................


THE BOZEMAN/GALLATIN FIELD MT CLIMATE NORMALS FOR TODAY
                         NORMAL    RECORD    YEAR
 MAXIMUM TEMPERATURE (F)   70        87      2001
 MINIMUM TEMPERATURE (F)   37        22      1964


SUNRISE AND SUNSET
SEPTEMBER 27 2016.....SUNRISE   719 AM MDT   SUNSET   711 PM MDT
SEPTEMBER 28 2016.....SUNRISE   720 AM MDT   SUNSET   709 PM MDT


-  INDICATES NEGATIVE NUMBERS.
R  INDICATES RECORD WAS SET OR TIED.
MM INDICATES DATA IS MISSING.
T  INDICATES TRACE AMOUNT.




$$
