000
CDUS42 KCAE 280611
CLICAE


CLIMATE REPORT
NATIONAL WEATHER SERVICE COLUMBIA SC
211 AM EDT SUN MAY 28 2017


...................................

...THE COLUMBIA METRO AIRPORT SC CLIMATE SUMMARY FOR MAY 27 2017...

CLIMATE NORMAL PERIOD 1981 TO 2010
CLIMATE RECORD PERIOD 1887 TO 2017


WEATHER ITEM   OBSERVED TIME   RECORD YEAR NORMAL DEPARTURE LAST
                VALUE   (LST)  VALUE       VALUE  FROM      YEAR
                                                  NORMAL
..................................................................
TEMPERATURE (F)
 YESTERDAY
  MAXIMUM         92    349 PM  99    1916  86      6       89
  MINIMUM         64    107 AM  42    1979  63      1       66
  AVERAGE         78                        75      3       78

PRECIPITATION (IN)
  YESTERDAY        0.00          1.39 2009   0.10  -0.10     0.00
  MONTH TO DATE    6.27                      2.53   3.74     2.10
  SINCE MAR 1     14.76                      8.88   5.88     6.78
  SINCE JAN 1     23.40                     16.07   7.33    13.41

SNOWFALL (IN)
  YESTERDAY        0.0          MM      MM   0.0             0.0
  MONTH TO DATE    0.0                       0.0             0.0
  SINCE MAR 1      T                         0.1             0.0
  SINCE JUL 1      0.1                       1.5              T

DEGREE DAYS
 HEATING
  YESTERDAY        0                         0      0        0
  MONTH TO DATE   12                        18     -6        6
  SINCE MAR 1    324                       450   -126      228
  SINCE JUL 1   1665                      2549   -884     1791

 COOLING
  YESTERDAY       13                        10      3       13
  MONTH TO DATE  227                       183     44      204
  SINCE MAR 1    453                       274    179      387
  SINCE JAN 1    471                       278    193      391
..................................................................


WIND (MPH)
  HIGHEST WIND SPEED    21   HIGHEST WIND DIRECTION     W (280)
  HIGHEST GUST SPEED    29   HIGHEST GUST DIRECTION     W (250)
  AVERAGE WIND SPEED     9.3


SKY COVER
  AVERAGE SKY COVER 0.3


WEATHER CONDITIONS
 THE FOLLOWING WEATHER WAS RECORDED YESTERDAY.
  NO SIGNIFICANT WEATHER WAS OBSERVED.


RELATIVE HUMIDITY (PERCENT)
 HIGHEST    81          1200 AM
 LOWEST     36           300 PM
 AVERAGE    59

..........................................................


THE COLUMBIA METRO AIRPORT SC CLIMATE NORMALS FOR TODAY
                         NORMAL    RECORD    YEAR
 MAXIMUM TEMPERATURE (F)   87        99      1914
 MINIMUM TEMPERATURE (F)   64        41      1961


SUNRISE AND SUNSET
MAY 28 2017...........SUNRISE   616 AM EDT   SUNSET   828 PM EDT
MAY 29 2017...........SUNRISE   615 AM EDT   SUNSET   829 PM EDT


-  INDICATES NEGATIVE NUMBERS.
R  INDICATES RECORD WAS SET OR TIED.
MM INDICATES DATA IS MISSING.
T  INDICATES TRACE AMOUNT.




$$
