000
CDUS42 KCAE 262226
CLICAE


CLIMATE REPORT
NATIONAL WEATHER SERVICE COLUMBIA SC
523 PM EST WED NOV 26 2014


...................................

...THE COLUMBIA METRO AIRPORT SC CLIMATE SUMMARY FOR NOVEMBER 26 2014...
VALID TODAY AS OF 0500 PM LOCAL TIME.

CLIMATE NORMAL PERIOD 1981 TO 2010
CLIMATE RECORD PERIOD 1887 TO 2014


WEATHER ITEM   OBSERVED TIME   RECORD YEAR NORMAL DEPARTURE LAST
                VALUE   (LST)  VALUE       VALUE  FROM      YEAR
                                                  NORMAL
..................................................................
TEMPERATURE (F)
 TODAY
  MAXIMUM         58    340 PM  83    1973  64     -6       71
  MINIMUM         48    645 AM  16    1950  39      9       43
  AVERAGE         53                        52      1       57

PRECIPITATION (IN)
  TODAY            0.84R         0.61 1929   0.10   0.74     0.49
  MONTH TO DATE    4.37                      2.35   2.02     1.92
  SINCE SEP 1     10.23                      9.06   1.17     5.94
  SINCE JAN 1     38.31                     40.98  -2.67    49.45

SNOWFALL (IN)
  TODAY            0.0          MM      MM   0.0             0.0
  MONTH TO DATE    T                         0.0              T
  SINCE SEP 1      T                         0.0              T
  SINCE JUL 1      T                         0.0              T

DEGREE DAYS
 HEATING
  TODAY           12                        14     -2        8
  MONTH TO DATE  356                       263     93      279
  SINCE SEP 1    427                       383     44      350
  SINCE JUL 1    427                       383     44      350

 COOLING
  TODAY            0                         0      0        0
  MONTH TO DATE    8                        14     -6       14
  SINCE SEP 1    501                       398    103      479
  SINCE JAN 1   2535                      2166    369     2172
..................................................................


WIND (MPH)
  HIGHEST WIND SPEED    16   HIGHEST WIND DIRECTION    NW (320)
  HIGHEST GUST SPEED    22   HIGHEST GUST DIRECTION     N (340)
  AVERAGE WIND SPEED     8.2


SKY COVER
  AVERAGE SKY COVER 0.9


WEATHER CONDITIONS
 THE FOLLOWING WEATHER WAS RECORDED TODAY.
  HEAVY RAIN
  RAIN
  LIGHT RAIN
  FOG


RELATIVE HUMIDITY (PERCENT)
 HIGHEST    96           400 AM
 LOWEST     61           300 PM
 AVERAGE    79

..........................................................


THE COLUMBIA METRO AIRPORT SC CLIMATE NORMALS FOR TOMORROW
                         NORMAL    RECORD    YEAR
 MAXIMUM TEMPERATURE (F)   64        84      1973
 MINIMUM TEMPERATURE (F)   39        20      1974


SUNRISE AND SUNSET
NOVEMBER 26 2014......SUNRISE   707 AM EST   SUNSET   516 PM EST
NOVEMBER 27 2014......SUNRISE   708 AM EST   SUNSET   516 PM EST


-  INDICATES NEGATIVE NUMBERS.
R  INDICATES RECORD WAS SET OR TIED.
MM INDICATES DATA IS MISSING.
T  INDICATES TRACE AMOUNT.




$$
