000
CDUS42 KCAE 282128
CLICAE


CLIMATE REPORT
NATIONAL WEATHER SERVICE COLUMBIA SC
526 PM EDT THU MAY 28 2015


...................................

...THE COLUMBIA METRO AIRPORT SC CLIMATE SUMMARY FOR MAY 28 2015...
VALID TODAY AS OF 0500 PM LOCAL TIME.

CLIMATE NORMAL PERIOD 1981 TO 2010
CLIMATE RECORD PERIOD 1887 TO 2015


WEATHER ITEM   OBSERVED TIME   RECORD YEAR NORMAL DEPARTURE LAST
                VALUE   (LST)  VALUE       VALUE  FROM      YEAR
                                                  NORMAL
..................................................................
TEMPERATURE (F)
 TODAY
  MAXIMUM         90    328 PM  99    1914  87      3       92
  MINIMUM         66    534 AM  41    1961  64      2       69
  AVERAGE         78                        75      3       81

PRECIPITATION (IN)
  TODAY            0.00          3.28 1950   0.11  -0.11     1.05
  MONTH TO DATE    1.71                      2.64  -0.93     4.22
  SINCE MAR 1      8.52                      8.99  -0.47    11.14
  SINCE JAN 1     15.88                     16.18  -0.30    17.46

SNOWFALL (IN)
  TODAY            0.0          MM      MM   0.0             0.0
  MONTH TO DATE    0.0                       0.0             0.0
  SINCE MAR 1      0.0                       0.1             0.0
  SINCE JUL 1      T                         1.5             4.2

DEGREE DAYS
 HEATING
  TODAY            0                         0      0        0
  MONTH TO DATE    6                        18    -12       10
  SINCE MAR 1    274                       450   -176      476
  SINCE JUL 1   2463                      2549    -86     2560

 COOLING
  TODAY           13                        10      3       16
  MONTH TO DATE  241                       193     48      267
  SINCE MAR 1    384                       284    100      368
  SINCE JAN 1    384                       288     96      375
..................................................................


WIND (MPH)
  HIGHEST WIND SPEED    15   HIGHEST WIND DIRECTION     E (100)
  HIGHEST GUST SPEED    22   HIGHEST GUST DIRECTION    SE (140)
  AVERAGE WIND SPEED     4.4


SKY COVER
  AVERAGE SKY COVER 0.4


WEATHER CONDITIONS
 THE FOLLOWING WEATHER WAS RECORDED TODAY.
  FOG


RELATIVE HUMIDITY (PERCENT)
 HIGHEST    93           500 AM
 LOWEST     41           400 PM
 AVERAGE    67

..........................................................


THE COLUMBIA METRO AIRPORT SC CLIMATE NORMALS FOR TOMORROW
                         NORMAL    RECORD    YEAR
 MAXIMUM TEMPERATURE (F)   87        98      1941
                                             1898
 MINIMUM TEMPERATURE (F)   64        49      1968


SUNRISE AND SUNSET
MAY 28 2015...........SUNRISE   616 AM EDT   SUNSET   828 PM EDT
MAY 29 2015...........SUNRISE   616 AM EDT   SUNSET   828 PM EDT


-  INDICATES NEGATIVE NUMBERS.
R  INDICATES RECORD WAS SET OR TIED.
MM INDICATES DATA IS MISSING.
T  INDICATES TRACE AMOUNT.




$$
