000
CDUS42 KCAE 202254
CLICAE


CLIMATE REPORT
NATIONAL WEATHER SERVICE COLUMBIA SC
654 PM EDT THU JUL 20 2017


...................................

...THE COLUMBIA METRO AIRPORT SC CLIMATE SUMMARY FOR JULY 20 2017...
VALID TODAY AS OF 0500 PM LOCAL TIME.

CLIMATE NORMAL PERIOD 1981 TO 2010
CLIMATE RECORD PERIOD 1887 TO 2017


WEATHER ITEM   OBSERVED TIME   RECORD YEAR NORMAL DEPARTURE LAST
                VALUE   (LST)  VALUE       VALUE  FROM      YEAR
                                                  NORMAL
..................................................................
TEMPERATURE (F)
 TODAY
  MAXIMUM         97    209 PM 104    1952  93      4       99
                                      1942
                                      1926
  MINIMUM         72    449 AM  63    1987  72      0       74
                                      1978
                                      1910
  AVERAGE         85                        82      3       87

PRECIPITATION (IN)
  TODAY            0.00          3.60 1919   0.17  -0.17     0.00
  MONTH TO DATE    4.32                      3.36   0.96     1.53
  SINCE JUN 1      9.45                      8.05   1.40     3.92
  SINCE JAN 1     33.73                     24.56   9.17    17.84

SNOWFALL (IN)
  TODAY            0.0          MM      MM   0.0             0.0
  MONTH TO DATE    0.0                       0.0             0.0
  SINCE JUN 1      0.0                       0.0             0.0
  SINCE JUL 1      0.0                       0.0             0.0

DEGREE DAYS
 HEATING
  TODAY            0                         0      0        0
  MONTH TO DATE    0                         0      0        0
  SINCE JUN 1      0                         1     -1        0
  SINCE JUL 1      0                         0      0        0

 COOLING
  TODAY           20                        17      3       22
  MONTH TO DATE  383                       340     43      445
  SINCE JUN 1    833                       764     69      991
  SINCE JAN 1   1362                      1085    277     1430
..................................................................


WIND (MPH)
  HIGHEST WIND SPEED    13   HIGHEST WIND DIRECTION    SE (140)
  HIGHEST GUST SPEED    16   HIGHEST GUST DIRECTION    NE (60)
  AVERAGE WIND SPEED     2.7


SKY COVER
  AVERAGE SKY COVER 0.2


WEATHER CONDITIONS
 THE FOLLOWING WEATHER WAS RECORDED TODAY.
  THUNDERSTORM


RELATIVE HUMIDITY (PERCENT)
 HIGHEST    87          1200 AM
 LOWEST     40           200 PM
 AVERAGE    64

..........................................................


THE COLUMBIA METRO AIRPORT SC CLIMATE NORMALS FOR TOMORROW
                         NORMAL    RECORD    YEAR
 MAXIMUM TEMPERATURE (F)   93       105      1986
                                             1952
 MINIMUM TEMPERATURE (F)   72        60      1910


SUNRISE AND SUNSET
JULY 20 2017..........SUNRISE   628 AM EDT   SUNSET   834 PM EDT
JULY 21 2017..........SUNRISE   629 AM EDT   SUNSET   833 PM EDT


-  INDICATES NEGATIVE NUMBERS.
R  INDICATES RECORD WAS SET OR TIED.
MM INDICATES DATA IS MISSING.
T  INDICATES TRACE AMOUNT.




$$
