000
CDUS42 KCAE 300544
CLICAE


CLIMATE REPORT
NATIONAL WEATHER SERVICE COLUMBIA SC
144 AM EDT TUE SEP 30 2014


...................................

...THE COLUMBIA METRO AIRPORT SC CLIMATE SUMMARY FOR SEPTEMBER 29 2014...

CLIMATE NORMAL PERIOD 1981 TO 2010
CLIMATE RECORD PERIOD 1887 TO 2014


WEATHER ITEM   OBSERVED TIME   RECORD YEAR NORMAL DEPARTURE LAST
                VALUE   (LST)  VALUE       VALUE  FROM      YEAR
                                                  NORMAL
..................................................................
TEMPERATURE (F)
 YESTERDAY
  MAXIMUM         76    257 PM  97    1941  81     -5       78
  MINIMUM         67   1159 PM  43    1985  59      8       56
  AVERAGE         72                        70      2       67

PRECIPITATION (IN)
  YESTERDAY        0.01          4.89 1959   0.12  -0.11     0.00
  MONTH TO DATE    2.81                      3.43  -0.62     2.04
  SINCE SEP 1      2.81                      3.43  -0.62     2.04
  SINCE JAN 1     30.89                     35.35  -4.46    45.55

SNOWFALL (IN)
  YESTERDAY        0.0          MM      MM   0.0             0.0
  MONTH TO DATE    0.0                       0.0             0.0
  SINCE SEP 1      0.0                       0.0             0.0
  SINCE JUL 1      0.0                       0.0             0.0

DEGREE DAYS
 HEATING
  YESTERDAY        0                         1     -1        0
  MONTH TO DATE    4                         6     -2        0
  SINCE SEP 1      4                         6     -2        0
  SINCE JUL 1      4                         6     -2        0

 COOLING
  YESTERDAY        7                         6      1        2
  MONTH TO DATE  353                       293     60      343
  SINCE SEP 1    353                       293     60      343
  SINCE JAN 1   2387                      2061    326     2036
..................................................................


WIND (MPH)
  HIGHEST WIND SPEED    14   HIGHEST WIND DIRECTION     E (80)
  HIGHEST GUST SPEED    19   HIGHEST GUST DIRECTION    SE (130)
  AVERAGE WIND SPEED     5.1


SKY COVER
  AVERAGE SKY COVER 1.0


WEATHER CONDITIONS
 THE FOLLOWING WEATHER WAS RECORDED YESTERDAY.
  LIGHT RAIN
  FOG
  HAZE


RELATIVE HUMIDITY (PERCENT)
 HIGHEST    84           700 AM
 LOWEST     68          1200 AM
 AVERAGE    76

..........................................................


THE COLUMBIA METRO AIRPORT SC CLIMATE NORMALS FOR TODAY
                         NORMAL    RECORD    YEAR
 MAXIMUM TEMPERATURE (F)   81        94      1904
 MINIMUM TEMPERATURE (F)   59        40      1967


SUNRISE AND SUNSET
SEPTEMBER 30 2014.....SUNRISE   718 AM EDT   SUNSET   710 PM EDT
OCTOBER  1 2014.......SUNRISE   719 AM EDT   SUNSET   709 PM EDT


-  INDICATES NEGATIVE NUMBERS.
R  INDICATES RECORD WAS SET OR TIED.
MM INDICATES DATA IS MISSING.
T  INDICATES TRACE AMOUNT.




$$
