000
CDUS45 KGJT 290810
CLICAG


CLIMATE REPORT
NATIONAL WEATHER SERVICE GRAND JUNCTION CO
105 AM MST MON DEC 29 2014


...................................

...THE CRAIG CO CLIMATE SUMMARY FOR DECEMBER 28 2014...

CLIMATE NORMAL PERIOD 1981 TO 2010
CLIMATE RECORD PERIOD 9999 TO 9999


WEATHER ITEM   OBSERVED TIME   RECORD YEAR NORMAL DEPARTURE LAST
                VALUE   (LST)  VALUE       VALUE  FROM      YEAR
                                                  NORMAL
..................................................................
TEMPERATURE (F)
 YESTERDAY
  MAXIMUM         24    746 PM  MM      MM  29     -5       27
  MINIMUM          9   1247 AM  MM      MM   1      8        1
  AVERAGE         17                        15      2       14

PRECIPITATION (IN)
  YESTERDAY        0.13         MM      MM   0.03   0.10      T
  MONTH TO DATE    0.81                      0.92  -0.11     1.47
  SINCE DEC 1      0.81                      0.92  -0.11     1.47
  SINCE JAN 1     14.82                     15.98  -1.16    13.92

SNOWFALL (IN)
  YESTERDAY       MM            MM      MM  MM     MM       MM
  MONTH TO DATE   MM                        MM     MM       MM
  SINCE DEC 1     MM                        MM     MM       MM
  SINCE JUL 1     MM                        MM     MM       MM
  SNOW DEPTH      MM

DEGREE DAYS
 HEATING
  YESTERDAY       48                        50     -2       51
  MONTH TO DATE 1059                      1320   -261     1490
  SINCE DEC 1   1059                      1320   -261     1490
  SINCE JUL 1   2962                      3405   -443     3394

 COOLING
  YESTERDAY        0                         0      0        0
  MONTH TO DATE    0                         0      0        0
  SINCE DEC 1      0                         0      0        0
  SINCE JAN 1     71                       142    -71      377
..................................................................


WIND (MPH)
  HIGHEST WIND SPEED    16   HIGHEST WIND DIRECTION    SW (240)
  HIGHEST GUST SPEED    21   HIGHEST GUST DIRECTION    SW (240)
  AVERAGE WIND SPEED     4.2


SKY COVER
  POSSIBLE SUNSHINE  MM
  AVERAGE SKY COVER 1.0


WEATHER CONDITIONS
 THE FOLLOWING WEATHER WAS RECORDED YESTERDAY.
  HEAVY SNOW
  SNOW
  LIGHT SNOW
  FOG
  FOG W/VISIBILITY <= 1/4 MILE


RELATIVE HUMIDITY (PERCENT)
 HIGHEST    91           400 PM
 LOWEST     67           700 AM
 AVERAGE    79

..........................................................


THE CRAIG CO CLIMATE NORMALS FOR TODAY
                         NORMAL    RECORD    YEAR
 MAXIMUM TEMPERATURE (F)   29        MM        MM
 MINIMUM TEMPERATURE (F)    1        MM        MM


SUNRISE AND SUNSET
DECEMBER 29 2014......SUNRISE   733 AM MST   SUNSET   452 PM MST
DECEMBER 30 2014......SUNRISE   733 AM MST   SUNSET   452 PM MST


-  INDICATES NEGATIVE NUMBERS.
R  INDICATES RECORD WAS SET OR TIED.
MM INDICATES DATA IS MISSING.
T  INDICATES TRACE AMOUNT.




$$
