000
CDUS41 KCLE 070526
CLICAK


CLIMATE REPORT
NATIONAL WEATHER SERVICE CLEVELAND OH
1226 AM EST SUN FEB 7 2016


...................................

...THE AKRON CANTON OH CLIMATE SUMMARY FOR FEBRUARY 6 2016...

CLIMATE NORMAL PERIOD 1981 TO 2010
CLIMATE RECORD PERIOD 1887 TO 2016


WEATHER ITEM   OBSERVED TIME   RECORD YEAR NORMAL DEPARTURE LAST
                VALUE   (LST)  VALUE       VALUE  FROM      YEAR
                                                  NORMAL
..................................................................
TEMPERATURE (F)
 YESTERDAY
  MAXIMUM         40    438 PM  55    1938  35      5       28
  MINIMUM         24    741 AM -12    1918  20      4       -1
  AVERAGE         32                        27      5       14

PRECIPITATION (IN)
  YESTERDAY        0.00                      0.08  -0.08     0.00
  MONTH TO DATE    0.69                      0.49   0.20     1.10
  SINCE DEC 1      5.60                      5.94  -0.34     6.90
  SINCE JAN 1      1.90                      3.10  -1.20     4.59

SNOWFALL (IN)
  YESTERDAY        0.0                       0.4   -0.4      0.0
  MONTH TO DATE    0.3                       2.3   -2.0      8.2
  SINCE DEC 1      6.6                      24.9  -18.3     30.0
  SINCE JUL 1      6.6                      28.3  -21.7     38.0
  SNOW DEPTH       0

DEGREE DAYS
 HEATING
  YESTERDAY       33                        38     -5       51
  MONTH TO DATE  162                       228    -66      263
  SINCE DEC 1   1982                      2505   -523     2450
  SINCE JUL 1   2862                      3764   -902     3733

 COOLING
  YESTERDAY        0                         0      0        0
  MONTH TO DATE    0                         0      0        0
  SINCE DEC 1      0                         0      0        0
  SINCE JAN 1      0                         0      0        0
..................................................................


WIND (MPH)
  HIGHEST WIND SPEED    15   HIGHEST WIND DIRECTION     W (250)
  HIGHEST GUST SPEED    19   HIGHEST GUST DIRECTION    SW (220)
  AVERAGE WIND SPEED     8.2


SKY COVER
  POSSIBLE SUNSHINE  MM
  AVERAGE SKY COVER 0.4


WEATHER CONDITIONS
 THE FOLLOWING WEATHER WAS RECORDED YESTERDAY.
  HAZE


RELATIVE HUMIDITY (PERCENT)
 HIGHEST    75           700 AM
 LOWEST     37           500 PM
 AVERAGE    56

..........................................................


THE AKRON CANTON OH CLIMATE NORMALS FOR TODAY
                         NORMAL    RECORD    YEAR
 MAXIMUM TEMPERATURE (F)   35        61      1925
 MINIMUM TEMPERATURE (F)   20        -5      1895


SUNRISE AND SUNSET
FEBRUARY  7 2016......SUNRISE   730 AM EST   SUNSET   550 PM EST
FEBRUARY  8 2016......SUNRISE   729 AM EST   SUNSET   551 PM EST


-  INDICATES NEGATIVE NUMBERS.
R  INDICATES RECORD WAS SET OR TIED.
MM INDICATES DATA IS MISSING.
T  INDICATES TRACE AMOUNT.




$$
