000
CDUS45 KABQ 270837
CLICAO


CLIMATE REPORT
NATIONAL WEATHER SERVICE ALBUQUERQUE NM
229 AM MDT THU JUL 27 2017


...................................

...THE CLAYTON  NM CLIMATE SUMMARY FOR JULY 26 2017...

CLIMATE NORMAL PERIOD 1981 TO 2010
CLIMATE RECORD PERIOD 1896 TO 2017


WEATHER ITEM   OBSERVED TIME   RECORD YEAR NORMAL DEPARTURE
                VALUE   (LST)  VALUE       VALUE  FROM
                                                  NORMAL
...............................................................
TEMPERATURE (F)
 YESTERDAY
  MAXIMUM         94    335 PM 101    2014  88      6
  MINIMUM         66   1159 PM  51    1938  61      5
                                      1926
                                      1913
  AVERAGE         80                        75      5

PRECIPITATION (IN)
  YESTERDAY        T             0.80 1911   0.09  -0.09
  MONTH TO DATE    0.37                      2.17  -1.80
  SINCE JUN 1      1.06                      4.30  -3.24
  SINCE JAN 1      8.81                      8.77   0.04

SNOWFALL (IN)
  YESTERDAY        0.0
  MONTH TO DATE    0.0
  SINCE JUN 1      0.0
  SINCE JUL 1      0.0

DEGREE DAYS
 HEATING
  YESTERDAY        0                         0      0
  MONTH TO DATE    0                         0      0
  SINCE JUN 1      2                        23    -21
  SINCE JUL 1      0                         0      0

 COOLING
  YESTERDAY       15                        10      5
  MONTH TO DATE  308                       256     52
  SINCE JUN 1    506                       439     67
  SINCE JAN 1    538                       490     48
...............................................................


WIND (MPH)
  HIGHEST WIND SPEED    24   HIGHEST WIND DIRECTION     W (260)
  HIGHEST GUST SPEED    35   HIGHEST GUST DIRECTION     W (250)
  AVERAGE WIND SPEED     9.3


SKY COVER
  AVERAGE SKY COVER 0.2


WEATHER CONDITIONS
 THE FOLLOWING WEATHER WAS RECORDED YESTERDAY.
  THUNDERSTORM
  LIGHT RAIN


RELATIVE HUMIDITY (PERCENT)
 HIGHEST    84          1100 PM
 LOWEST     28           200 PM
 AVERAGE    56

..........................................................


THE CLAYTON  NM CLIMATE NORMALS FOR TODAY
                         NORMAL    RECORD    YEAR
 MAXIMUM TEMPERATURE (F)   88        99      2011
                                             1946
                                             1910
 MINIMUM TEMPERATURE (F)   61        49      2005


SUNRISE AND SUNSET
JULY 27 2017..........SUNRISE   555 AM MDT   SUNSET   802 PM MDT
JULY 28 2017..........SUNRISE   556 AM MDT   SUNSET   802 PM MDT


-  INDICATES NEGATIVE NUMBERS.
R  INDICATES RECORD WAS SET OR TIED.
MM INDICATES DATA IS MISSING.
T  INDICATES TRACE AMOUNT.




$$
