646
CDUS45 KABQ 070830
CLICAO


CLIMATE REPORT
NATIONAL WEATHER SERVICE ALBUQUERQUE NM
128 AM MST SUN FEB 7 2016


...................................

...THE CLAYTON  NM CLIMATE SUMMARY FOR FEBRUARY 6 2016...

CLIMATE NORMAL PERIOD 1981 TO 2010
CLIMATE RECORD PERIOD 1896 TO 2016


WEATHER ITEM   OBSERVED TIME   RECORD YEAR NORMAL DEPARTURE
                VALUE   (LST)  VALUE       VALUE  FROM
                                                  NORMAL
...............................................................
TEMPERATURE (F)
 YESTERDAY
  MAXIMUM         56    159 PM  81    2015  50      6
  MINIMUM         17    417 AM -14    1933  22     -5
  AVERAGE         37                        36      1

PRECIPITATION (IN)
  YESTERDAY        0.00          0.41 2005   0.01  -0.01
  MONTH TO DATE    0.11                      0.06   0.05
  SINCE DEC 1      1.00                      0.70   0.30
  SINCE JAN 1      0.39                      0.34   0.05

SNOWFALL (IN)
  YESTERDAY        0.0
  MONTH TO DATE    0.9
  SINCE DEC 1     15.1
  SINCE JUL 1     22.2

DEGREE DAYS
 HEATING
  YESTERDAY       28                        29     -1
  MONTH TO DATE  219                       174     45
  SINCE DEC 1   1943                      2028    -85
  SINCE JUL 1   2832                      3080   -248

 COOLING
  YESTERDAY        0                         0      0
  MONTH TO DATE    0                         0      0
  SINCE DEC 1      0                         0      0
  SINCE JAN 1      0                         0      0
...............................................................


WIND (MPH)
  HIGHEST WIND SPEED    20   HIGHEST WIND DIRECTION     S (200)
  HIGHEST GUST SPEED    25   HIGHEST GUST DIRECTION     S (180)
  AVERAGE WIND SPEED    10.0


SKY COVER
  AVERAGE SKY COVER 0.0


WEATHER CONDITIONS
 THE FOLLOWING WEATHER WAS RECORDED YESTERDAY.
  NO SIGNIFICANT WEATHER WAS OBSERVED.


RELATIVE HUMIDITY (PERCENT)
 HIGHEST    67           400 AM
 LOWEST     12           300 PM
 AVERAGE    40

..........................................................


THE CLAYTON  NM CLIMATE NORMALS FOR TODAY
                         NORMAL    RECORD    YEAR
 MAXIMUM TEMPERATURE (F)   50        83      2015
 MINIMUM TEMPERATURE (F)   22       -14      1933


SUNRISE AND SUNSET
FEBRUARY  7 2016......SUNRISE   649 AM MST   SUNSET   525 PM MST
FEBRUARY  8 2016......SUNRISE   648 AM MST   SUNSET   526 PM MST


-  INDICATES NEGATIVE NUMBERS.
R  INDICATES RECORD WAS SET OR TIED.
MM INDICATES DATA IS MISSING.
T  INDICATES TRACE AMOUNT.

$$
