000
CDUS45 KABQ 310836
CLICAO


CLIMATE REPORT
NATIONAL WEATHER SERVICE ALBUQUERQUE NM
232 AM MDT FRI JUL 31 2015


...................................

...THE CLAYTON  NM CLIMATE SUMMARY FOR JULY 30 2015...

CLIMATE NORMAL PERIOD 1981 TO 2010
CLIMATE RECORD PERIOD 1896 TO 2015


WEATHER ITEM   OBSERVED TIME   RECORD YEAR NORMAL DEPARTURE
                VALUE   (LST)  VALUE       VALUE  FROM
                                                  NORMAL
...............................................................
TEMPERATURE (F)
 YESTERDAY
  MAXIMUM         78    536 PM 105    1934  88    -10
  MINIMUM         62    446 AM  52    1971  61      1
                                      1925
  AVERAGE         70                        74     -4

PRECIPITATION (IN)
  YESTERDAY        1.23R         1.08 1982   0.10   1.13
  MONTH TO DATE    7.20                      2.56   4.64
  SINCE JUN 1      8.76                      4.69   4.07
  SINCE JAN 1     20.29                      9.16  11.13

SNOWFALL (IN)
  YESTERDAY        0.0
  MONTH TO DATE    0.0
  SINCE JUN 1      0.0
  SINCE JUL 1      0.0

DEGREE DAYS
 HEATING
  YESTERDAY        0                         0      0
  MONTH TO DATE    0                         0      0
  SINCE JUN 1      2                        23    -21
  SINCE JUL 1      0                         0      0

 COOLING
  YESTERDAY        5                        10     -5
  MONTH TO DATE  331                       296     35
  SINCE JUN 1    576                       479     97
  SINCE JAN 1    581                       530     51
...............................................................


WIND (MPH)
  HIGHEST WIND SPEED    21   HIGHEST WIND DIRECTION     W (260)
  HIGHEST GUST SPEED    28   HIGHEST GUST DIRECTION     W (260)
  AVERAGE WIND SPEED     9.3


SKY COVER
  AVERAGE SKY COVER 0.9


WEATHER CONDITIONS
 THE FOLLOWING WEATHER WAS RECORDED YESTERDAY.
  THUNDERSTORM
  HEAVY RAIN
  RAIN
  LIGHT RAIN
  FOG


RELATIVE HUMIDITY (PERCENT)
 HIGHEST   100           300 AM
 LOWEST     52           500 PM
 AVERAGE    76

..........................................................


THE CLAYTON  NM CLIMATE NORMALS FOR TODAY
                         NORMAL    RECORD    YEAR
 MAXIMUM TEMPERATURE (F)   88       101      1923
 MINIMUM TEMPERATURE (F)   61        47      1925


SUNRISE AND SUNSET
JULY 31 2015..........SUNRISE   558 AM MDT   SUNSET   759 PM MDT
AUGUST  1 2015........SUNRISE   559 AM MDT   SUNSET   759 PM MDT


-  INDICATES NEGATIVE NUMBERS.
R  INDICATES RECORD WAS SET OR TIED.
MM INDICATES DATA IS MISSING.
T  INDICATES TRACE AMOUNT.


$$
