000
CDUS45 KABQ 180845
CLICAO


CLIMATE REPORT
NATIONAL WEATHER SERVICE ALBUQUERQUE NM
145 AM MST SUN FEB 18 2018


...................................

...THE CLAYTON  NM CLIMATE SUMMARY FOR FEBRUARY 17 2018...

CLIMATE NORMAL PERIOD 1981 TO 2010
CLIMATE RECORD PERIOD 1896 TO 2018


WEATHER ITEM   OBSERVED TIME   RECORD YEAR NORMAL DEPARTURE
                VALUE   (LST)  VALUE       VALUE  FROM
                                                  NORMAL
...............................................................
TEMPERATURE (F)
 YESTERDAY
  MAXIMUM         54    234 PM  79    1898  51      3
  MINIMUM         28    633 AM -11    1910  24      4
  AVERAGE         41                        38      3

PRECIPITATION (IN)
  YESTERDAY        0.00          0.17 1946   0.01  -0.01
  MONTH TO DATE    0.03                      0.18  -0.15
  SINCE DEC 1      0.03                      0.82  -0.79
  SINCE JAN 1      0.03                      0.46  -0.43

SNOWFALL (IN)
  YESTERDAY        0.0
  MONTH TO DATE    0.3
  SINCE DEC 1      0.3
  SINCE JUL 1      0.8

DEGREE DAYS
 HEATING
  YESTERDAY       24                        27     -3
  MONTH TO DATE  475                       484     -9
  SINCE DEC 1   2185                      2338   -153
  SINCE JUL 1   3070                      3390   -320

 COOLING
  YESTERDAY        0                         0      0
  MONTH TO DATE    0                         0      0
  SINCE DEC 1      0                         0      0
  SINCE JAN 1      0                         0      0
...............................................................


WIND (MPH)
  HIGHEST WIND SPEED    28   HIGHEST WIND DIRECTION     S (200)
  HIGHEST GUST SPEED    33   HIGHEST GUST DIRECTION     S (200)
  AVERAGE WIND SPEED    13.2


SKY COVER
  AVERAGE SKY COVER 0.0


WEATHER CONDITIONS
 THE FOLLOWING WEATHER WAS RECORDED YESTERDAY.
  NO SIGNIFICANT WEATHER WAS OBSERVED.


RELATIVE HUMIDITY (PERCENT)
 HIGHEST    89           100 AM
 LOWEST     15           300 PM
 AVERAGE    52

..........................................................


THE CLAYTON  NM CLIMATE NORMALS FOR TODAY
                         NORMAL    RECORD    YEAR
 MAXIMUM TEMPERATURE (F)   52        82      2016
 MINIMUM TEMPERATURE (F)   24        -7      1942


SUNRISE AND SUNSET
FEBRUARY 18 2018......SUNRISE   637 AM MST   SUNSET   537 PM MST
FEBRUARY 19 2018......SUNRISE   636 AM MST   SUNSET   538 PM MST


-  INDICATES NEGATIVE NUMBERS.
R  INDICATES RECORD WAS SET OR TIED.
MM INDICATES DATA IS MISSING.
T  INDICATES TRACE AMOUNT.




$$
