000
CDUS45 KABQ 210842
CLICAO


CLIMATE REPORT
NATIONAL WEATHER SERVICE ALBUQUERQUE NM
240 AM MDT SUN SEP 21 2014


...................................

...THE CLAYTON  NM CLIMATE SUMMARY FOR SEPTEMBER 20 2014...

CLIMATE NORMAL PERIOD 1981 TO 2010
CLIMATE RECORD PERIOD 1896 TO 2014


WEATHER ITEM   OBSERVED TIME   RECORD YEAR NORMAL DEPARTURE
                VALUE   (LST)  VALUE       VALUE  FROM
                                                  NORMAL
...............................................................
TEMPERATURE (F)
 YESTERDAY
  MAXIMUM         85    309 PM  92    1956  78      7
  MINIMUM         60    544 AM  32    1918  51      9
  AVERAGE         73                        64      9

PRECIPITATION (IN)
  YESTERDAY        0.00          1.30 1941   0.06  -0.06
  MONTH TO DATE    2.68                      1.19   1.49
  SINCE SEP 1      2.68                      1.19   1.49
  SINCE JAN 1     11.21                     13.39  -2.18

SNOWFALL (IN)
  YESTERDAY        0.0
  MONTH TO DATE    0.0
  SINCE SEP 1      0.0
  SINCE JUL 1      0.0

DEGREE DAYS
 HEATING
  YESTERDAY        0                         3     -3
  MONTH TO DATE   43                        31     12
  SINCE SEP 1     43                        31     12
  SINCE JUL 1     43                        37      6

 COOLING
  YESTERDAY        8                         2      6
  MONTH TO DATE   85                        87     -2
  SINCE SEP 1     85                        87     -2
  SINCE JAN 1   1089                       884    205
...............................................................


WIND (MPH)
  HIGHEST WIND SPEED    20   HIGHEST WIND DIRECTION    NE (30)
  HIGHEST GUST SPEED    26   HIGHEST GUST DIRECTION    NE (30)
  AVERAGE WIND SPEED    10.3


SKY COVER
  AVERAGE SKY COVER 0.2


WEATHER CONDITIONS
 THE FOLLOWING WEATHER WAS RECORDED YESTERDAY.
  NO SIGNIFICANT WEATHER WAS OBSERVED.


RELATIVE HUMIDITY (PERCENT)
 HIGHEST    97           400 AM
 LOWEST     34           100 PM
 AVERAGE    66

..........................................................


THE CLAYTON  NM CLIMATE NORMALS FOR TODAY
                         NORMAL    RECORD    YEAR
 MAXIMUM TEMPERATURE (F)   77        92      2010
                                             1926
 MINIMUM TEMPERATURE (F)   50        29      1983


SUNRISE AND SUNSET
SEPTEMBER 21 2014.....SUNRISE   640 AM MDT   SUNSET   651 PM MDT
SEPTEMBER 22 2014.....SUNRISE   640 AM MDT   SUNSET   649 PM MDT


-  INDICATES NEGATIVE NUMBERS.
R  INDICATES RECORD WAS SET OR TIED.
MM INDICATES DATA IS MISSING.
T  INDICATES TRACE AMOUNT.




$$
