000
CDUS45 KABQ 250835
CLICAO


CLIMATE REPORT
NATIONAL WEATHER SERVICE ALBUQUERQUE NM
234 AM MDT THU MAY 25 2017


...................................

...THE CLAYTON  NM CLIMATE SUMMARY FOR MAY 24 2017...

CLIMATE NORMAL PERIOD 1981 TO 2010
CLIMATE RECORD PERIOD 1896 TO 2017


WEATHER ITEM   OBSERVED TIME   RECORD YEAR NORMAL DEPARTURE
                VALUE   (LST)  VALUE       VALUE  FROM
                                                  NORMAL
...............................................................
TEMPERATURE (F)
 YESTERDAY
  MAXIMUM         81    236 PM  95    1984  78      3
  MINIMUM         40    325 AM  37    1924  50    -10
  AVERAGE         61                        64     -3

PRECIPITATION (IN)
  YESTERDAY        0.00          1.48 1956   0.07  -0.07
  MONTH TO DATE    2.07                      1.38   0.69
  SINCE MAR 1      6.20                      3.27   2.93
  SINCE JAN 1      7.58                      3.89   3.69

SNOWFALL (IN)
  YESTERDAY        0.0
  MONTH TO DATE    0.0
  SINCE MAR 1     13.9
  SINCE JUL 1     25.3

DEGREE DAYS
 HEATING
  YESTERDAY        4                         3      1
  MONTH TO DATE  194                       136     58
  SINCE MAR 1    973                      1165   -192
  SINCE JUL 1   3993                      4842   -849

 COOLING
  YESTERDAY        0                         2     -2
  MONTH TO DATE    8                        29    -21
  SINCE MAR 1     26                        35     -9
  SINCE JAN 1     28                        35     -7
...............................................................


WIND (MPH)
  HIGHEST WIND SPEED    24   HIGHEST WIND DIRECTION     W (250)
  HIGHEST GUST SPEED    32   HIGHEST GUST DIRECTION    SW (240)
  AVERAGE WIND SPEED    11.8


SKY COVER
  AVERAGE SKY COVER 0.0


WEATHER CONDITIONS
 THE FOLLOWING WEATHER WAS RECORDED YESTERDAY.
  NO SIGNIFICANT WEATHER WAS OBSERVED.


RELATIVE HUMIDITY (PERCENT)
 HIGHEST    76          1200 AM
 LOWEST     21           200 PM
 AVERAGE    49

..........................................................


THE CLAYTON  NM CLIMATE NORMALS FOR TODAY
                         NORMAL    RECORD    YEAR
 MAXIMUM TEMPERATURE (F)   78        96      2006
 MINIMUM TEMPERATURE (F)   50        28      1924


SUNRISE AND SUNSET
MAY 25 2017...........SUNRISE   539 AM MDT   SUNSET   801 PM MDT
MAY 26 2017...........SUNRISE   538 AM MDT   SUNSET   801 PM MDT


-  INDICATES NEGATIVE NUMBERS.
R  INDICATES RECORD WAS SET OR TIED.
MM INDICATES DATA IS MISSING.
T  INDICATES TRACE AMOUNT.




$$
