000
CDUS45 KABQ 240851
CLICAO


CLIMATE REPORT
NATIONAL WEATHER SERVICE ALBUQUERQUE NM
241 AM MDT SUN MAY 24 2015


...................................

...THE CLAYTON  NM CLIMATE SUMMARY FOR MAY 23 2015...

CLIMATE NORMAL PERIOD 1981 TO 2010
CLIMATE RECORD PERIOD 1896 TO 2015


WEATHER ITEM   OBSERVED TIME   RECORD YEAR NORMAL DEPARTURE
                VALUE   (LST)  VALUE       VALUE  FROM
                                                  NORMAL
...............................................................
TEMPERATURE (F)
 YESTERDAY
  MAXIMUM         71    339 PM  96    2000  78     -7
  MINIMUM         51    543 AM  36    1957  50      1
  AVERAGE         61                        64     -3

PRECIPITATION (IN)
  YESTERDAY        0.25          1.75 1909   0.07   0.18
  MONTH TO DATE    5.96                      1.31   4.65
  SINCE MAR 1      7.66                      3.20   4.46
  SINCE JAN 1     10.68                      3.82   6.86

SNOWFALL (IN)
  YESTERDAY        0.0
  MONTH TO DATE    0.0
  SINCE MAR 1      0.9
  SINCE JUL 1     26.1

DEGREE DAYS
 HEATING
  YESTERDAY        4                         4      0
  MONTH TO DATE  182                       133     49
  SINCE MAR 1   1001                      1162   -161
  SINCE JUL 1   4444                      4839   -395

 COOLING
  YESTERDAY        0                         2     -2
  MONTH TO DATE    3                        27    -24
  SINCE MAR 1      3                        33    -30
  SINCE JAN 1      3                        33    -30
...............................................................


WIND (MPH)
  HIGHEST WIND SPEED    29   HIGHEST WIND DIRECTION    SE (140)
  HIGHEST GUST SPEED    40   HIGHEST GUST DIRECTION    SE (140)
  AVERAGE WIND SPEED    13.9


SKY COVER
  AVERAGE SKY COVER 0.7


WEATHER CONDITIONS
 THE FOLLOWING WEATHER WAS RECORDED YESTERDAY.
  THUNDERSTORM
  HEAVY RAIN
  RAIN
  LIGHT RAIN
  FOG


RELATIVE HUMIDITY (PERCENT)
 HIGHEST   100           800 PM
 LOWEST     57           300 PM
 AVERAGE    79

..........................................................


THE CLAYTON  NM CLIMATE NORMALS FOR TODAY
                         NORMAL    RECORD    YEAR
 MAXIMUM TEMPERATURE (F)   78        95      1984
 MINIMUM TEMPERATURE (F)   50        37      1924


SUNRISE AND SUNSET
MAY 24 2015...........SUNRISE   540 AM MDT   SUNSET   759 PM MDT
MAY 25 2015...........SUNRISE   539 AM MDT   SUNSET   800 PM MDT


-  INDICATES NEGATIVE NUMBERS.
R  INDICATES RECORD WAS SET OR TIED.
MM INDICATES DATA IS MISSING.
T  INDICATES TRACE AMOUNT.

$$
