000
CDUS41 KCAR 240611
CLICAR


CLIMATE REPORT
NATIONAL WEATHER SERVICE CARIBOU, ME
110 AM EST TUE JAN 24 2017


...................................

...THE CARIBOU ME CLIMATE SUMMARY FOR JANUARY 23 2017...

CLIMATE NORMAL PERIOD 1981 TO 2010
CLIMATE RECORD PERIOD 1939 TO 2017


WEATHER ITEM   OBSERVED TIME   RECORD YEAR NORMAL DEPARTURE LAST
                VALUE   (LST)  VALUE       VALUE  FROM      YEAR
                                                  NORMAL
..................................................................
TEMPERATURE (F)
 YESTERDAY
  MAXIMUM         30    223 PM  42    1997  19     11       19
                                      1957
  MINIMUM         20   1152 PM -26    1954   0     20       -2
  AVERAGE         25                         9     16        9

PRECIPITATION (IN)
  YESTERDAY        0.00          0.66 1987   0.09  -0.09     0.00
  MONTH TO DATE    1.63                      2.04  -0.41     1.29
  SINCE DEC 1      5.83                      5.31   0.52     6.17
  SINCE JAN 1      1.63                      2.04  -0.41     1.29

SNOWFALL (IN)
  YESTERDAY        0.0           7.9  1963   0.8   -0.8      0.0
  MONTH TO DATE   12.0                      18.7   -6.7      9.8
  SINCE DEC 1     53.2                      41.6   11.6     37.6
  SINCE JUL 1     73.4                      53.8   19.6     41.7
  SNOW DEPTH      21

DEGREE DAYS
 HEATING
  YESTERDAY       40                        56    -16       56
  MONTH TO DATE 1111                      1261   -150     1117
  SINCE DEC 1   2604                      2710   -106     2239
  SINCE JUL 1   4291                      4855   -564     4057

 COOLING
  YESTERDAY        0                         0      0        0
  MONTH TO DATE    0                         0      0        0
  SINCE DEC 1      0                         0      0        0
  SINCE JAN 1      0                         0      0        0
..................................................................


WIND (MPH)
  HIGHEST WIND SPEED    10   HIGHEST WIND DIRECTION    NE (50)
  HIGHEST GUST SPEED    13   HIGHEST GUST DIRECTION     N (360)
  AVERAGE WIND SPEED     4.5


SKY COVER
  POSSIBLE SUNSHINE  MM
  AVERAGE SKY COVER 0.4


WEATHER CONDITIONS
 THE FOLLOWING WEATHER WAS RECORDED YESTERDAY.
  NO SIGNIFICANT WEATHER WAS OBSERVED.


RELATIVE HUMIDITY (PERCENT)
 HIGHEST    77           700 AM
 LOWEST     46           300 PM
 AVERAGE    62

..........................................................


THE CARIBOU ME CLIMATE NORMALS FOR TODAY
                         NORMAL    RECORD    YEAR
 MAXIMUM TEMPERATURE (F)   19        49      1996
 MINIMUM TEMPERATURE (F)    0       -29      1961


SUNRISE AND SUNSET
JANUARY 24 2017.......SUNRISE   705 AM EST   SUNSET   424 PM EST
JANUARY 25 2017.......SUNRISE   704 AM EST   SUNSET   425 PM EST


-  INDICATES NEGATIVE NUMBERS.
R  INDICATES RECORD WAS SET OR TIED.
MM INDICATES DATA IS MISSING.
T  INDICATES TRACE AMOUNT.




$$
