000
CDUS41 KCAR 202138
CLICAR


CLIMATE REPORT
NATIONAL WEATHER SERVICE CARIBOU, ME
430 PM EST SAT DEC 20 2014


...................................

...THE CARIBOU ME CLIMATE SUMMARY FOR DECEMBER 20 2014...
VALID TODAY AS OF 0400 PM LOCAL TIME.

CLIMATE NORMAL PERIOD 1981 TO 2010
CLIMATE RECORD PERIOD 1939 TO 2014


WEATHER ITEM   OBSERVED TIME   RECORD YEAR NORMAL DEPARTURE LAST
                VALUE   (LST)  VALUE       VALUE  FROM      YEAR
                                                  NORMAL
..................................................................
TEMPERATURE (F)
 TODAY
  MAXIMUM         17    309 PM  47    1957  25     -8       14
  MINIMUM          4    532 AM -25    1971   8     -4        7
  AVERAGE         11                        16     -5       11

PRECIPITATION (IN)
  TODAY            0.01          1.08 2002   0.10  -0.09     0.26
  MONTH TO DATE    4.40                      2.22   2.18     1.79
  SINCE DEC 1      4.40                      2.22   2.18     1.79
  SINCE JAN 1     44.81                     37.44   7.37    48.37

SNOWFALL (IN)
  TODAY            0.3           8.0  2000   0.8   -0.5      3.3
  MONTH TO DATE   26.5                      14.1   12.4     25.8
  SINCE DEC 1     26.5                      14.1   12.4     25.8
  SINCE JUL 1     55.3                      26.3   29.0     35.9
  SNOW DEPTH      15

DEGREE DAYS
 HEATING
  TODAY           54                        49      5       54
  MONTH TO DATE  857                       891    -34     1002
  SINCE DEC 1    857                       891    -34     1002
  SINCE JUL 1   2809                      3036   -227     2958

 COOLING
  TODAY            0                         0      0        0
  MONTH TO DATE    0                         0      0        0
  SINCE DEC 1      0                         0      0        0
  SINCE JAN 1    266                       180     86      192
..................................................................


WIND (MPH)
  HIGHEST WIND SPEED    10   HIGHEST WIND DIRECTION    NW (330)
  HIGHEST GUST SPEED    12   HIGHEST GUST DIRECTION    NW (330)
  AVERAGE WIND SPEED     4.6


SKY COVER
  POSSIBLE SUNSHINE  MM
  AVERAGE SKY COVER 0.6


WEATHER CONDITIONS
 THE FOLLOWING WEATHER WAS RECORDED TODAY.
  LIGHT SNOW
  FOG
  HAZE


RELATIVE HUMIDITY (PERCENT)
 HIGHEST    92           200 AM
 LOWEST     80           600 AM
 AVERAGE    86

..........................................................


THE CARIBOU ME CLIMATE NORMALS FOR TOMORROW
                         NORMAL    RECORD    YEAR
 MAXIMUM TEMPERATURE (F)   24        54      1973
 MINIMUM TEMPERATURE (F)    8       -25      2008


SUNRISE AND SUNSET
DECEMBER 20 2014......SUNRISE   714 AM EST   SUNSET   346 PM EST
DECEMBER 21 2014......SUNRISE   714 AM EST   SUNSET   346 PM EST


-  INDICATES NEGATIVE NUMBERS.
R  INDICATES RECORD WAS SET OR TIED.
MM INDICATES DATA IS MISSING.
T  INDICATES TRACE AMOUNT.




$$
