000
CDUS41 KCAR 220536
CLICAR

CLIMATE REPORT
NATIONAL WEATHER SERVICE CARIBOU, ME
132 AM EDT FRI MAY 22 2015


...................................

...THE CARIBOU ME CLIMATE SUMMARY FOR MAY 21 2015...

CLIMATE NORMAL PERIOD 1981 TO 2010
CLIMATE RECORD PERIOD 1939 TO 2015


WEATHER ITEM   OBSERVED TIME   RECORD YEAR NORMAL DEPARTURE LAST
                VALUE   (LST)  VALUE       VALUE  FROM      YEAR
                                                  NORMAL
..................................................................
TEMPERATURE (F)
 YESTERDAY
  MAXIMUM         65    353 PM  92    1992  65      0       64
  MINIMUM         40    415 AM  31    1974  42     -2       50
  AVERAGE         53                        53      0       57

PRECIPITATION (IN)
  YESTERDAY        0.00          1.04 1973   0.12  -0.12     0.07
  MONTH TO DATE    1.28                      2.18  -0.90     2.54
  SINCE MAR 1      5.28                      7.35  -2.07    10.35
  SINCE JAN 1      9.38                     12.27  -2.89    16.57

SNOWFALL (IN)
  YESTERDAY        0.0           0.2  1961   0.1   -0.1      0.0
  MONTH TO DATE    T                         0.5   -0.5      0.0
  SINCE MAR 1     33.5                      26.2    7.3     51.3
  SINCE JUL 1    141.8                     108.7   33.1    150.7
  SNOW DEPTH       0

DEGREE DAYS
 HEATING
  YESTERDAY       12                        12      0        8
  MONTH TO DATE  245                       320    -75      294
  SINCE MAR 1   2492                      2365    127     2662
  SINCE JUL 1   9233                      9086    147     9316

 COOLING
  YESTERDAY        0                         0      0        0
  MONTH TO DATE    0                         0      0        3
  SINCE MAR 1      0                         0      0        3
  SINCE JAN 1      0                         0      0        3
..................................................................


WIND (MPH)
  HIGHEST WIND SPEED    21   HIGHEST WIND DIRECTION    SW (240)
  HIGHEST GUST SPEED    30   HIGHEST GUST DIRECTION     W (290)
  AVERAGE WIND SPEED     9.3


SKY COVER
  POSSIBLE SUNSHINE  MM
  AVERAGE SKY COVER 0.3


WEATHER CONDITIONS
 THE FOLLOWING WEATHER WAS RECORDED YESTERDAY.
  NO SIGNIFICANT WEATHER WAS OBSERVED.


RELATIVE HUMIDITY (PERCENT)
 HIGHEST    70           400 AM
 LOWEST     26           100 PM
 AVERAGE    48

..........................................................


THE CARIBOU ME CLIMATE NORMALS FOR TODAY
                         NORMAL    RECORD    YEAR
 MAXIMUM TEMPERATURE (F)   65        96      1977
 MINIMUM TEMPERATURE (F)   42        31      2007


SUNRISE AND SUNSET
MAY 22 2015...........SUNRISE   450 AM EDT   SUNSET   808 PM EDT
MAY 23 2015...........SUNRISE   449 AM EDT   SUNSET   809 PM EDT


-  INDICATES NEGATIVE NUMBERS.
R  INDICATES RECORD WAS SET OR TIED.
MM INDICATES DATA IS MISSING.
T  INDICATES TRACE AMOUNT.

..................................................
THE CARIBOU ME 4 INCH SOIL TEMPERATURES FOR MAY 21 2015

MAXIMUM SOIL TEMPERATURE (F): 56
MINIMUM SOIL TEMPERATURE (F): 51


$$
