077
CDUS41 KCAR 062126
CLICAR


CLIMATE REPORT
NATIONAL WEATHER SERVICE CARIBOU, ME
426 PM EST TUE DEC 6 2016


...................................

...THE CARIBOU ME CLIMATE SUMMARY FOR DECEMBER 6 2016...
VALID TODAY AS OF 0400 PM LOCAL TIME.

CLIMATE NORMAL PERIOD 1981 TO 2010
CLIMATE RECORD PERIOD 1939 TO 2016


WEATHER ITEM   OBSERVED TIME   RECORD YEAR NORMAL DEPARTURE LAST
                VALUE   (LST)  VALUE       VALUE  FROM      YEAR
                                                  NORMAL
..................................................................
TEMPERATURE (F)
 TODAY
  MAXIMUM         25    255 PM  56    2001  30     -5       43
  MINIMUM         10    414 AM -11    1976  15     -5       28
                                      1971
  AVERAGE         18                        22     -4       36

PRECIPITATION (IN)
  TODAY            0.01          1.30 1952   0.11  -0.10     0.00
  MONTH TO DATE    1.27                      0.70   0.57     1.10
  SINCE DEC 1      1.27                      0.70   0.57     1.10
  SINCE JAN 1     41.03                     35.92   5.11    32.39

SNOWFALL (IN)
  TODAY            0.3          11.9  1952   0.7   -0.4      0.0
  MONTH TO DATE   13.6                       3.9    9.7      3.4
  SINCE DEC 1     13.6                       3.9    9.7      3.4
  SINCE JUL 1     33.8                      16.1   17.7      7.5
  SNOW DEPTH      18

DEGREE DAYS
 HEATING
  TODAY           47                        43      4       29
  MONTH TO DATE  255                       249      6      211
  SINCE DEC 1    255                       249      6      211
  SINCE JUL 1   1942                      2394   -452     2029

 COOLING
  TODAY            0                         0      0        0
  MONTH TO DATE    0                         0      0        0
  SINCE DEC 1      0                         0      0        0
  SINCE JAN 1    275                       180     95      253
..................................................................


WIND (MPH)
  HIGHEST WIND SPEED    13   HIGHEST WIND DIRECTION    NW (310)
  HIGHEST GUST SPEED    19   HIGHEST GUST DIRECTION     W (290)
  AVERAGE WIND SPEED     4.0


SKY COVER
  POSSIBLE SUNSHINE  MM
  AVERAGE SKY COVER 0.9


WEATHER CONDITIONS
 THE FOLLOWING WEATHER WAS RECORDED TODAY.
  LIGHT SNOW
  FOG


RELATIVE HUMIDITY (PERCENT)
 HIGHEST    92           400 AM
 LOWEST     74          1200 PM
 AVERAGE    83

..........................................................


THE CARIBOU ME CLIMATE NORMALS FOR TOMORROW
                         NORMAL    RECORD    YEAR
 MAXIMUM TEMPERATURE (F)   29        48      1982
 MINIMUM TEMPERATURE (F)   15       -17      1991


SUNRISE AND SUNSET
DECEMBER  6 2016......SUNRISE   703 AM EST   SUNSET   344 PM EST
DECEMBER  7 2016......SUNRISE   704 AM EST   SUNSET   344 PM EST


-  INDICATES NEGATIVE NUMBERS.
R  INDICATES RECORD WAS SET OR TIED.
MM INDICATES DATA IS MISSING.
T  INDICATES TRACE AMOUNT.




$$
