000
CDUS41 KCAR 230617
CLICAR


CLIMATE REPORT
NATIONAL WEATHER SERVICE CARIBOU, ME
117 AM EST FRI FEB 23 2018


...................................

...THE CARIBOU ME CLIMATE SUMMARY FOR FEBRUARY 22 2018...

CLIMATE NORMAL PERIOD 1981 TO 2010
CLIMATE RECORD PERIOD 1939 TO 2018


WEATHER ITEM   OBSERVED TIME   RECORD YEAR NORMAL DEPARTURE LAST
                VALUE   (LST)  VALUE       VALUE  FROM      YEAR
                                                  NORMAL
..................................................................
TEMPERATURE (F)
 YESTERDAY
  MAXIMUM         24    325 PM  52    1990  26     -2       42
                                      1981
  MINIMUM          7   1006 PM -20    1972   6      1       28
  AVERAGE         16                        16      0       35

PRECIPITATION (IN)
  YESTERDAY        0.00          0.51 1951   0.08  -0.08     0.01
  MONTH TO DATE    2.03                      1.71   0.32     1.49
  SINCE DEC 1     11.45                      7.69   3.76     9.14
  SINCE JAN 1      7.33                      4.42   2.91     4.94

SNOWFALL (IN)
  YESTERDAY        0.0           5.5  1973   0.8   -0.8       T
  MONTH TO DATE   22.9                      17.6    5.3     15.8
  SINCE DEC 1     96.0                      65.7   30.3     76.4
  SINCE JUL 1     99.9                      77.9   22.0     96.6
  SNOW DEPTH      29

DEGREE DAYS
 HEATING
  YESTERDAY       49                        49      0       30
  MONTH TO DATE 1038                      1141   -103     1161
  SINCE DEC 1   4263                      4290    -27     4102
  SINCE JUL 1   5967                      6435   -468     5789

 COOLING
  YESTERDAY        0                         0      0        0
  MONTH TO DATE    0                         0      0        0
  SINCE DEC 1      0                         0      0        0
  SINCE JAN 1      0                         0      0        0
..................................................................


WIND (MPH)
  HIGHEST WIND SPEED    20   HIGHEST WIND DIRECTION    NW (310)
  HIGHEST GUST SPEED    26   HIGHEST GUST DIRECTION    NW (320)
  AVERAGE WIND SPEED     7.8


SKY COVER
  POSSIBLE SUNSHINE  MM
  AVERAGE SKY COVER 0.0


WEATHER CONDITIONS
 THE FOLLOWING WEATHER WAS RECORDED YESTERDAY.
  NO SIGNIFICANT WEATHER WAS OBSERVED.


RELATIVE HUMIDITY (PERCENT)
 HIGHEST    69          1100 PM
 LOWEST     41          1200 PM
 AVERAGE    55

..........................................................


THE CARIBOU ME CLIMATE NORMALS FOR TODAY
                         NORMAL    RECORD    YEAR
 MAXIMUM TEMPERATURE (F)   27        52      1981
 MINIMUM TEMPERATURE (F)    7       -25      1972


SUNRISE AND SUNSET
FEBRUARY 23 2018......SUNRISE   623 AM EST   SUNSET   509 PM EST
FEBRUARY 24 2018......SUNRISE   621 AM EST   SUNSET   510 PM EST


-  INDICATES NEGATIVE NUMBERS.
R  INDICATES RECORD WAS SET OR TIED.
MM INDICATES DATA IS MISSING.
T  INDICATES TRACE AMOUNT.




$$
