000
CDAK48 PACD 120020
CLICDB

CLIMATE REPORT
NATIONAL WEATHER SERVICE COLD BAY, AK
320 PM AKST THU FEB 11 2016

...................................
...THE COLD BAY AP CLIMATE SUMMARY FOR FEBRUARY 11 2016...
VALID TODAY AS OF 2:00 PM LOCAL TIME

CLIMATE NORMAL PERIOD  1981 TO  2010
CLIMATE RECORD PERIOD  1942 TO  2016

WEATHER ITEM   OBSERVED TIME    RECORD YEAR NORMAL DEPARTURE LAST
               VALUE    (LST)   VALUE       VALUE  FROM      YEAR
                                                   NORMAL
...................................................................
TEMPERATURE
TODAY
 MAXIMUM            42  0259 PM    46  1966     34       8     39
 MINIMUM            32  0946 AM     1  1969     24       8     32
 AVERAGE            37                          29       8     36

PRECIPITATION
(INCHES)
 TODAY            0.00           0.80  2000   0.11   -0.11   0.03
 MONTH TO DATE    0.45                        1.16   -0.71   0.13
 SINCE DEC 1     12.21                        8.78    3.43   4.46
 SINCE JAN 1      4.94                        4.32    0.62   1.54

SNOWFALL
(INCHES)
 TODAY             0.0            4.8  1965    0.5    -0.5    0.0
 MONTH TO DATE     0.3                         5.1    -4.8    0.9
 SINCE DEC 1      33.7                        31.8     1.9    4.7
 SINCE JUL 1      39.0                        44.4    -5.4    8.6
 SNOW DEPTH (IN)     0                                          0

DEGREE DAYS
 HEATING
  TODAY             28                          36      -8     29
  MONTH TO DATE    331                         401     -70    381
  SINCE DEC 1     2317                        2591    -274   2392
  SINCE JUL 1     5173                        5617    -444   4904

 COOLING
  TODAY              0                           0       0      0
  MONTH TO DATE      0                           0       0      0
  SINCE DEC 1        0                           0       0      0
  SINCE JAN 1        0                           0       0      0
...................................................................

WIND (MPH)
 HIGHEST WIND SPEED    16     HIGHEST WIND DIRECTION    140
 HIGHEST GUST SPEED    19     HIGHEST GUST DIRECTION    140
 AVERAGE WIND SPEED    MM

WEATHER CONDITIONS
 THE FOLLOWING WEATHER WAS RECORDED TODAY.
  NO SIGNIFICANT WEATHER WAS OBSERVED.

...................................................................

THE COLD BAY CLIMATE NORMALS FOR TOMORROW
                        NORMAL    RECORD   YEAR
 MAXIMUM TEMPERATURE      34        42     2015
 MINIMUM TEMPERATURE      24        -2     2008

SUNRISE AND SUNSET
 FEB 11 2016..........SUNRISE  9:24 AM      SUNSET  6:49 PM
 FEB 12 2016..........SUNRISE  9:21 AM      SUNSET  6:51 PM

-  INDICATES NEGATIVE NUMBERS.
R  INDICATES RECORD HAS BEEN SET OR TIED.
MM INDICATES DATA IS MISSING.
T  INDICATES TRACE OF PRECIPITATION.

&&
-------------------------------------------------------------------

AMOUNT OF DAYLIGHT TODAY  (HOUR:MIN)........9 HOURS 25 MINUTES
GAIN SINCE YESTERDAY (HOUR:MIN:SEC).........+0:04:14

$$
DK FEB 16
