000
CDAK48 PACD 261203
CLICDB

CLIMATE REPORT
NATIONAL WEATHER SERVICE COLD BAY, AK
403 AM AKDT TUE MAY 26 2015

...................................
...THE COLD BAY AP CLIMATE SUMMARY FOR MAY 25 2015...

CLIMATE NORMAL PERIOD  1981 TO  2010
CLIMATE RECORD PERIOD  1942 TO  2015

WEATHER ITEM   OBSERVED TIME    RECORD YEAR NORMAL DEPARTURE LAST
               VALUE    (LST)   VALUE       VALUE  FROM      YEAR
                                                   NORMAL
...................................................................
TEMPERATURE
YESTERDAY
 MAXIMUM            55  0453 PM    60  1997     47       8     54
 MINIMUM            40  0553 AM    26  2001     37       3     37
 AVERAGE            48                          42       6     46

PRECIPITATION
(INCHES)
 YESTERDAY           T           0.99  1982   0.09   -0.09      T
 MONTH TO DATE    3.18                        2.04    1.14   0.13
 SINCE MAR 1      8.29                        7.16    1.13   3.39
 SINCE JAN 1     10.80                       13.30   -2.50  11.84

SNOWFALL
(INCHES)
 YESTERDAY         0.0            0.1  1973    0.0     0.0    0.0
 MONTH TO DATE       T                         1.2    -1.2      T
 SINCE MAR 1      13.6                        20.8    -7.2    8.2
 SINCE JUL 1      22.3                        73.0   -50.7   37.3
 SNOW DEPTH (IN)     0                                          0

DEGREE DAYS
 HEATING
  YESTERDAY         17                          23      -6     19
  MONTH TO DATE    549                         631     -82    517
  SINCE MAR 1     2397                        2640    -243   2254
  SINCE JUL 1     7770                        8864   -1094   7398

 COOLING
  YESTERDAY          0                           0       0      0
  MONTH TO DATE      0                           0       0      0
  SINCE MAR 1        0                           0       0      0
  SINCE JAN 1        0                           0       0      0
...................................................................

WIND (MPH)
 HIGHEST WIND SPEED    33     HIGHEST WIND DIRECTION    140
 HIGHEST GUST SPEED    40     HIGHEST GUST DIRECTION    150
 AVERAGE WIND SPEED  14.5

WEATHER CONDITIONS
 THE FOLLOWING WEATHER WAS RECORDED YESTERDAY.
  RAIN
...................................................................

THE COLD BAY CLIMATE NORMALS FOR TODAY
                           NORMAL    RECORD   YEAR
 MAXIMUM TEMPERATURE (F)     48        65     1997
 MINIMUM TEMPERATURE (F)     37        30     2000

SUNRISE AND SUNSET
 MAY 26 2015..........SUNRISE  6:25 AM      SUNSET 11:12 PM
 MAY 27 2015..........SUNRISE  6:24 AM      SUNSET 11:14 PM

-  INDICATES NEGATIVE NUMBERS.
R  INDICATES RECORD HAS BEEN SET OR TIED.
MM INDICATES DATA IS MISSING.
T  INDICATES TRACE OF PRECIPITATION.

&&
-------------------------------------------------------------------

AMOUNT OF DAYLIGHT TODAY  (HOUR:MIN)........16 HOURS 47 MINUTES
GAIN SINCE YESTERDAY  (HOUR:MIN:SEC)........+0:02:51

$$
DAB MAY 15
