000
CDAK48 PACD 281113
CLICDB

CLIMATE REPORT
NATIONAL WEATHER SERVICE COLD BAY, AK
313 AM AKDT SAT MAR 28 2015

...................................
...THE COLD BAY AP CLIMATE SUMMARY FOR MARCH 27 2015...

CLIMATE NORMAL PERIOD  1981 TO  2010
CLIMATE RECORD PERIOD  1942 TO  2015

WEATHER ITEM   OBSERVED TIME    RECORD YEAR NORMAL DEPARTURE LAST
               VALUE    (LST)   VALUE       VALUE  FROM      YEAR
                                                   NORMAL
...................................................................
TEMPERATURE
YESTERDAY
 MAXIMUM            46  0146 PM    51  1948     36      10     46
 MINIMUM            33  1149 PM     1  1976     26       7     31
 AVERAGE            40                          31       9     39

PRECIPITATION
(INCHES)
 YESTERDAY        0.10           0.93  1994   0.08    0.02      T
 MONTH TO DATE    3.13                        2.39    0.74   0.84
 SINCE MAR 1      3.13                        2.39    0.74   0.84
 SINCE JAN 1      5.64                        8.53   -2.89   9.29

SNOWFALL
(INCHES)
 YESTERDAY         0.0            4.1  1994    0.4    -0.4    0.0
 MONTH TO DATE     5.5                        11.5    -6.0    6.4
 SINCE MAR 1       5.5                        11.5    -6.0    6.4
 SINCE JUL 1      14.2                        63.7   -49.5   35.5
 SNOW DEPTH (IN)     0                                          0

DEGREE DAYS
 HEATING
  YESTERDAY         25                          34      -9     26
  MONTH TO DATE    819                         943    -124    852
  SINCE MAR 1      819                         943    -124    852
  SINCE JUL 1     6192                        7167    -975   5996

 COOLING
  YESTERDAY          0                           0       0      0
  MONTH TO DATE      0                           0       0      0
  SINCE MAR 1        0                           0       0      0
  SINCE JAN 1        0                           0       0      0
...................................................................

WIND (MPH)
 HIGHEST WIND SPEED    23     HIGHEST WIND DIRECTION    120
 HIGHEST GUST SPEED    27     HIGHEST GUST DIRECTION    120
 AVERAGE WIND SPEED   6.2


WEATHER CONDITIONS
 THE FOLLOWING WEATHER WAS RECORDED YESTERDAY.
  FOG
  RAIN

...................................................................

THE COLD BAY CLIMATE NORMALS FOR TODAY
                           NORMAL    RECORD   YEAR
 MAXIMUM TEMPERATURE (F)     36        47     1998
 MINIMUM TEMPERATURE (F)     26        -4     1976

SUNRISE AND SUNSET
 MAR 28 2015..........SUNRISE  8:33 AM      SUNSET  9:21 PM
 MAR 29 2015..........SUNRISE  8:30 AM      SUNSET  9:23 PM

-  INDICATES NEGATIVE NUMBERS.
R  INDICATES RECORD HAS BEEN SET OR TIED.
MM INDICATES DATA IS MISSING.
T  INDICATES TRACE OF PRECIPITATION.

&&
-------------------------------------------------------------------

AMOUNT OF DAYLIGHT TODAY  (HOUR:MIN)........12 HOURS 48 MINUTES
GAIN SINCE YESTERDAY (HOUR:MIN:SEC).........+0:04:32

$$

RCS MAR 15
