515
CDAK48 PACD 051118
CLICDB

CLIMATE REPORT
NATIONAL WEATHER SERVICE COLD BAY, AK
318 AM AKDT THU MAY 5 2016

...................................
...THE COLD BAY AP CLIMATE SUMMARY FOR MAY 4 2016...

CLIMATE NORMAL PERIOD  1981 TO  2010
CLIMATE RECORD PERIOD  1950 TO  2016

WEATHER ITEM   OBSERVED TIME    RECORD YEAR NORMAL DEPARTURE LAST
               VALUE    (LST)   VALUE       VALUE  FROM      YEAR
                                                   NORMAL
...................................................................
TEMPERATURE
YESTERDAY
 MAXIMUM            49  0208 PM    50  2010     43       6     46
 MINIMUM            32  0715 AM    23  2010     33      -1     40
 AVERAGE            41                          38       3     43

PRECIPITATION
(INCHES)
 YESTERDAY        0.04           0.54  1998   0.08   -0.04   0.01
 MONTH TO DATE    0.24                        0.30   -0.06   0.09
 SINCE MAR 1      4.47                        5.42   -0.95   5.20
 SINCE JAN 1     10.96                       11.56   -0.60   7.71

SNOWFALL
(INCHES)
 YESTERDAY         0.0            2.7  1969    0.1    -0.1    0.0
 MONTH TO DATE     0.0                         0.4    -0.4    0.0
 SINCE MAR 1       8.2                        20.0   -11.8   13.6
 SINCE JUL 1      50.1                        72.2   -22.1   22.3
 SNOW DEPTH (IN)     0                                          0

DEGREE DAYS
 HEATING
  YESTERDAY         24                          27      -3     22
  MONTH TO DATE     95                         109     -14    100
  SINCE MAR 1     1829                        2118    -289   1948
  SINCE JUL 1     7554                        8342    -788   7321

 COOLING
  YESTERDAY          0                           0       0      0
  MONTH TO DATE      0                           0       0      0
  SINCE MAR 1        0                           0       0      0
  SINCE JAN 1        0                           0       0      0
...................................................................

WIND (MPH)
 HIGHEST WIND SPEED    22     HIGHEST WIND DIRECTION     40
 HIGHEST GUST SPEED    25     HIGHEST GUST DIRECTION     20
 AVERAGE WIND SPEED   8.2

WEATHER CONDITIONS
 THE FOLLOWING WEATHER WAS RECORDED YESTERDAY.
  RAIN

...................................................................

THE COLD BAY CLIMATE NORMALS FOR TODAY
                           NORMAL    RECORD   YEAR
 MAXIMUM TEMPERATURE (F)     43        56     1963
 MINIMUM TEMPERATURE (F)     33        22     2010

SUNRISE AND SUNSET
 MAY 5 2016..........SUNRISE  7:00 AM      SUNSET 10:37 PM
 MAY 6 2016..........SUNRISE  6:58 AM      SUNSET 10:39 PM

-  INDICATES NEGATIVE NUMBERS.
R  INDICATES RECORD HAS BEEN SET OR TIED.
MM INDICATES DATA IS MISSING.
T  INDICATES TRACE OF PRECIPITATION.

&&
-------------------------------------------------------------------

AMOUNT OF DAYLIGHT TODAY  (HOUR:MIN)........15 HOURS 37 MINUTES
GAIN SINCE YESTERDAY (HOUR:MIN:SEC).........+0:03:59

$$
RCS MAY 16
