000
CDAK48 PACD 310008
CLICDB

CLIMATE REPORT
NATIONAL WEATHER SERVICE COLD BAY, AK
408 PM AKDT SAT AUG 30 2014

...................................
...THE COLD BAY AP CLIMATE SUMMARY FOR AUGUST 30 2014...
VALID TODAY AS OF 2:00 PM LOCAL TIME

CLIMATE NORMAL PERIOD  1981 TO  2010
CLIMATE RECORD PERIOD  1942 TO  2014

WEATHER ITEM   OBSERVED TIME    RECORD YEAR NORMAL DEPARTURE LAST
               VALUE    (LST)   VALUE       VALUE  FROM      YEAR
                                                   NORMAL
...................................................................
TEMPERATURE
TODAY
 MAXIMUM            59  0123 PM    64  2001     56       3     58
 MINIMUM            53  0933 AM    38  2000     47       6     46
 AVERAGE            56                          51       5     52

PRECIPITATION
(INCHES)
 TODAY            0.40           1.38  2000   0.13    0.27   0.17
 MONTH TO DATE    3.22                        3.54   -0.32   5.72
 SINCE JUN 1      6.40                        8.74   -2.34  12.24
 SINCE JAN 1     18.38                       22.60   -4.22  26.15

SNOWFALL
(INCHES)
 TODAY             0.0            0.0  2014    0.0     0.0    0.0
 MONTH TO DATE     0.0                         0.0     0.0    0.0
 SINCE JUN 1       0.0                         0.0     0.0    0.0
 SINCE JUL 1       0.0                         0.0     0.0    0.0
 SNOW DEPTH (IN)     0                                          0

DEGREE DAYS
 HEATING
  TODAY              9                          14      -5     13
  MONTH TO DATE    251                         392    -141    327
  SINCE JUN 1      975                        1392    -417   1172
  SINCE JUL 1      530                         830    -300    663

 COOLING
  TODAY              0                           0       0      0
  MONTH TO DATE      0                           0       0      0
  SINCE JUN 1        0                           0       0      0
  SINCE JAN 1        0                           0       0      0
...................................................................

WIND (MPH)
 HIGHEST WIND SPEED    24     HIGHEST WIND DIRECTION    310
 HIGHEST GUST SPEED    30     HIGHEST GUST DIRECTION    250
 AVERAGE WIND SPEED    MM

WEATHER CONDITIONS
 THE FOLLOWING WEATHER WAS RECORDED TODAY.
 FOG
 RAIN
...................................................................

THE COLD BAY CLIMATE NORMALS FOR TOMORROW
                        NORMAL    RECORD   YEAR
 MAXIMUM TEMPERATURE      56        71     1960
 MINIMUM TEMPERATURE      47        39     1970

SUNRISE AND SUNSET
 AUG 30 2014..........SUNRISE  7:54 AM      SUNSET  9:49 PM
 AUG 31 2014..........SUNRISE  7:56 AM      SUNSET  9:46 PM

-  INDICATES NEGATIVE NUMBERS.
R  INDICATES RECORD HAS BEEN SET OR TIED.
MM INDICATES DATA IS MISSING.
T  INDICATES TRACE OF PRECIPITATION.

&&
-------------------------------------------------------------------

AMOUNT OF DAYLIGHT TODAY  (HOUR:MIN)........13 HOURS 55 MINUTES
LOSS SINCE YESTERDAY (HOUR:MIN:SEC)....-0:04:23

$$
STACY
