000
CDAK48 PACD 102310
CLICDB

CLIMATE REPORT
NATIONAL WEATHER SERVICE COLD BAY, AK
310 PM AKDT THU JUL 10 2014

...................................
...THE COLD BAY AP CLIMATE SUMMARY FOR JULY 10 2014...
VALID TODAY AS OF 2:00 PM LOCAL TIME

CLIMATE NORMAL PERIOD  1981 TO  2010
CLIMATE RECORD PERIOD  1955 TO  2014

WEATHER ITEM   OBSERVED TIME    RECORD YEAR NORMAL DEPARTURE LAST
               VALUE    (LST)   VALUE       VALUE  FROM      YEAR
                                                   NORMAL
...................................................................
TEMPERATURE
TODAY
 MAXIMUM            57  0159 PM    70  2004     55       2     61
 MINIMUM            50  0349 AM    39  1982     46       4     50
 AVERAGE            54                          50       4     56

PRECIPITATION
(INCHES)
 TODAY            0.03           0.84  1970   0.08   -0.05   0.13
 MONTH TO DATE    0.40                        0.75   -0.35   1.14
 SINCE JUN 1      1.45                        3.47   -2.02   3.96
 SINCE JAN 1     13.43                       17.33   -3.90  17.87

SNOWFALL
(INCHES)
 TODAY             0.0            0.0  2014    0.0     0.0    0.0
 MONTH TO DATE     0.0                         0.0     0.0    0.0
 SINCE JUN 1       0.0                         0.0     0.0    0.0
 SINCE JUL 1       0.0                         0.0     0.0    0.0
 SNOW DEPTH (IN)     0                                          0

DEGREE DAYS
 HEATING
  TODAY             11                          15      -4      9
  MONTH TO DATE     95                         153     -58    146
  SINCE JUN 1      540                         715    -175    655
  SINCE JUL 1       95                         153     -58    146

 COOLING
  TODAY              0                           0       0      0
  MONTH TO DATE      0                           0       0      0
  SINCE JUN 1        0                           0       0      0
  SINCE JAN 1        0                           0       0      0
...................................................................

WIND (MPH)
 HIGHEST WIND SPEED    20     HIGHEST WIND DIRECTION    280
 HIGHEST GUST SPEED    23     HIGHEST GUST DIRECTION    270
 AVERAGE WIND SPEED    MM


WEATHER CONDITIONS
 THE FOLLOWING WEATHER WAS RECORDED TODAY.
  FOG
  RAIN


...................................................................

THE COLD BAY CLIMATE NORMALS FOR TOMORROW
                        NORMAL    RECORD   YEAR
 MAXIMUM TEMPERATURE      55        67     2009
 MINIMUM TEMPERATURE      46        36     1987

SUNRISE AND SUNSET
 JUL 10 2014..........SUNRISE  6:25 AM      SUNSET 11:28 PM
 JUL 11 2014..........SUNRISE  6:26 AM      SUNSET 11:27 PM

-  INDICATES NEGATIVE NUMBERS.
R  INDICATES RECORD HAS BEEN SET OR TIED.
MM INDICATES DATA IS MISSING.
T  INDICATES TRACE OF PRECIPITATION.

&&
-------------------------------------------------------------------

AMOUNT OF DAYLIGHT TODAY  (HOUR:MIN)........17 HOURS 3 MINUTES
LOSS SINCE YESTERDAY (HOUR:MIN:SEC).........-0:02:11

$$
JEG JUL 14
