000
CDAK48 PACD 221250
CLICDB


CLIMATE REPORT
NATIONAL WEATHER SERVICE ANCHORAGE, AK
450 AM AKDT THU JUN 22 2017


...................................

...THE COLD BAY CLIMATE SUMMARY FOR JUNE 21 2017...

CLIMATE NORMAL PERIOD 1981 TO 2010
CLIMATE RECORD PERIOD 1942 TO 2017


WEATHER ITEM   OBSERVED TIME   RECORD YEAR NORMAL DEPARTURE LAST
                VALUE   (LST)  VALUE       VALUE  FROM      YEAR
                                                  NORMAL
..................................................................
TEMPERATURE (F)
 YESTERDAY
  MAXIMUM         57    435 PM  61    2012  52      5       58
                                      1983
  MINIMUM         46    743 AM  34    1971  43      3       39
                                      1956
  AVERAGE         52                        47      5       49

PRECIPITATION (IN)
  YESTERDAY        0.04          0.73 2013   0.09  -0.05     0.05
  MONTH TO DATE    1.39                      1.97  -0.58     1.27
  SINCE JUN 1      1.39                      1.97  -0.58     1.27
  SINCE JAN 1     11.36                     15.83  -4.47    13.68

SNOWFALL (IN)
  YESTERDAY        0.0          MM      MM   0.0    0.0     MM
  MONTH TO DATE    0.0                       0.0    0.0      0.0
  SINCE JUN 1      0.0                       0.0    0.0      0.0
  SINCE JUL 1     39.5                      73.1  -33.6     38.3
  SNOW DEPTH       0

DEGREE DAYS
 HEATING
  YESTERDAY       13                        18     -5       16
  MONTH TO DATE  366                       412    -46      345
  SINCE JUN 1    366                       412    -46      345
  SINCE JUL 1   8688                      9408   -720     7757

 COOLING
  YESTERDAY        0                         0      0        0
  MONTH TO DATE    0                         0      0        0
  SINCE JUN 1      0                         0      0        0
  SINCE JAN 1      0                         0      0        0
..................................................................


WIND (MPH)
  RESULTANT WIND SPEED   8   RESULTANT WIND DIRECTION  NW (300)
  HIGHEST WIND SPEED    14   HIGHEST WIND DIRECTION    NW (320)
  HIGHEST GUST SPEED    18   HIGHEST GUST DIRECTION     W (290)
  AVERAGE WIND SPEED     9.6



WEATHER CONDITIONS
 THE FOLLOWING WEATHER WAS RECORDED YESTERDAY.
  LIGHT RAIN
  FOG


RELATIVE HUMIDITY (PERCENT)
 HIGHEST   100
 LOWEST     66
 AVERAGE    83

..........................................................


THE COLD BAY CLIMATE NORMALS FOR TODAY
                         NORMAL    RECORD    YEAR
 MAXIMUM TEMPERATURE (F)   52        60      2016
                                             2002
 MINIMUM TEMPERATURE (F)   43        27      2006


SUNRISE AND SUNSET
JUNE 22 2017..........SUNRISE   610 AM AKDT  SUNSET  1136 PM AKDT
JUNE 23 2017..........SUNRISE   611 AM AKDT  SUNSET  1136 PM AKDT


-  INDICATES NEGATIVE NUMBERS.
R  INDICATES RECORD WAS SET OR TIED.
MM INDICATES DATA IS MISSING.
T  INDICATES TRACE AMOUNT.




$$
