000
CDAK48 PAFC 230057
CLICDB


CLIMATE REPORT
NATIONAL WEATHER SERVICE ANCHORAGE, AK
357 PM AKST MON JAN 22 2018


...................................

...THE COLD BAY CLIMATE SUMMARY FOR JANUARY 22 2018...
VALID TODAY AS OF 0300 PM LOCAL TIME.

CLIMATE NORMAL PERIOD 1981 TO 2010
CLIMATE RECORD PERIOD 1942 TO 2018


WEATHER ITEM   OBSERVED TIME   RECORD YEAR NORMAL DEPARTURE LAST
                VALUE   (LST)  VALUE       VALUE  FROM      YEAR
                                                  NORMAL
..................................................................
TEMPERATURE (F)
 TODAY
  MAXIMUM         22    250 PM  49    1969  33    -11       34
  MINIMUM         18    327 AM  -3    1993  23     -5       18
  AVERAGE         20                        28     -8       26

PRECIPITATION (IN)
  TODAY            T             2.85 1999   0.10  -0.10     0.22
  MONTH TO DATE    2.73                      2.26   0.47     2.59
  SINCE SEP 1     20.29                     21.19  -0.90    24.96
  SINCE JAN 1      2.73                      2.26   0.47     2.59

SNOWFALL (IN)
  TODAY            T             6.7  1982   0.5   -0.5      1.5
  MONTH TO DATE    7.5                      10.1   -2.6      6.5
  SINCE SEP 1     30.5                      35.3   -4.8     23.3
  SINCE JUL 1     30.5                      35.3   -4.8     23.3
  SNOW DEPTH       4

DEGREE DAYS
 HEATING
  TODAY           45                        37      8       39
  MONTH TO DATE  700                       806   -106      877
  SINCE DEC 1   1670                      1857   -187     1857
  SINCE JUL 1   4393                      4877   -484     4207

 COOLING
  TODAY            0                         0      0        0
  MONTH TO DATE    0                         0      0        0
  SINCE DEC 1      0                         0      0        0
  SINCE JAN 1      0                         0      0        0
..................................................................


WIND (MPH)
  RESULTANT WIND SPEED  33   RESULTANT WIND DIRECTION   N (350)
  HIGHEST WIND SPEED    39   HIGHEST WIND DIRECTION     N (350)
  HIGHEST GUST SPEED    47   HIGHEST GUST DIRECTION     N (350)
  AVERAGE WIND SPEED    33.5



WEATHER CONDITIONS
 THE FOLLOWING WEATHER WAS RECORDED TODAY.
  LIGHT SNOW
  FOG
  HAZE
  BLOWING SNOW


RELATIVE HUMIDITY (PERCENT)
 HIGHEST    91
 LOWEST     84
 AVERAGE    88

..........................................................


THE COLD BAY CLIMATE NORMALS FOR TOMORROW
                         NORMAL    RECORD    YEAR
 MAXIMUM TEMPERATURE (F)   33        45      1963
 MINIMUM TEMPERATURE (F)   23        -1      1956


SUNRISE AND SUNSET
JANUARY 22 2018.......SUNRISE   958 AM AKST  SUNSET   607 PM AKST
JANUARY 23 2018.......SUNRISE   957 AM AKST  SUNSET   609 PM AKST


-  INDICATES NEGATIVE NUMBERS.
R  INDICATES RECORD WAS SET OR TIED.
MM INDICATES DATA IS MISSING.
T  INDICATES TRACE AMOUNT.




$$
