600
CDAK48 PAFC 221325 RRA
CLICDB

CLIMATE REPORT
NATIONAL WEATHER SERVICE ANCHORAGE, AK
424 AM AKST WED FEB 22 2017


...................................

...THE COLD BAY CLIMATE SUMMARY FOR FEBRUARY 21 2017...

CLIMATE NORMAL PERIOD 1981 TO 2010
CLIMATE RECORD PERIOD 1942 TO 2017


WEATHER ITEM   OBSERVED TIME   RECORD YEAR NORMAL DEPARTURE LAST
                VALUE   (LST)  VALUE       VALUE  FROM      YEAR
                                                  NORMAL
..................................................................
TEMPERATURE (F)
 YESTERDAY
  MAXIMUM         37    430 PM  50    1957  34      3       35
  MINIMUM         30   1043 PM   1    1991  25      5       25
  AVERAGE         34                        29      5       30

PRECIPITATION (IN)
  YESTERDAY        0.80          1.86 2014   0.11   0.69     0.16
  MONTH TO DATE    1.24                      2.24  -1.00     1.21
  SINCE DEC 1     12.04                      9.86   2.18    12.96
  SINCE JAN 1      6.37                      5.40   0.97     5.70

SNOWFALL (IN)
  YESTERDAY        3.6           5.0  1989   0.4    3.2     MM
  MONTH TO DATE    7.3                       9.8   -2.5      0.0
  SINCE DEC 1     34.8                      36.5   -1.7     33.0
  SINCE JUL 1     36.6                      49.1  -12.5     38.3
  SNOW DEPTH       2

DEGREE DAYS
 HEATING
  YESTERDAY       31                        36     -5       35
  MONTH TO DATE  829                       761     68      624
  SINCE DEC 1   2997                      2951     46     2493
  SINCE JUL 1   5347                      5971   -624     4986

 COOLING
  YESTERDAY        0                         0      0        0
  MONTH TO DATE    0                         0      0        0
  SINCE DEC 1      0                         0      0        0
  SINCE JAN 1      0                         0      0        0
..................................................................


WIND (MPH)
  RESULTANT WIND SPEED  16   RESULTANT WIND DIRECTION   S (170)
  HIGHEST WIND SPEED    51   HIGHEST WIND DIRECTION    SE (150)
  HIGHEST GUST SPEED    58   HIGHEST GUST DIRECTION    SE (150)
  AVERAGE WIND SPEED    22.1



WEATHER CONDITIONS
 THE FOLLOWING WEATHER WAS RECORDED YESTERDAY.
  RAIN
  LIGHT RAIN
  SNOW
  LIGHT SNOW
  FOG
  BLOWING SNOW


RELATIVE HUMIDITY (PERCENT)
 HIGHEST   100
 LOWEST     69
 AVERAGE    85

..........................................................


THE COLD BAY CLIMATE NORMALS FOR TODAY
                         NORMAL    RECORD    YEAR
 MAXIMUM TEMPERATURE (F)   34        46      1943
 MINIMUM TEMPERATURE (F)   25        -2      1980


SUNRISE AND SUNSET
FEBRUARY 22 2017......SUNRISE   857 AM AKST  SUNSET   713 PM AKST
FEBRUARY 23 2017......SUNRISE   854 AM AKST  SUNSET   715 PM AKST

CIVIL TWILIGHT
FEBRUARY 22 2017        START    820 AM GMT     END    751 PM GMT
FEBRUARY 23 2017        START    818 AM GMT     END    753 PM GMT



-  INDICATES NEGATIVE NUMBERS.
R  INDICATES RECORD WAS SET OR TIED.
MM INDICATES DATA IS MISSING.
T  INDICATES TRACE AMOUNT.




$$
&&
------------------------------------------------------
AMOUNT OF DAYLIGHT TODAY  (HOUR:MIN)........10:16
GAIN/LOSS SINCE YESTERDAY (HOUR:MIN:SEC)....+0:04:26
