151
CDAK48 PAFC 191250
CLICDB


CLIMATE REPORT
NATIONAL WEATHER SERVICE ANCHORAGE, AK
350 AM AKST SUN NOV 19 2017


...................................

...THE COLD BAY CLIMATE SUMMARY FOR NOVEMBER 18 2017...

CLIMATE NORMAL PERIOD 1981 TO 2010
CLIMATE RECORD PERIOD 1942 TO 2017


WEATHER ITEM   OBSERVED TIME   RECORD YEAR NORMAL DEPARTURE LAST
                VALUE   (LST)  VALUE       VALUE  FROM      YEAR
                                                  NORMAL
..................................................................
TEMPERATURE (F)
 YESTERDAY
  MAXIMUM         46   1012 PM  49    1965  39      7       44
  MINIMUM         35   1221 AM  13    1975  30      5       31
  AVERAGE         41                        34      7       38

PRECIPITATION (IN)
  YESTERDAY        0.30          1.04 1978   0.17   0.13     0.05
  MONTH TO DATE    1.22                      2.89  -1.67     1.97
  SINCE SEP 1      9.71                     12.38  -2.67    14.89
  SINCE JAN 1     29.27                     35.12  -5.85    34.19

SNOWFALL (IN)
  YESTERDAY        0.0           3.3  1994   0.4   -0.4      0.0
  MONTH TO DATE    T                         5.3   -5.3       T
  SINCE SEP 1      2.1                       7.7   -5.6      1.5
  SINCE JUL 1      2.1                       7.7   -5.6      1.5
  SNOW DEPTH       0

DEGREE DAYS
 HEATING
  YESTERDAY       24                        31     -7       27
  MONTH TO DATE  452                       534    -82      513
  SINCE SEP 1   1648                      1802   -154     1524
  SINCE JUL 1   2399                      2641   -242     1995

 COOLING
  YESTERDAY        0                         0      0        0
  MONTH TO DATE    0                         0      0        0
  SINCE SEP 1      0                         0      0        0
  SINCE JAN 1      0                         0      0        0
..................................................................


WIND (MPH)
  RESULTANT WIND SPEED  12   RESULTANT WIND DIRECTION   W (270)
  HIGHEST WIND SPEED    46   HIGHEST WIND DIRECTION     W (280)
  HIGHEST GUST SPEED    52   HIGHEST GUST DIRECTION     W (280)
  AVERAGE WIND SPEED    15.0



WEATHER CONDITIONS
 THE FOLLOWING WEATHER WAS RECORDED YESTERDAY.
  RAIN
  LIGHT RAIN
  FOG


RELATIVE HUMIDITY (PERCENT)
 HIGHEST   100
 LOWEST     85
 AVERAGE    93

..........................................................


THE COLD BAY CLIMATE NORMALS FOR TODAY
                         NORMAL    RECORD    YEAR
 MAXIMUM TEMPERATURE (F)   39        50      1978
 MINIMUM TEMPERATURE (F)   30        15      1960
                                             1942


SUNRISE AND SUNSET
NOVEMBER 19 2017......SUNRISE   933 AM AKST  SUNSET   540 PM AKST
NOVEMBER 20 2017......SUNRISE   935 AM AKST  SUNSET   538 PM AKST


-  INDICATES NEGATIVE NUMBERS.
R  INDICATES RECORD WAS SET OR TIED.
MM INDICATES DATA IS MISSING.
T  INDICATES TRACE AMOUNT.




$$
