000
CDUS45 KSLC 041228
CLICDC


CLIMATE REPORT
NATIONAL WEATHER SERVICE SALT LAKE CITY UT
628 AM MDT WED MAY 4 2016


...................................

...THE CEDAR CITY UT CLIMATE SUMMARY FOR MAY 3 2016...

CLIMATE NORMAL PERIOD 1981 TO 2010
CLIMATE RECORD PERIOD 1928 TO 2016


WEATHER ITEM   OBSERVED TIME   RECORD YEAR NORMAL DEPARTURE LAST
                VALUE   (LST)  VALUE       VALUE  FROM      YEAR
                                                  NORMAL
..................................................................
TEMPERATURE (F)
 YESTERDAY
  MAXIMUM         71    444 PM  84    2004  67      4       76
  MINIMUM         33    436 AM  23    1967  36     -3       43
  AVERAGE         52                        52      0       60

PRECIPITATION (IN)
  YESTERDAY        0.00          0.48 1999   0.02  -0.02      T
  MONTH TO DATE    0.09                      0.08   0.01      T
  SINCE OCT 1      7.70                      7.46   0.24     5.82
  SINCE JAN 1      4.14                      4.35  -0.21     3.69

DEGREE DAYS
 HEATING
  YESTERDAY       13                        13      0        5
  MONTH TO DATE   46                        40      6       15
  SINCE MAR 1   1211                      1364   -153     1183
  SINCE JUL 1   5625                      5926   -301     5021

 COOLING
  YESTERDAY        0                         0      0        0
  MONTH TO DATE    0                         0      0        0
  SINCE MAR 1      0                         0      0        0
  SINCE JAN 1      0                         0      0        0
..................................................................


WIND (MPH)
  RESULTANT WIND SPEED   2   RESULTANT WIND DIRECTION  SE (130)
  HIGHEST WIND SPEED    15   HIGHEST WIND DIRECTION    SE (120)
  HIGHEST GUST SPEED    18   HIGHEST GUST DIRECTION    SE (120)
  AVERAGE WIND SPEED     5.1



WEATHER CONDITIONS
 THE FOLLOWING WEATHER WAS RECORDED YESTERDAY.
  NO SIGNIFICANT WEATHER WAS OBSERVED.


RELATIVE HUMIDITY (PERCENT)
 HIGHEST    96           400 AM
 LOWEST     25           600 PM
 AVERAGE    61

..........................................................


THE CEDAR CITY UT CLIMATE NORMALS FOR TODAY
                         NORMAL    RECORD    YEAR
 MAXIMUM TEMPERATURE (F)   68        84      2004
 MINIMUM TEMPERATURE (F)   37        24      1959


SUNRISE AND SUNSET
MAY  4 2016...........SUNRISE   633 AM MDT   SUNSET   826 PM MDT
MAY  5 2016...........SUNRISE   632 AM MDT   SUNSET   827 PM MDT


-  INDICATES NEGATIVE NUMBERS.
R  INDICATES RECORD WAS SET OR TIED.
MM INDICATES DATA IS MISSING.
T  INDICATES TRACE AMOUNT.




$$
