000
CDUS45 KSLC 061225
CLICDC


CLIMATE REPORT
NATIONAL WEATHER SERVICE SALT LAKE CITY UT
625 AM MDT MON JUL 6 2015


...................................

...THE CEDAR CITY UT CLIMATE SUMMARY FOR JULY 5 2015...

CLIMATE NORMAL PERIOD 1981 TO 2010
CLIMATE RECORD PERIOD 1928 TO 2015


WEATHER ITEM   OBSERVED TIME   RECORD YEAR NORMAL DEPARTURE LAST
                VALUE   (LST)  VALUE       VALUE  FROM      YEAR
                                                  NORMAL
..................................................................
TEMPERATURE (F)
 YESTERDAY
  MAXIMUM         86    413 PM 104    1985  89     -3       91
  MINIMUM         65    543 AM  43    2010  55     10       59
  AVERAGE         76                        72      4       75

PRECIPITATION (IN)
  YESTERDAY        T             0.52 1998   0.01  -0.01     0.00
  MONTH TO DATE    0.03                      0.07  -0.04     0.15
  SINCE OCT 1      9.69                      8.75   0.94     5.52
  SINCE JAN 1      7.56                      5.64   1.92     3.58

DEGREE DAYS
 HEATING
  YESTERDAY        0                         0      0        0
  MONTH TO DATE    0                         0      0        0
  SINCE JUN 1     25                        76    -51       27
  SINCE JUL 1      0                         0      0        0

 COOLING
  YESTERDAY       11                         7      4       10
  MONTH TO DATE   61                        33     28       52
  SINCE JUN 1    248                       126    122      152
  SINCE JAN 1    250                       134    116      177
..................................................................


WIND (MPH)
  RESULTANT WIND SPEED   6   RESULTANT WIND DIRECTION   S (160)
  HIGHEST WIND SPEED    22   HIGHEST WIND DIRECTION     E (110)
  HIGHEST GUST SPEED    27   HIGHEST GUST DIRECTION     S (200)
  AVERAGE WIND SPEED     8.7



WEATHER CONDITIONS
 THE FOLLOWING WEATHER WAS RECORDED YESTERDAY.
  THUNDERSTORM
  LIGHT RAIN


RELATIVE HUMIDITY (PERCENT)
 HIGHEST    48           500 AM
 LOWEST     20           500 PM
 AVERAGE    34

..........................................................


THE CEDAR CITY UT CLIMATE NORMALS FOR TODAY
                         NORMAL    RECORD    YEAR
 MAXIMUM TEMPERATURE (F)   89       102      1989
 MINIMUM TEMPERATURE (F)   55        40      1982


SUNRISE AND SUNSET
JULY  6 2015..........SUNRISE   617 AM MDT   SUNSET   857 PM MDT
JULY  7 2015..........SUNRISE   617 AM MDT   SUNSET   857 PM MDT


-  INDICATES NEGATIVE NUMBERS.
R  INDICATES RECORD WAS SET OR TIED.
MM INDICATES DATA IS MISSING.
T  INDICATES TRACE AMOUNT.




$$
