337
CDUS45 KSLC 171336
CLICDC


CLIMATE REPORT
NATIONAL WEATHER SERVICE SALT LAKE CITY UT
736 AM MDT TUE OCT 17 2017


...................................

...THE CEDAR CITY UT CLIMATE SUMMARY FOR OCTOBER 16 2017...

CLIMATE NORMAL PERIOD 1981 TO 2010
CLIMATE RECORD PERIOD 1928 TO 2017


WEATHER ITEM   OBSERVED TIME   RECORD YEAR NORMAL DEPARTURE LAST
                VALUE   (LST)  VALUE       VALUE  FROM      YEAR
                                                  NORMAL
..................................................................
TEMPERATURE (F)
 YESTERDAY
  MAXIMUM         77    255 PM  82    1991  66     11       73
  MINIMUM         22    519 AM  20    2013  33    -11       60
  AVERAGE         50                        50      0       67

PRECIPITATION (IN)
  YESTERDAY        0.00          0.75 1998   0.05  -0.05     0.00
  MONTH TO DATE    T                         0.66  -0.66     0.02
  SINCE OCT 1      T                         0.66  -0.66     0.02
  SINCE JAN 1      9.00                      8.86   0.14     7.94

DEGREE DAYS
 HEATING
  YESTERDAY       15                        15      0        0
  MONTH TO DATE  230                       201     29      141
  SINCE SEP 1    417                       335     82      254
  SINCE JUL 1    417                       344     73      258

 COOLING
  YESTERDAY        0                         0      0        2
  MONTH TO DATE    0                         0      0        2
  SINCE SEP 1     73                        39     34       33
  SINCE JAN 1    865                       588    277      826
..................................................................


WIND (MPH)
  RESULTANT WIND SPEED   2   RESULTANT WIND DIRECTION  SE (140)
  HIGHEST WIND SPEED    12   HIGHEST WIND DIRECTION    SE (130)
  HIGHEST GUST SPEED    15   HIGHEST GUST DIRECTION    SE (120)
  AVERAGE WIND SPEED     3.4



WEATHER CONDITIONS
 THE FOLLOWING WEATHER WAS RECORDED YESTERDAY.
  HAZE


RELATIVE HUMIDITY (PERCENT)
 HIGHEST    55           400 AM
 LOWEST      7           300 PM
 AVERAGE    31

..........................................................


THE CEDAR CITY UT CLIMATE NORMALS FOR TODAY
                         NORMAL    RECORD    YEAR
 MAXIMUM TEMPERATURE (F)   65        84      1961
 MINIMUM TEMPERATURE (F)   33        16      1999


SUNRISE AND SUNSET
OCTOBER 17 2017.......SUNRISE   743 AM MDT   SUNSET   652 PM MDT
OCTOBER 18 2017.......SUNRISE   744 AM MDT   SUNSET   650 PM MDT


-  INDICATES NEGATIVE NUMBERS.
R  INDICATES RECORD WAS SET OR TIED.
MM INDICATES DATA IS MISSING.
T  INDICATES TRACE AMOUNT.




$$
