000
CDUS45 KSLC 301229
CLICDC


CLIMATE REPORT
NATIONAL WEATHER SERVICE SALT LAKE CITY UT
629 AM MDT SUN AUG 30 2015


...................................

...THE CEDAR CITY UT CLIMATE SUMMARY FOR AUGUST 29 2015...

CLIMATE NORMAL PERIOD 1981 TO 2010
CLIMATE RECORD PERIOD 1928 TO 2015


WEATHER ITEM   OBSERVED TIME   RECORD YEAR NORMAL DEPARTURE LAST
                VALUE   (LST)  VALUE       VALUE  FROM      YEAR
                                                  NORMAL
..................................................................
TEMPERATURE (F)
 YESTERDAY
  MAXIMUM         91    329 PM  96    1948  85      6       88
  MINIMUM         61    637 AM  42    2004  52      9       48
                                      1973
  AVERAGE         76                        68      8       68

PRECIPITATION (IN)
  YESTERDAY        0.00          0.44 1986   0.03  -0.03     0.00
  MONTH TO DATE    0.98                      1.07  -0.09     1.24
  SINCE OCT 1     11.04                     10.59   0.45     7.05
  SINCE JAN 1      8.91                      7.48   1.43     5.11

DEGREE DAYS
 HEATING
  YESTERDAY        0                         1     -1        0
  MONTH TO DATE    0                         2     -2        6
  SINCE JUN 1     26                        81    -55       33
  SINCE JUL 1      1                         5     -4        6

 COOLING
  YESTERDAY       11                         4      7        3
  MONTH TO DATE  212                       187     25      113
  SINCE JUN 1    604                       532     72      508
  SINCE JAN 1    606                       540     66      533
..................................................................


WIND (MPH)
  RESULTANT WIND SPEED   8   RESULTANT WIND DIRECTION   S (190)
  HIGHEST WIND SPEED    24   HIGHEST WIND DIRECTION    SW (210)
  HIGHEST GUST SPEED    32   HIGHEST GUST DIRECTION    SW (240)
  AVERAGE WIND SPEED    10.4



WEATHER CONDITIONS
 THE FOLLOWING WEATHER WAS RECORDED YESTERDAY.
  NO SIGNIFICANT WEATHER WAS OBSERVED.


RELATIVE HUMIDITY (PERCENT)
 HIGHEST    52           700 AM
 LOWEST     16           200 PM
 AVERAGE    34

..........................................................


THE CEDAR CITY UT CLIMATE NORMALS FOR TODAY
                         NORMAL    RECORD    YEAR
 MAXIMUM TEMPERATURE (F)   85        96      1976
 MINIMUM TEMPERATURE (F)   52        42      1968


SUNRISE AND SUNSET
AUGUST 30 2015........SUNRISE   701 AM MDT   SUNSET   805 PM MDT
AUGUST 31 2015........SUNRISE   702 AM MDT   SUNSET   803 PM MDT


-  INDICATES NEGATIVE NUMBERS.
R  INDICATES RECORD WAS SET OR TIED.
MM INDICATES DATA IS MISSING.
T  INDICATES TRACE AMOUNT.




$$
