000
CDUS45 KSLC 190034
CLICDC


CLIMATE REPORT
NATIONAL WEATHER SERVICE SALT LAKE CITY UT
634 PM MDT THU SEP 18 2014


...................................

...THE CEDAR CITY UT CLIMATE SUMMARY FOR SEPTEMBER 18 2014...
VALID TODAY AS OF 0500 PM LOCAL TIME.

CLIMATE NORMAL PERIOD 1981 TO 2010
CLIMATE RECORD PERIOD 1928 TO 2014


WEATHER ITEM   OBSERVED TIME   RECORD YEAR NORMAL DEPARTURE LAST
                VALUE   (LST)  VALUE       VALUE  FROM      YEAR
                                                  NORMAL
..................................................................
TEMPERATURE (F)
 TODAY
  MAXIMUM         83    234 PM  92    1956  78      5       78
  MINIMUM         53    618 AM  23    1965  44      9       45
  AVERAGE         68                        61      7       62

PRECIPITATION (IN)
  TODAY            0.00          0.68 1972   0.03  -0.03     0.00
  MONTH TO DATE    1.18                      0.38   0.80     1.75
  SINCE OCT 1      8.23                     11.03  -2.80    15.71
  SINCE JAN 1      6.29                      7.92  -1.63    13.00

DEGREE DAYS
 HEATING
  TODAY            0                         5     -5        3
  MONTH TO DATE   10                        48    -38       30
  SINCE SEP 1     10                        48    -38       30
  SINCE JUL 1     16                        57    -41       33

 COOLING
  TODAY            3                         1      2        0
  MONTH TO DATE   49                        34     15       35
  SINCE SEP 1     49                        34     15       35
  SINCE JAN 1    595                       583     12      667
..................................................................


WIND (MPH)
  RESULTANT WIND SPEED   7   RESULTANT WIND DIRECTION   S (200)
  HIGHEST WIND SPEED    21   HIGHEST WIND DIRECTION    SW (230)
  HIGHEST GUST SPEED    27   HIGHEST GUST DIRECTION    SW (240)
  AVERAGE WIND SPEED     9.3



WEATHER CONDITIONS
 THE FOLLOWING WEATHER WAS RECORDED TODAY.
  NO SIGNIFICANT WEATHER WAS OBSERVED.


RELATIVE HUMIDITY (PERCENT)
 HIGHEST    72           300 AM
 LOWEST     31           200 PM
 AVERAGE    52

..........................................................


THE CEDAR CITY UT CLIMATE NORMALS FOR TOMORROW
                         NORMAL    RECORD    YEAR
 MAXIMUM TEMPERATURE (F)   78        90      1956
 MINIMUM TEMPERATURE (F)   43        24      1971


SUNRISE AND SUNSET
SEPTEMBER 18 2014.....SUNRISE   717 AM MDT   SUNSET   735 PM MDT
SEPTEMBER 19 2014.....SUNRISE   718 AM MDT   SUNSET   734 PM MDT


-  INDICATES NEGATIVE NUMBERS.
R  INDICATES RECORD WAS SET OR TIED.
MM INDICATES DATA IS MISSING.
T  INDICATES TRACE AMOUNT.




$$
