000
CDUS45 KSLC 290035
CLICDC


CLIMATE REPORT
NATIONAL WEATHER SERVICE SALT LAKE CITY UT
634 PM MDT SAT MAY 28 2016


...................................

...THE CEDAR CITY UT CLIMATE SUMMARY FOR MAY 28 2016...
VALID TODAY AS OF 0500 PM LOCAL TIME.

CLIMATE NORMAL PERIOD 1981 TO 2010
CLIMATE RECORD PERIOD 1928 TO 2016


WEATHER ITEM   OBSERVED TIME   RECORD YEAR NORMAL DEPARTURE LAST
                VALUE   (LST)  VALUE       VALUE  FROM      YEAR
                                                  NORMAL
..................................................................
TEMPERATURE (F)
 TODAY
  MAXIMUM         78    355 PM  95    1984  77      1       76
  MINIMUM         42    357 AM  29    2006  42      0       43
  AVERAGE         60                        59      1       60

PRECIPITATION (IN)
  TODAY            0.00          0.26 1956   0.03  -0.03      T
  MONTH TO DATE    0.33                      0.70  -0.37     3.12
  SINCE OCT 1      7.94                      8.08  -0.14     8.94
  SINCE JAN 1      4.38                      4.97  -0.59     6.81

DEGREE DAYS
 HEATING
  TODAY            5                         6     -1        5
  MONTH TO DATE  287                       274     13      330
  SINCE MAR 1   1452                      1598   -146     1498
  SINCE JUL 1   5866                      6160   -294     5336

 COOLING
  TODAY            0                         1     -1        0
  MONTH TO DATE    3                         2      1        0
  SINCE MAR 1      3                         2      1        0
  SINCE JAN 1      3                         2      1        0
..................................................................


WIND (MPH)
  RESULTANT WIND SPEED   2   RESULTANT WIND DIRECTION  SW (230)
  HIGHEST WIND SPEED    16   HIGHEST WIND DIRECTION    SW (240)
  HIGHEST GUST SPEED    23   HIGHEST GUST DIRECTION    SW (220)
  AVERAGE WIND SPEED     5.8



WEATHER CONDITIONS
 THE FOLLOWING WEATHER WAS RECORDED TODAY.
  NO SIGNIFICANT WEATHER WAS OBSERVED.


RELATIVE HUMIDITY (PERCENT)
 HIGHEST    70           400 AM
 LOWEST     14           300 PM
 AVERAGE    42

..........................................................


THE CEDAR CITY UT CLIMATE NORMALS FOR TOMORROW
                         NORMAL    RECORD    YEAR
 MAXIMUM TEMPERATURE (F)   77        96      1984
 MINIMUM TEMPERATURE (F)   42        28      1953


SUNRISE AND SUNSET
MAY 28 2016...........SUNRISE   614 AM MDT   SUNSET   846 PM MDT
MAY 29 2016...........SUNRISE   613 AM MDT   SUNSET   847 PM MDT


-  INDICATES NEGATIVE NUMBERS.
R  INDICATES RECORD WAS SET OR TIED.
MM INDICATES DATA IS MISSING.
T  INDICATES TRACE AMOUNT.




$$
