000
CDUS45 KSLC 251227
CLICDC


CLIMATE REPORT
NATIONAL WEATHER SERVICE SALT LAKE CITY UT
626 AM MDT MON JUL 25 2016


...................................

...THE CEDAR CITY UT CLIMATE SUMMARY FOR JULY 24 2016...

CLIMATE NORMAL PERIOD 1981 TO 2010
CLIMATE RECORD PERIOD 1928 TO 2016


WEATHER ITEM   OBSERVED TIME   RECORD YEAR NORMAL DEPARTURE LAST
                VALUE   (LST)  VALUE       VALUE  FROM      YEAR
                                                  NORMAL
..................................................................
TEMPERATURE (F)
 YESTERDAY
  MAXIMUM         96   1259 PM  98    1975  90      6       86
  MINIMUM         61    251 AM  49    1979  57      4       50
  AVERAGE         79                        74      5       68

PRECIPITATION (IN)
  YESTERDAY        0.04          1.09 2013   0.03   0.01     0.00
  MONTH TO DATE    0.69                      0.57   0.12     0.40
  SINCE OCT 1      8.92                      9.25  -0.33    10.06
  SINCE JAN 1      5.36                      6.14  -0.78     7.93

DEGREE DAYS
 HEATING
  YESTERDAY        0                         0      0        0
  MONTH TO DATE    0                         0      0        1
  SINCE JUN 1      4                        76    -72       26
  SINCE JUL 1      0                         0      0        1

 COOLING
  YESTERDAY       14                         9      5        3
  MONTH TO DATE  229                       192     37      158
  SINCE JUN 1    465                       285    180      345
  SINCE JAN 1    468                       293    175      347
..................................................................


WIND (MPH)
  RESULTANT WIND SPEED   4   RESULTANT WIND DIRECTION  SE (130)
  HIGHEST WIND SPEED    24   HIGHEST WIND DIRECTION    NW (320)
  HIGHEST GUST SPEED    30   HIGHEST GUST DIRECTION    NW (310)
  AVERAGE WIND SPEED     7.9



WEATHER CONDITIONS
 THE FOLLOWING WEATHER WAS RECORDED YESTERDAY.
  THUNDERSTORM
  LIGHT RAIN


RELATIVE HUMIDITY (PERCENT)
 HIGHEST    41          1000 PM
 LOWEST     14          1200 PM
 AVERAGE    28

..........................................................


THE CEDAR CITY UT CLIMATE NORMALS FOR TODAY
                         NORMAL    RECORD    YEAR
 MAXIMUM TEMPERATURE (F)   90       103      1980
 MINIMUM TEMPERATURE (F)   57        48      2015


SUNRISE AND SUNSET
JULY 25 2016..........SUNRISE   631 AM MDT   SUNSET   847 PM MDT
JULY 26 2016..........SUNRISE   632 AM MDT   SUNSET   846 PM MDT


-  INDICATES NEGATIVE NUMBERS.
R  INDICATES RECORD WAS SET OR TIED.
MM INDICATES DATA IS MISSING.
T  INDICATES TRACE AMOUNT.




$$
