000
CDUS45 KSLC 271226
CLICDC


CLIMATE REPORT
NATIONAL WEATHER SERVICE SALT LAKE CITY UT
625 AM MDT MON MAR 27 2017


...................................

...THE CEDAR CITY UT CLIMATE SUMMARY FOR MARCH 26 2017...

CLIMATE NORMAL PERIOD 1981 TO 2010
CLIMATE RECORD PERIOD 1928 TO 2017


WEATHER ITEM   OBSERVED TIME   RECORD YEAR NORMAL DEPARTURE LAST
                VALUE   (LST)  VALUE       VALUE  FROM      YEAR
                                                  NORMAL
..................................................................
TEMPERATURE (F)
 YESTERDAY
  MAXIMUM         55    459 PM  72    1988  57     -2       49
  MINIMUM         26    612 AM  15    2005  27     -1       24
  AVERAGE         41                        42     -1       37

PRECIPITATION (IN)
  YESTERDAY        0.00          0.52 1981   0.04  -0.04      T
  MONTH TO DATE    0.85                      1.14  -0.29     0.55
  SINCE OCT 1      5.40                      6.11  -0.71     5.58
  SINCE JAN 1      2.57                      3.00  -0.43     2.02

DEGREE DAYS
 HEATING
  YESTERDAY       24                        23      1       28
  MONTH TO DATE  472                       660   -188      526
  SINCE MAR 1    472                       660   -188      526
  SINCE JUL 1   4493                      5222   -729     4940

 COOLING
  YESTERDAY        0                         0      0        0
  MONTH TO DATE    0                         0      0        0
  SINCE MAR 1      0                         0      0        0
  SINCE JAN 1      0                         0      0        0
..................................................................


WIND (MPH)
  RESULTANT WIND SPEED   1   RESULTANT WIND DIRECTION  SE (150)
  HIGHEST WIND SPEED    12   HIGHEST WIND DIRECTION     S (200)
  HIGHEST GUST SPEED    15   HIGHEST GUST DIRECTION    SW (210)
  AVERAGE WIND SPEED     3.7



WEATHER CONDITIONS
 THE FOLLOWING WEATHER WAS RECORDED YESTERDAY.
  FOG
  FOG W/VISIBILITY <= 1/4 MILE


RELATIVE HUMIDITY (PERCENT)
 HIGHEST   100           300 AM
 LOWEST     35           200 PM
 AVERAGE    68

..........................................................


THE CEDAR CITY UT CLIMATE NORMALS FOR TODAY
                         NORMAL    RECORD    YEAR
 MAXIMUM TEMPERATURE (F)   57        73      2015
                                             1986
 MINIMUM TEMPERATURE (F)   27         9      1975


SUNRISE AND SUNSET
MARCH 27 2017.........SUNRISE   725 AM MDT   SUNSET   751 PM MDT
MARCH 28 2017.........SUNRISE   723 AM MDT   SUNSET   752 PM MDT


-  INDICATES NEGATIVE NUMBERS.
R  INDICATES RECORD WAS SET OR TIED.
MM INDICATES DATA IS MISSING.
T  INDICATES TRACE AMOUNT.




$$
