000
CDUS45 KCYS 300735
CLICDR


CLIMATE REPORT
NATIONAL WEATHER SERVICE CHEYENNE WY
135 AM MDT TUE AUG 30 2016


...................................

...THE CHADRON NE AIRPORT CLIMATE SUMMARY FOR AUGUST 29 2016...

CLIMATE NORMAL PERIOD 1981 TO 2010
CLIMATE RECORD PERIOD 1895 TO 2016


WEATHER ITEM   OBSERVED TIME   RECORD YEAR NORMAL DEPARTURE LAST
                VALUE   (LST)  VALUE       VALUE  FROM      YEAR
                                                  NORMAL
..................................................................
TEMPERATURE (F)
 YESTERDAY
  MAXIMUM         88    334 PM 106    2012  86      2       97
  MINIMUM         53    521 AM  41    1992  52      1       50
  AVERAGE         71                        69      2       74

PRECIPITATION (IN)
  YESTERDAY        0.00          0.79 2011   0.05  -0.05     0.00
  MONTH TO DATE    1.49                      1.47   0.02     0.81
  SINCE JAN 1     12.08                     13.76  -1.68    16.10

DEGREE DAYS
 HEATING
  YESTERDAY        0                         2     -2        0
  MONTH TO DATE   17                        14      3       33
  SINCE JUN 1     30                       105    -75       45
  SINCE JUL 1     17                        24     -7       36

 COOLING
  YESTERDAY        6                         5      1        9
  MONTH TO DATE  213                       233    -20      217
  SINCE JUN 1    799                       617    182      574
  SINCE JAN 1    807                       637    170      574
..................................................................


WIND (MPH)
  HIGHEST WIND SPEED    16   HIGHEST WIND DIRECTION    SE (140)
  HIGHEST GUST SPEED    22   HIGHEST GUST DIRECTION    NE (40)
  AVERAGE WIND SPEED     6.2


SKY COVER
  AVERAGE SKY COVER 0.0


WEATHER CONDITIONS
 THE FOLLOWING WEATHER WAS RECORDED YESTERDAY.
  NO SIGNIFICANT WEATHER WAS OBSERVED.


RELATIVE HUMIDITY (PERCENT)
 HIGHEST    89           500 AM
 LOWEST     29           300 PM
 AVERAGE    59

..........................................................


THE CHADRON NE AIRPORT CLIMATE NORMALS FOR TODAY
                         NORMAL    RECORD    YEAR
 MAXIMUM TEMPERATURE (F)   86       106      1990
 MINIMUM TEMPERATURE (F)   51        37      1935


SUNRISE AND SUNSET
AUGUST 30 2016........SUNRISE   615 AM MDT   SUNSET   729 PM MDT
AUGUST 31 2016........SUNRISE   616 AM MDT   SUNSET   728 PM MDT


-  INDICATES NEGATIVE NUMBERS.
R  INDICATES RECORD WAS SET OR TIED.
MM INDICATES DATA IS MISSING.
T  INDICATES TRACE AMOUNT.




$$
