000
CDUS45 KCYS 290427
CLICDR


CLIMATE REPORT
NATIONAL WEATHER SERVICE CHEYENNE WY
927 PM MST FRI NOV 28 2014


...................................

...THE CHADRON NE AIRPORT CLIMATE SUMMARY FOR NOVEMBER 28 2014...
VALID TODAY AS OF 0900 PM LOCAL TIME.

CLIMATE NORMAL PERIOD 1981 TO 2010
CLIMATE RECORD PERIOD 1895 TO 2014


WEATHER ITEM   OBSERVED TIME   RECORD YEAR NORMAL DEPARTURE LAST
                VALUE   (LST)  VALUE       VALUE  FROM      YEAR
                                                  NORMAL
..................................................................
TEMPERATURE (F)
 TODAY
  MAXIMUM         MM        MM  70    1998  42     MM       44
  MINIMUM         MM        MM -16    1985  14     MM       17
  AVERAGE         MM                        28     MM       31

PRECIPITATION (IN)
  TODAY            0.00          0.18 1942   0.02  -0.02     0.00
  MONTH TO DATE    0.10                      0.59  -0.49     0.48
  SINCE JAN 1     18.69                     17.50   1.19    19.10

DEGREE DAYS
 HEATING
  TODAY           MM                        37     MM       34
  MONTH TO DATE  864                       854     10      863
  SINCE SEP 1   1433                      1577   -144     1584
  SINCE JUL 1   1447                      1607   -160     1584
..................................................................


WIND (MPH)
  HIGHEST WIND SPEED    23   HIGHEST WIND DIRECTION     W (270)
  HIGHEST GUST SPEED    31   HIGHEST GUST DIRECTION     W (250)
  AVERAGE WIND SPEED    10.1


SKY COVER
  AVERAGE SKY COVER 0.0


WEATHER CONDITIONS
 THE FOLLOWING WEATHER WAS RECORDED TODAY.
  NO SIGNIFICANT WEATHER WAS OBSERVED.


RELATIVE HUMIDITY (PERCENT)
 HIGHEST     0          1200 AM
 LOWEST      0          1200 AM
 AVERAGE     0

..........................................................


THE CHADRON NE AIRPORT CLIMATE NORMALS FOR TOMORROW
                         NORMAL    RECORD    YEAR
 MAXIMUM TEMPERATURE (F)   42        71      1945
 MINIMUM TEMPERATURE (F)   14        -1      1985


SUNRISE AND SUNSET
NOVEMBER 28 2014......SUNRISE   700 AM MST   SUNSET   420 PM MST
NOVEMBER 29 2014......SUNRISE   701 AM MST   SUNSET   420 PM MST


-  INDICATES NEGATIVE NUMBERS.
R  INDICATES RECORD WAS SET OR TIED.
MM INDICATES DATA IS MISSING.
T  INDICATES TRACE AMOUNT.




$$
