000
CDUS45 KCYS 100731
CLICDR


CLIMATE REPORT
NATIONAL WEATHER SERVICE CHEYENNE WY
128 AM MDT THU JUL 10 2014


...................................

...THE CHADRON NE AIRPORT CLIMATE SUMMARY FOR JULY 9 2014...

CLIMATE NORMAL PERIOD 1981 TO 2010
CLIMATE RECORD PERIOD 1895 TO 2014


WEATHER ITEM   OBSERVED TIME   RECORD YEAR NORMAL DEPARTURE LAST
                VALUE   (LST)  VALUE       VALUE  FROM      YEAR
                                                  NORMAL
..................................................................
TEMPERATURE (F)
 YESTERDAY
  MAXIMUM         89    334 PM 104    1936  89      0       88
  MINIMUM         56    446 AM  42    1959  57     -1       57
  AVERAGE         73                        73      0       73

PRECIPITATION (IN)
  YESTERDAY        0.00          2.27 2001   0.07  -0.07     0.00
  MONTH TO DATE    0.00                      0.65  -0.65     1.01
  SINCE JAN 1     11.13                     10.83   0.30     9.85

DEGREE DAYS
 HEATING
  YESTERDAY        0                         0      0        0
  MONTH TO DATE    7                         5      2        0
  SINCE JUN 1     90                        86      4       58
  SINCE JUL 1      7                         5      2        0

 COOLING
  YESTERDAY        8                         8      0        8
  MONTH TO DATE   60                        67     -7       87
  SINCE JUN 1    114                       175    -61      199
  SINCE JAN 1    145                       195    -50      227
..................................................................


WIND (MPH)
  HIGHEST WIND SPEED    20   HIGHEST WIND DIRECTION     E (90)
  HIGHEST GUST SPEED    25   HIGHEST GUST DIRECTION     E (90)
  AVERAGE WIND SPEED     6.5


SKY COVER
  AVERAGE SKY COVER 0.1


WEATHER CONDITIONS
 THE FOLLOWING WEATHER WAS RECORDED YESTERDAY.
  NO SIGNIFICANT WEATHER WAS OBSERVED.


RELATIVE HUMIDITY (PERCENT)
 HIGHEST    90          1100 PM
 LOWEST     36           200 PM
 AVERAGE    63

..........................................................


THE CHADRON NE AIRPORT CLIMATE NORMALS FOR TODAY
                         NORMAL    RECORD    YEAR
 MAXIMUM TEMPERATURE (F)   89       108      1939
 MINIMUM TEMPERATURE (F)   57        47      1959


SUNRISE AND SUNSET
JULY 10 2014..........SUNRISE   523 AM MDT   SUNSET   832 PM MDT
JULY 11 2014..........SUNRISE   524 AM MDT   SUNSET   831 PM MDT


-  INDICATES NEGATIVE NUMBERS.
R  INDICATES RECORD WAS SET OR TIED.
MM INDICATES DATA IS MISSING.
T  INDICATES TRACE AMOUNT.




$$
