000
CDUS44 KLUB 250631
CLICDS


CLIMATE REPORT
NATIONAL WEATHER SERVICE LUBBOCK, TX
130 AM CDT MON MAY 25 2015


...................................

...THE CHILDRESS CLIMATE SUMMARY FOR MAY 24 2015...

CLIMATE NORMAL PERIOD 1981 TO 2010
CLIMATE RECORD PERIOD 1893 TO 2015


WEATHER ITEM   OBSERVED TIME   RECORD YEAR NORMAL DEPARTURE LAST
                VALUE   (LST)  VALUE       VALUE  FROM      YEAR
                                                  NORMAL
..................................................................
TEMPERATURE (F)
 YESTERDAY
  MAXIMUM         82    508 PM 111    2000  86     -4       70
  MINIMUM         60    515 AM  48    1935  61     -1       65
                                      1894
  AVERAGE         71                        74     -3       68

PRECIPITATION (IN)
  YESTERDAY        0.00          2.48 1991   0.12  -0.12     0.12
  MONTH TO DATE   11.58                      2.26   9.32     3.17
  SINCE MAR 1     16.80                      5.91  10.89     5.16
  SINCE JAN 1     17.97                      7.69  10.28     5.52

SNOWFALL (IN)
  YESTERDAY        0.0          MM      MM   0.0    0.0      0.0
  MONTH TO DATE    0.0                       0.0    0.0      0.0
  SINCE MAR 1      0.0                       0.6   -0.6       T
  SINCE JUL 1      2.0                       7.0   -5.0      9.5
  SNOW DEPTH       0

DEGREE DAYS
 HEATING
  YESTERDAY        0                         0      0        0
  MONTH TO DATE   42                        27     15       30
  SINCE MAR 1    476                       555    -79      640
  SINCE JUL 1   2973                      3115   -142     3456

 COOLING
  YESTERDAY        6                         9     -3        3
  MONTH TO DATE   76                       152    -76      219
  SINCE MAR 1    172                       242    -70      313
  SINCE JAN 1    172                       243    -71      313
..................................................................


WIND (MPH)
  RESULTANT WIND SPEED   9   RESULTANT WIND DIRECTION   S (160)
  HIGHEST WIND SPEED    21   HIGHEST WIND DIRECTION     S (200)
  HIGHEST GUST SPEED    25   HIGHEST GUST DIRECTION     S (200)
  AVERAGE WIND SPEED    11.0


SKY COVER
  AVERAGE SKY COVER 0.5


WEATHER CONDITIONS
 THE FOLLOWING WEATHER WAS RECORDED YESTERDAY.
  FOG
  FOG W/VISIBILITY <= 1/4 MILE


RELATIVE HUMIDITY (PERCENT)
 HIGHEST   100           300 AM
 LOWEST     42           600 PM
 AVERAGE    71

..........................................................


THE CHILDRESS CLIMATE NORMALS FOR TODAY
                         NORMAL    RECORD    YEAR
 MAXIMUM TEMPERATURE (F)   86       105      1990
 MINIMUM TEMPERATURE (F)   61        46      1907


SUNRISE AND SUNSET
MAY 25 2015...........SUNRISE   633 AM CDT   SUNSET   844 PM CDT
MAY 26 2015...........SUNRISE   632 AM CDT   SUNSET   844 PM CDT


-  INDICATES NEGATIVE NUMBERS.
R  INDICATES RECORD WAS SET OR TIED.
MM INDICATES DATA IS MISSING.
T  INDICATES TRACE AMOUNT.




$$
