000
CDUS44 KLUB 222227
CLICDS


CLIMATE REPORT
NATIONAL WEATHER SERVICE LUBBOCK, TX
527 PM CDT WED MAR 22 2017


...................................

...THE CHILDRESS CLIMATE SUMMARY FOR MARCH 22 2017...
VALID TODAY AS OF 0500 PM LOCAL TIME.

CLIMATE NORMAL PERIOD 1981 TO 2010
CLIMATE RECORD PERIOD 1893 TO 2017


WEATHER ITEM   OBSERVED TIME   RECORD YEAR NORMAL DEPARTURE LAST
                VALUE   (LST)  VALUE       VALUE  FROM      YEAR
                                                  NORMAL
..................................................................
TEMPERATURE (F)
 TODAY
  MAXIMUM         76    407 PM  94    1907  69      7       88
  MINIMUM         50    734 AM  22    2002  41      9       51
                                      1955
  AVERAGE         63                        55      8       70

PRECIPITATION (IN)
  TODAY            0.00          1.67 2000   0.05  -0.05     0.00
  MONTH TO DATE    T                         1.05  -1.05     0.78
  SINCE MAR 1      T                         1.05  -1.05     0.78
  SINCE JAN 1      4.22                      2.83   1.39     2.03

SNOWFALL (IN)
  TODAY            0.0          MM      MM   0.0    0.0      0.0
  MONTH TO DATE    0.0                       0.3   -0.3      0.0
  SINCE MAR 1      0.0                       0.3   -0.3      0.0
  SINCE JUL 1      1.5                       6.7   -5.2      7.0
  SNOW DEPTH       0

DEGREE DAYS
 HEATING
  TODAY            2                        11     -9        0
  MONTH TO DATE  176                       291   -115      166
  SINCE MAR 1    176                       291   -115      166
  SINCE JUL 1   2124                      2851   -727     2334

 COOLING
  TODAY            0                         1     -1        5
  MONTH TO DATE   50                         7     43       13
  SINCE MAR 1     50                         7     43       13
  SINCE JAN 1     65                         8     57       15
..................................................................


WIND (MPH)
  RESULTANT WIND SPEED   8   RESULTANT WIND DIRECTION  NE (40)
  HIGHEST WIND SPEED    18   HIGHEST WIND DIRECTION     N (20)
  HIGHEST GUST SPEED    25   HIGHEST GUST DIRECTION     N (20)
  AVERAGE WIND SPEED     9.4


SKY COVER
  AVERAGE SKY COVER 0.0


WEATHER CONDITIONS
 THE FOLLOWING WEATHER WAS RECORDED TODAY.
  NO SIGNIFICANT WEATHER WAS OBSERVED.


RELATIVE HUMIDITY (PERCENT)
 HIGHEST    68           500 AM
 LOWEST     41           300 PM
 AVERAGE    55

..........................................................


THE CHILDRESS CLIMATE NORMALS FOR TOMORROW
                         NORMAL    RECORD    YEAR
 MAXIMUM TEMPERATURE (F)   70        92      1907
 MINIMUM TEMPERATURE (F)   41        20      1952
                                             1898


SUNRISE AND SUNSET
MARCH 22 2017.........SUNRISE   742 AM CDT   SUNSET   755 PM CDT
MARCH 23 2017.........SUNRISE   740 AM CDT   SUNSET   755 PM CDT


-  INDICATES NEGATIVE NUMBERS.
R  INDICATES RECORD WAS SET OR TIED.
MM INDICATES DATA IS MISSING.
T  INDICATES TRACE AMOUNT.




$$
