000
CDUS44 KLUB 300627
CLICDS


CLIMATE REPORT
NATIONAL WEATHER SERVICE LUBBOCK, TX
126 AM CDT MON MAR 30 2015


...................................

...THE CHILDRESS CLIMATE SUMMARY FOR MARCH 29 2015...

CLIMATE NORMAL PERIOD 1981 TO 2010
CLIMATE RECORD PERIOD 1893 TO 2015


WEATHER ITEM   OBSERVED TIME   RECORD YEAR NORMAL DEPARTURE LAST
                VALUE   (LST)  VALUE       VALUE  FROM      YEAR
                                                  NORMAL
..................................................................
TEMPERATURE (F)
 YESTERDAY
  MAXIMUM         83    410 PM  96    1967  72     11       74
  MINIMUM         49    703 AM  16    1944  43      6       38
  AVERAGE         66                        57      9       56

PRECIPITATION (IN)
  YESTERDAY        0.00          1.10 1926   0.05  -0.05     0.00
  MONTH TO DATE    0.10                      1.42  -1.32     0.46
  SINCE MAR 1      0.10                      1.42  -1.32     0.46
  SINCE JAN 1      1.27                      3.20  -1.93     0.82

SNOWFALL (IN)
  YESTERDAY        0.0                       0.0    0.0      0.0
  MONTH TO DATE    0.0                       0.4   -0.4       T
  SINCE MAR 1      0.0                       0.4   -0.4       T
  SINCE JUL 1      2.0                       6.8   -4.8      9.5
  SNOW DEPTH       0

DEGREE DAYS
 HEATING
  YESTERDAY        0                         9     -9        9
  MONTH TO DATE  331                       358    -27      458
  SINCE MAR 1    331                       358    -27      458
  SINCE JUL 1   2828                      2918    -90     3274

 COOLING
  YESTERDAY        1                         1      0        0
  MONTH TO DATE    9                        14     -5        2
  SINCE MAR 1      9                        14     -5        2
  SINCE JAN 1      9                        15     -6        2
..................................................................


WIND (MPH)
  RESULTANT WIND SPEED   9   RESULTANT WIND DIRECTION   N (20)
  HIGHEST WIND SPEED    35   HIGHEST WIND DIRECTION     N (10)
  HIGHEST GUST SPEED    43   HIGHEST GUST DIRECTION     N (10)
  AVERAGE WIND SPEED    11.9


SKY COVER
  AVERAGE SKY COVER 0.0


WEATHER CONDITIONS
 THE FOLLOWING WEATHER WAS RECORDED YESTERDAY.
  NO SIGNIFICANT WEATHER WAS OBSERVED.


RELATIVE HUMIDITY (PERCENT)
 HIGHEST    80           700 AM
 LOWEST     10           500 PM
 AVERAGE    45

..........................................................


THE CHILDRESS CLIMATE NORMALS FOR TODAY
                         NORMAL    RECORD    YEAR
 MAXIMUM TEMPERATURE (F)   72        96      1940
 MINIMUM TEMPERATURE (F)   43        18      1987
                                             1944


SUNRISE AND SUNSET
MARCH 30 2015.........SUNRISE   731 AM CDT   SUNSET   800 PM CDT
MARCH 31 2015.........SUNRISE   730 AM CDT   SUNSET   801 PM CDT


-  INDICATES NEGATIVE NUMBERS.
R  INDICATES RECORD WAS SET OR TIED.
MM INDICATES DATA IS MISSING.
T  INDICATES TRACE AMOUNT.




$$
