372
CDUS44 KLUB 290626
CLICDS


CLIMATE REPORT
NATIONAL WEATHER SERVICE LUBBOCK, TX
126 AM CDT THU JUN 29 2017


...................................

...THE CHILDRESS CLIMATE SUMMARY FOR JUNE 28 2017...

CLIMATE NORMAL PERIOD 1981 TO 2010
CLIMATE RECORD PERIOD 1893 TO 2017


WEATHER ITEM   OBSERVED TIME   RECORD YEAR NORMAL DEPARTURE LAST
                VALUE   (LST)  VALUE       VALUE  FROM      YEAR
                                                  NORMAL
..................................................................
TEMPERATURE (F)
 YESTERDAY
  MAXIMUM         99    237 PM 112    1980  94      5       97
  MINIMUM         73    618 AM  58    1907  69      4       69
  AVERAGE         86                        82      4       83

PRECIPITATION (IN)
  YESTERDAY        0.00          2.97 1955   0.11  -0.11     0.13
  MONTH TO DATE    2.57                      3.75  -1.18     3.81
  SINCE JUN 1      2.57                      3.75  -1.18     3.81
  SINCE JAN 1     11.84                     12.32  -0.48    15.67

SNOWFALL (IN)
  YESTERDAY        0.0          MM      MM   0.0    0.0      0.0
  MONTH TO DATE    0.0                       0.0    0.0      0.0
  SINCE JUN 1      0.0                       0.0    0.0      0.0
  SINCE JUL 1      1.5                       7.0   -5.5      7.0
  SNOW DEPTH       0

DEGREE DAYS
 HEATING
  YESTERDAY        0                         0      0        0
  MONTH TO DATE    0                         0      0        0
  SINCE JUN 1      0                         0      0        0
  SINCE JUL 1   2328                      3115   -787     2555

 COOLING
  YESTERDAY       21                        17      4       18
  MONTH TO DATE  444                       388     56      439
  SINCE JUN 1    444                       388     56      439
  SINCE JAN 1    795                       700     95      703
..................................................................


WIND (MPH)
  RESULTANT WIND SPEED  18   RESULTANT WIND DIRECTION   S (180)
  HIGHEST WIND SPEED    29   HIGHEST WIND DIRECTION     S (160)
  HIGHEST GUST SPEED    35   HIGHEST GUST DIRECTION     S (170)
  AVERAGE WIND SPEED    18.7


SKY COVER
  AVERAGE SKY COVER 0.0


WEATHER CONDITIONS
 THE FOLLOWING WEATHER WAS RECORDED YESTERDAY.
  NO SIGNIFICANT WEATHER WAS OBSERVED.


RELATIVE HUMIDITY (PERCENT)
 HIGHEST    73           200 AM
 LOWEST     24           300 PM
 AVERAGE    49

..........................................................


THE CHILDRESS CLIMATE NORMALS FOR TODAY
                         NORMAL    RECORD    YEAR
 MAXIMUM TEMPERATURE (F)   95       109      1980
 MINIMUM TEMPERATURE (F)   69        60      1983


SUNRISE AND SUNSET
JUNE 29 2017..........SUNRISE   632 AM CDT   SUNSET   858 PM CDT
JUNE 30 2017..........SUNRISE   632 AM CDT   SUNSET   858 PM CDT


-  INDICATES NEGATIVE NUMBERS.
R  INDICATES RECORD WAS SET OR TIED.
MM INDICATES DATA IS MISSING.
T  INDICATES TRACE AMOUNT.




$$
