000
CDUS44 KLUB 020625
CLICDS


CLIMATE REPORT
NATIONAL WEATHER SERVICE LUBBOCK, TX
125 AM CDT THU OCT 2 2014


...................................

...THE CHILDRESS CLIMATE SUMMARY FOR OCTOBER 1 2014...

CLIMATE NORMAL PERIOD 1981 TO 2010
CLIMATE RECORD PERIOD 1893 TO 2014


WEATHER ITEM   OBSERVED TIME   RECORD YEAR NORMAL DEPARTURE LAST
                VALUE   (LST)  VALUE       VALUE  FROM      YEAR
                                                  NORMAL
..................................................................
TEMPERATURE (F)
 YESTERDAY
  MAXIMUM         94    326 PM  99    1951  81     13       91
                                      1938
  MINIMUM         64    705 AM  35    1984  55      9       56
  AVERAGE         79                        68     11       74

PRECIPITATION (IN)
  YESTERDAY        0.00          1.15 1941   0.07  -0.07     0.00
  MONTH TO DATE    0.00                      0.07  -0.07     0.00
  SINCE SEP 1      1.63                      2.49  -0.86     0.69
  SINCE JAN 1     17.24                     19.58  -2.34    13.93

SNOWFALL (IN)
  YESTERDAY        0.0          MM      MM   0.0    0.0      0.0
  MONTH TO DATE    0.0                       0.0    0.0      0.0
  SINCE SEP 1      0.0                       0.0    0.0      0.0
  SINCE JUL 1      0.0                       0.0    0.0      0.0
  SNOW DEPTH       0

DEGREE DAYS
 HEATING
  YESTERDAY        0                         2     -2        0
  MONTH TO DATE    0                         2     -2        0
  SINCE SEP 1     10                        19     -9        0
  SINCE JUL 1     10                        19     -9        0

 COOLING
  YESTERDAY       14                         5      9        9
  MONTH TO DATE   14                         5      9        9
  SINCE SEP 1    333                       298     35      384
  SINCE JAN 1   2192                      2129     63     2315
..................................................................


WIND (MPH)
  RESULTANT WIND SPEED   8   RESULTANT WIND DIRECTION  SW (210)
  HIGHEST WIND SPEED    20   HIGHEST WIND DIRECTION     S (200)
  HIGHEST GUST SPEED    26   HIGHEST GUST DIRECTION    SW (210)
  AVERAGE WIND SPEED     9.6


SKY COVER
  AVERAGE SKY COVER 0.0


WEATHER CONDITIONS
 THE FOLLOWING WEATHER WAS RECORDED YESTERDAY.
  NO SIGNIFICANT WEATHER WAS OBSERVED.


RELATIVE HUMIDITY (PERCENT)
 HIGHEST    93           700 AM
 LOWEST     21           200 PM
 AVERAGE    57

..........................................................


THE CHILDRESS CLIMATE NORMALS FOR TODAY
                         NORMAL    RECORD    YEAR
 MAXIMUM TEMPERATURE (F)   81       101      2000
 MINIMUM TEMPERATURE (F)   55        39      1985


SUNRISE AND SUNSET
OCTOBER  2 2014.......SUNRISE   736 AM CDT   SUNSET   724 PM CDT
OCTOBER  3 2014.......SUNRISE   737 AM CDT   SUNSET   722 PM CDT


-  INDICATES NEGATIVE NUMBERS.
R  INDICATES RECORD WAS SET OR TIED.
MM INDICATES DATA IS MISSING.
T  INDICATES TRACE AMOUNT.




$$
