000
CDUS44 KLUB 260645
CLICDS


CLIMATE REPORT
NATIONAL WEATHER SERVICE LUBBOCK, TX
145 AM CDT TUE JUL 26 2016


...................................

...THE CHILDRESS CLIMATE SUMMARY FOR JULY 25 2016...

CLIMATE NORMAL PERIOD 1981 TO 2010
CLIMATE RECORD PERIOD 1893 TO 2016


WEATHER ITEM   OBSERVED TIME   RECORD YEAR NORMAL DEPARTURE LAST
                VALUE   (LST)  VALUE       VALUE  FROM      YEAR
                                                  NORMAL
..................................................................
TEMPERATURE (F)
 YESTERDAY
  MAXIMUM        101    309 PM 107    2011  96      5       98
                                      1954
                                      1940
  MINIMUM         78    528 AM  62    2004  71      7       73
  AVERAGE         90                        84      6       86

PRECIPITATION (IN)
  YESTERDAY        0.00          1.31 1985   0.06  -0.06     0.00
  MONTH TO DATE    2.74                      1.60   1.14     4.68
  SINCE JUN 1      6.65                      5.55   1.10     8.72
  SINCE JAN 1     18.51                     14.12   4.39    28.58

SNOWFALL (IN)
  YESTERDAY        0.0          MM      MM   0.0    0.0      0.0
  MONTH TO DATE    0.0                       0.0    0.0      0.0
  SINCE JUN 1      0.0                       0.0    0.0      0.0
  SINCE JUL 1      0.0                       0.0    0.0      0.0
  SNOW DEPTH       0

DEGREE DAYS
 HEATING
  YESTERDAY        0                         0      0        0
  MONTH TO DATE    0                         0      0        0
  SINCE JUN 1      0                         2     -2        0
  SINCE JUL 1      0                         0      0        0

 COOLING
  YESTERDAY       25                        19      6       21
  MONTH TO DATE  520                       460     60      444
  SINCE JUN 1    989                       881    108      903
  SINCE JAN 1   1253                      1193     60     1103
..................................................................


WIND (MPH)
  RESULTANT WIND SPEED   4   RESULTANT WIND DIRECTION   E (100)
  HIGHEST WIND SPEED    22   HIGHEST WIND DIRECTION    SW (210)
  HIGHEST GUST SPEED    28   HIGHEST GUST DIRECTION    SW (210)
  AVERAGE WIND SPEED     5.7


SKY COVER
  AVERAGE SKY COVER 0.2


WEATHER CONDITIONS
 THE FOLLOWING WEATHER WAS RECORDED YESTERDAY.
  THUNDERSTORM


RELATIVE HUMIDITY (PERCENT)
 HIGHEST    67           600 AM
 LOWEST     31           100 PM
 AVERAGE    49

..........................................................


THE CHILDRESS CLIMATE NORMALS FOR TODAY
                         NORMAL    RECORD    YEAR
 MAXIMUM TEMPERATURE (F)   96       108      2011
                                             1944
                                             1940
 MINIMUM TEMPERATURE (F)   71        62      2004


SUNRISE AND SUNSET
JULY 26 2016..........SUNRISE   648 AM CDT   SUNSET   847 PM CDT
JULY 27 2016..........SUNRISE   648 AM CDT   SUNSET   846 PM CDT


-  INDICATES NEGATIVE NUMBERS.
R  INDICATES RECORD WAS SET OR TIED.
MM INDICATES DATA IS MISSING.
T  INDICATES TRACE AMOUNT.




$$
