033
CDUS44 KLUB 070627
CLICDS


CLIMATE REPORT
NATIONAL WEATHER SERVICE LUBBOCK, TX
1227 AM CST WED DEC 7 2016


...................................

...THE CHILDRESS CLIMATE SUMMARY FOR DECEMBER 6 2016...

CLIMATE NORMAL PERIOD 1981 TO 2010
CLIMATE RECORD PERIOD 1893 TO 2016


WEATHER ITEM   OBSERVED TIME   RECORD YEAR NORMAL DEPARTURE LAST
                VALUE   (LST)  VALUE       VALUE  FROM      YEAR
                                                  NORMAL
..................................................................
TEMPERATURE (F)
 YESTERDAY
  MAXIMUM         46    419 PM  84    1939  56    -10       63
  MINIMUM         31   1157 PM   7    1950  31      0       36
  AVERAGE         39                        44     -5       50

PRECIPITATION (IN)
  YESTERDAY        0.00          1.21 1926   0.04  -0.04     0.00
  MONTH TO DATE    1.14                      0.20   0.94     0.00
  SINCE DEC 1      1.14                      0.20   0.94     0.00
  SINCE JAN 1     29.89                     23.21   6.68    35.91

SNOWFALL (IN)
  YESTERDAY        0.0          MM      MM   0.0    0.0      0.0
  MONTH TO DATE    0.0                       0.3   -0.3      0.0
  SINCE DEC 1      0.0                       0.3   -0.3      0.0
  SINCE JUL 1      0.0                       1.2   -1.2      0.8
  SNOW DEPTH       0

DEGREE DAYS
 HEATING
  YESTERDAY       26                        21      5       15
  MONTH TO DATE  123                       124     -1      106
  SINCE DEC 1    123                       124     -1      106
  SINCE JUL 1    390                       684   -294      559

 COOLING
  YESTERDAY        0                         0      0        0
  MONTH TO DATE    0                         0      0        0
  SINCE DEC 1      0                         0      0        0
  SINCE JAN 1   2370                      2207    163     2321
..................................................................


WIND (MPH)
  RESULTANT WIND SPEED  12   RESULTANT WIND DIRECTION   N (20)
  HIGHEST WIND SPEED    33   HIGHEST WIND DIRECTION     N (10)
  HIGHEST GUST SPEED    42   HIGHEST GUST DIRECTION     N (360)
  AVERAGE WIND SPEED    13.4


SKY COVER
  AVERAGE SKY COVER 0.1


WEATHER CONDITIONS
 THE FOLLOWING WEATHER WAS RECORDED YESTERDAY.
  FOG


RELATIVE HUMIDITY (PERCENT)
 HIGHEST    92          1200 AM
 LOWEST     28           400 PM
 AVERAGE    60

..........................................................


THE CHILDRESS CLIMATE NORMALS FOR TODAY
                         NORMAL    RECORD    YEAR
 MAXIMUM TEMPERATURE (F)   56        83      2003
 MINIMUM TEMPERATURE (F)   31         6      2013


SUNRISE AND SUNSET
DECEMBER  7 2016......SUNRISE   735 AM CST   SUNSET   531 PM CST
DECEMBER  8 2016......SUNRISE   736 AM CST   SUNSET   531 PM CST


-  INDICATES NEGATIVE NUMBERS.
R  INDICATES RECORD WAS SET OR TIED.
MM INDICATES DATA IS MISSING.
T  INDICATES TRACE AMOUNT.




$$
