000
CDUS44 KLUB 030632
CLICDS


CLIMATE REPORT
NATIONAL WEATHER SERVICE LUBBOCK, TX
1229 AM CST TUE MAR 3 2015


...................................

...THE CHILDRESS CLIMATE SUMMARY FOR MARCH 2 2015...

CLIMATE NORMAL PERIOD 1981 TO 2010
CLIMATE RECORD PERIOD 1893 TO 2015


WEATHER ITEM   OBSERVED TIME   RECORD YEAR NORMAL DEPARTURE LAST
                VALUE   (LST)  VALUE       VALUE  FROM      YEAR
                                                  NORMAL
..................................................................
TEMPERATURE (F)
 YESTERDAY
  MAXIMUM         41    538 PM  96    1904  62    -21       24
  MINIMUM         30    941 AM   6    1980  36     -6       13
  AVERAGE         36                        49    -13       19

PRECIPITATION (IN)
  YESTERDAY        0.00          0.71 1969   0.05  -0.05      T
  MONTH TO DATE    0.00                      0.09  -0.09      T
  SINCE MAR 1      0.00                      0.09  -0.09      T
  SINCE JAN 1      1.17                      1.87  -0.70     0.36

SNOWFALL (IN)
  YESTERDAY        0.0          MM      MM   0.0    0.0       T
  MONTH TO DATE    0.0                       0.0    0.0       T
  SINCE MAR 1      0.0                       0.0    0.0       T
  SINCE JUL 1      2.0                       6.4   -4.4      9.5
  SNOW DEPTH       0

DEGREE DAYS
 HEATING
  YESTERDAY       29                        16     13       46
  MONTH TO DATE   64                        32     32       74
  SINCE MAR 1     64                        32     32       74
  SINCE JUL 1   2561                      2592    -31     2890

 COOLING
  YESTERDAY        0                         0      0        0
  MONTH TO DATE    0                         0      0        0
  SINCE MAR 1      0                         0      0        0
  SINCE JAN 1      0                         1     -1        0
..................................................................


WIND (MPH)
  RESULTANT WIND SPEED   4   RESULTANT WIND DIRECTION   S (160)
  HIGHEST WIND SPEED    17   HIGHEST WIND DIRECTION     S (190)
  HIGHEST GUST SPEED    21   HIGHEST GUST DIRECTION     S (200)
  AVERAGE WIND SPEED     6.1


SKY COVER
  AVERAGE SKY COVER 0.9


WEATHER CONDITIONS
 THE FOLLOWING WEATHER WAS RECORDED YESTERDAY.
  HAZE


RELATIVE HUMIDITY (PERCENT)
 HIGHEST    85           100 AM
 LOWEST     60           500 PM
 AVERAGE    73

..........................................................


THE CHILDRESS CLIMATE NORMALS FOR TODAY
                         NORMAL    RECORD    YEAR
 MAXIMUM TEMPERATURE (F)   63        88      1974
                                             1955
 MINIMUM TEMPERATURE (F)   36         6      1943


SUNRISE AND SUNSET
MARCH  3 2015.........SUNRISE   708 AM CST   SUNSET   639 PM CST
MARCH  4 2015.........SUNRISE   707 AM CST   SUNSET   640 PM CST


-  INDICATES NEGATIVE NUMBERS.
R  INDICATES RECORD WAS SET OR TIED.
MM INDICATES DATA IS MISSING.
T  INDICATES TRACE AMOUNT.




$$
