000
CDUS46 KEKA 100023
CLICEC


CLIMATE REPORT
NATIONAL WEATHER SERVICE EUREKA CA
421 PM PST TUE FEB 9 2016


...................................

...THE CRESCENT CITY CA CLIMATE SUMMARY FOR FEBRUARY 9 2016...
VALID TODAY AS OF 0400 PM LOCAL TIME.

CLIMATE NORMAL PERIOD 1981 TO 2010
CLIMATE RECORD PERIOD 1894 TO 2016


WEATHER ITEM   OBSERVED TIME   RECORD YEAR NORMAL DEPARTURE LAST
                VALUE   (LST)  VALUE       VALUE  FROM      YEAR
                                                  NORMAL
..................................................................
TEMPERATURE (F)
 TODAY
  MAXIMUM         67   1016 AM  72    1970  53     14       57
  MINIMUM         52    804 AM  30    2003  42     10       49
  AVERAGE         60                        47     13       53

PRECIPITATION (IN)
  TODAY            0.00          1.56 1961   0.34  -0.34     0.33
  MONTH TO DATE    0.66                      3.08  -2.42     7.27
  SINCE OCT 1     49.77                     38.71  11.06    29.83
  SINCE JAN 1     15.09                     13.47   1.62     9.00

SNOWFALL (IN)
  TODAY            0.0          MM      MM  MM     MM       MM
  MONTH TO DATE    0.0                      MM     MM        0.0
  SINCE DEC 1      0.0                      MM     MM        0.0
  SINCE JUL 1      0.0                      MM     MM        0.0
  SNOW DEPTH       0

..................................................................


WIND (MPH)
  HIGHEST WIND SPEED    17   HIGHEST WIND DIRECTION     S (170)
  HIGHEST GUST SPEED    23   HIGHEST GUST DIRECTION     S (170)
  AVERAGE WIND SPEED     6.8


SKY COVER
  AVERAGE SKY COVER 0.0


WEATHER CONDITIONS
 THE FOLLOWING WEATHER WAS RECORDED TODAY.
  NO SIGNIFICANT WEATHER WAS OBSERVED.


RELATIVE HUMIDITY (PERCENT)
 HIGHEST    72
 LOWEST     48
 AVERAGE    60

..........................................................


THE CRESCENT CITY CA CLIMATE NORMALS FOR TOMORROW
                         NORMAL    RECORD    YEAR
 MAXIMUM TEMPERATURE (F)   53        68      1970
 MINIMUM TEMPERATURE (F)   42        30      2003


SUNRISE AND SUNSET
FEBRUARY  9 2016......SUNRISE   721 AM PST   SUNSET   542 PM PST
FEBRUARY 10 2016......SUNRISE   719 AM PST   SUNSET   543 PM PST


-  INDICATES NEGATIVE NUMBERS.
R  INDICATES RECORD WAS SET OR TIED.
MM INDICATES DATA IS MISSING.
T  INDICATES TRACE AMOUNT.




$$
