000
CDUS46 KEKA 260042
CLICEC


CLIMATE REPORT
NATIONAL WEATHER SERVICE EUREKA CA
542 PM PDT SAT OCT 25 2014


...................................

...THE CRESCENT CITY CA CLIMATE SUMMARY FOR OCTOBER 25 2014...
VALID TODAY AS OF 0500 PM LOCAL TIME.

CLIMATE NORMAL PERIOD 1981 TO 2010
CLIMATE RECORD PERIOD 1894 TO 2014


WEATHER ITEM   OBSERVED TIME   RECORD YEAR NORMAL DEPARTURE LAST
                VALUE   (LST)  VALUE       VALUE  FROM      YEAR
                                                  NORMAL
..................................................................
TEMPERATURE (F)
 TODAY
  MAXIMUM         63    539 AM  81    2003  60      3       52
  MINIMUM         56    155 AM  34    1949  46     10       46
  AVERAGE         60                        53      7       49

PRECIPITATION (IN)
  TODAY            0.53          1.95 1956   0.20   0.33     0.01
  MONTH TO DATE    5.44                      2.90   2.54     0.11
  SINCE JUL 1      9.03                      4.76   4.27     5.16
  SINCE JAN 1     33.62                     41.69  -8.07    25.09

SNOWFALL (IN)
  TODAY            0.0          MM      MM  MM     MM       MM
  MONTH TO DATE    0.0                      MM     MM        0.0
  SINCE SEP 1      0.0                      MM     MM        0.0
  SINCE JUL 1      0.0                      MM     MM        0.0
  SNOW DEPTH       0

..................................................................


WIND (MPH)
  HIGHEST WIND SPEED    43   HIGHEST WIND DIRECTION     S (190)
  HIGHEST GUST SPEED    58   HIGHEST GUST DIRECTION     S (190)
  AVERAGE WIND SPEED    27.8


SKY COVER
  AVERAGE SKY COVER 1.0


WEATHER CONDITIONS
 THE FOLLOWING WEATHER WAS RECORDED TODAY.
  HEAVY RAIN
  RAIN
  LIGHT RAIN
  FOG
  HAZE


RELATIVE HUMIDITY (PERCENT)
 HIGHEST   100
 LOWEST     67
 AVERAGE    84

..........................................................


THE CRESCENT CITY CA CLIMATE NORMALS FOR TOMORROW
                         NORMAL    RECORD    YEAR
 MAXIMUM TEMPERATURE (F)   60        84      2003
 MINIMUM TEMPERATURE (F)   46        36      1996


SUNRISE AND SUNSET
OCTOBER 25 2014.......SUNRISE   741 AM PDT   SUNSET   620 PM PDT
OCTOBER 26 2014.......SUNRISE   742 AM PDT   SUNSET   619 PM PDT


-  INDICATES NEGATIVE NUMBERS.
R  INDICATES RECORD WAS SET OR TIED.
MM INDICATES DATA IS MISSING.
T  INDICATES TRACE AMOUNT.




$$
