000
CDUS46 KEKA 291209
CLICEC


CLIMATE REPORT
NATIONAL WEATHER SERVICE EUREKA CA
509 AM PDT FRI MAY 29 2015


...................................

...THE CRESCENT CITY CA CLIMATE SUMMARY FOR MAY 28 2015...

CLIMATE NORMAL PERIOD 1981 TO 2010
CLIMATE RECORD PERIOD 1894 TO 2015


WEATHER ITEM   OBSERVED TIME   RECORD YEAR NORMAL DEPARTURE LAST
                VALUE   (LST)  VALUE       VALUE  FROM      YEAR
                                                  NORMAL
..................................................................
TEMPERATURE (F)
 YESTERDAY
  MAXIMUM         56   1121 AM  76    1984  59     -3       59
  MINIMUM         50   1158 PM  37    1976  48      2       47
  AVERAGE         53                        54     -1       53

PRECIPITATION (IN)
  YESTERDAY        0.00          0.55 2002   0.07  -0.07     0.27
  MONTH TO DATE    T                         2.69  -2.69     1.76
  SINCE OCT 1     41.20                     60.26 -19.06    26.97
  SINCE JAN 1     20.37                     35.02 -14.65    23.03

SNOWFALL (IN)
  YESTERDAY        0.0          MM      MM  MM     MM       MM
  MONTH TO DATE    0.0                      MM     MM        0.0
  SINCE MAR 1      0.0                      MM     MM        0.0
  SINCE JUL 1      0.0                      MM     MM        0.0
  SNOW DEPTH       0

DEGREE DAYS
 HEATING
  YESTERDAY       12                        11      1       12
  MONTH TO DATE  349                       360    -11      300
  SINCE MAR 1   1225                      1344   -119     1159
  SINCE JUL 1   3446                      4517  -1071     4325

 COOLING
  YESTERDAY        0                         0      0        0
  MONTH TO DATE    0                         0      0        0
  SINCE MAR 1      0                         0      0        0
  SINCE JAN 1      0                         0      0        0
..................................................................


WIND (MPH)
  HIGHEST WIND SPEED    13   HIGHEST WIND DIRECTION    SE (150)
  HIGHEST GUST SPEED    15   HIGHEST GUST DIRECTION    SE (150)
  AVERAGE WIND SPEED     6.6


SKY COVER
  AVERAGE SKY COVER 1.0


WEATHER CONDITIONS
 THE FOLLOWING WEATHER WAS RECORDED YESTERDAY.
  FOG


RELATIVE HUMIDITY (PERCENT)
 HIGHEST   100
 LOWEST     89
 AVERAGE    95

..........................................................


THE CRESCENT CITY CA CLIMATE NORMALS FOR TODAY
                         NORMAL    RECORD    YEAR
 MAXIMUM TEMPERATURE (F)   59        75      1969
 MINIMUM TEMPERATURE (F)   48        39      2001


SUNRISE AND SUNSET
MAY 29 2015...........SUNRISE   546 AM PDT   SUNSET   843 PM PDT
MAY 30 2015...........SUNRISE   546 AM PDT   SUNSET   844 PM PDT


-  INDICATES NEGATIVE NUMBERS.
R  INDICATES RECORD WAS SET OR TIED.
MM INDICATES DATA IS MISSING.
T  INDICATES TRACE AMOUNT.




$$
