384
CDUS46 KEKA 211211
CLICEC


CLIMATE REPORT
NATIONAL WEATHER SERVICE EUREKA CA
510 AM PDT THU SEP 21 2017


...................................

...THE CRESCENT CITY CA CLIMATE SUMMARY FOR SEPTEMBER 20 2017...

CLIMATE NORMAL PERIOD 1981 TO 2010
CLIMATE RECORD PERIOD 1894 TO 2017


WEATHER ITEM   OBSERVED TIME   RECORD YEAR NORMAL DEPARTURE LAST
                VALUE   (LST)  VALUE       VALUE  FROM      YEAR
                                                  NORMAL
..................................................................
TEMPERATURE (F)
 YESTERDAY
  MAXIMUM         63    158 PM  87    1983  62      1       63
  MINIMUM         50   1159 PM  41    1949  49      1       51
  AVERAGE         57                        55      2       57

PRECIPITATION (IN)
  YESTERDAY        0.23          1.02 1977   0.03   0.20     0.00
  MONTH TO DATE    1.25                      0.48   0.77     0.00
  SINCE OCT 1     95.57                     63.58  31.99    67.46
  SINCE JAN 1     50.47                     38.34  12.13    32.78

SNOWFALL (IN)
  YESTERDAY        0.0          MM      MM  MM     MM        0.0
  MONTH TO DATE    0.0                      MM     MM        0.0
  SINCE SEP 1      0.0                      MM     MM        0.0
  SINCE JUL 1      0.0                      MM     MM        0.0
  SNOW DEPTH       0

DEGREE DAYS
 HEATING
  YESTERDAY        8                        10     -2        8
  MONTH TO DATE  116                       181    -65      157
  SINCE SEP 1    116                       181    -65      157
  SINCE JUL 1    614                       701    -87      655

 COOLING
  YESTERDAY        0                         0      0        0
  MONTH TO DATE    6                         0      6        0
  SINCE SEP 1      6                         0      6        0
  SINCE JAN 1      6                         0      6        0
..................................................................


WIND (MPH)
  HIGHEST WIND SPEED    16   HIGHEST WIND DIRECTION     S (180)
  HIGHEST GUST SPEED    22   HIGHEST GUST DIRECTION     S (180)
  AVERAGE WIND SPEED     5.0


SKY COVER
  AVERAGE SKY COVER 0.7


WEATHER CONDITIONS
 THE FOLLOWING WEATHER WAS RECORDED YESTERDAY.
  RAIN
  LIGHT RAIN
  FOG
  HAZE


RELATIVE HUMIDITY (PERCENT)
 HIGHEST   100
 LOWEST     67
 AVERAGE    84

..........................................................


THE CRESCENT CITY CA CLIMATE NORMALS FOR TODAY
                         NORMAL    RECORD    YEAR
 MAXIMUM TEMPERATURE (F)   62        92      1990
 MINIMUM TEMPERATURE (F)   49        41      1948


SUNRISE AND SUNSET
SEPTEMBER 21 2017.....SUNRISE   704 AM PDT   SUNSET   715 PM PDT
SEPTEMBER 22 2017.....SUNRISE   705 AM PDT   SUNSET   713 PM PDT


-  INDICATES NEGATIVE NUMBERS.
R  INDICATES RECORD WAS SET OR TIED.
MM INDICATES DATA IS MISSING.
T  INDICATES TRACE AMOUNT.




$$
