000
CDUS45 KGJT 182331
CLICEZ


CLIMATE REPORT
NATIONAL WEATHER SERVICE GRAND JUNCTION CO
528 PM MDT THU SEP 18 2014


...................................

...THE CORTEZ CO CLIMATE SUMMARY FOR SEPTEMBER 18 2014...
VALID TODAY AS OF 0500 PM LOCAL TIME.

CLIMATE NORMAL PERIOD 1981 TO 2010
CLIMATE RECORD PERIOD 9999 TO 9999


WEATHER ITEM   OBSERVED TIME   RECORD YEAR NORMAL DEPARTURE LAST
                VALUE   (LST)  VALUE       VALUE  FROM      YEAR
                                                  NORMAL
..................................................................
TEMPERATURE (F)
 TODAY
  MAXIMUM         84    324 PM  MM      MM  77      7       80
  MINIMUM         44    616 AM  MM      MM  42      2       52
  AVERAGE         64                        59      5       66

PRECIPITATION (IN)
  TODAY            0.00         MM      MM   0.08  -0.08     0.37
  MONTH TO DATE    1.09                      1.04   0.05     2.62
  SINCE SEP 1      1.09                      1.04   0.05     2.62
  SINCE JAN 1      6.19                      9.48  -3.29    10.74

SNOWFALL (IN)
  TODAY           MM            MM      MM  MM     MM       MM
  MONTH TO DATE   MM                        MM     MM       MM
  SINCE SEP 1     MM                        MM     MM       MM
  SINCE JUL 1     MM                        MM     MM       MM
  SNOW DEPTH      MM

DEGREE DAYS
 HEATING
  TODAY            1                         6     -5        0
  MONTH TO DATE   32                        62    -30        6
  SINCE SEP 1     32                        62    -30        6
  SINCE JUL 1     42                        74    -32        6

 COOLING
  TODAY            0                         0      0        1
  MONTH TO DATE   14                        16     -2       61
  SINCE SEP 1     14                        16     -2       61
  SINCE JAN 1    526                       425    101      666
..................................................................


WIND (MPH)
  HIGHEST WIND SPEED    14   HIGHEST WIND DIRECTION    SW (210)
  HIGHEST GUST SPEED    17   HIGHEST GUST DIRECTION     S (200)
  AVERAGE WIND SPEED     4.5


SKY COVER
  POSSIBLE SUNSHINE  MM
  AVERAGE SKY COVER 0.0


WEATHER CONDITIONS
 THE FOLLOWING WEATHER WAS RECORDED TODAY.
  NO SIGNIFICANT WEATHER WAS OBSERVED.


RELATIVE HUMIDITY (PERCENT)
 HIGHEST   100           200 AM
 LOWEST     22           400 PM
 AVERAGE    61

..........................................................


THE CORTEZ CO CLIMATE NORMALS FOR TOMORROW
                         NORMAL    RECORD    YEAR
 MAXIMUM TEMPERATURE (F)   77        MM        MM
 MINIMUM TEMPERATURE (F)   41        MM        MM


SUNRISE AND SUNSET
SEPTEMBER 18 2014.....SUNRISE   659 AM MDT   SUNSET   717 PM MDT
SEPTEMBER 19 2014.....SUNRISE   700 AM MDT   SUNSET   716 PM MDT


-  INDICATES NEGATIVE NUMBERS.
R  INDICATES RECORD WAS SET OR TIED.
MM INDICATES DATA IS MISSING.
T  INDICATES TRACE AMOUNT.




$$
