000
CDUS45 KGJT 222324
CLICEZ


CLIMATE REPORT
NATIONAL WEATHER SERVICE GRAND JUNCTION CO
523 PM MDT TUE AUG 22 2017


...................................

...THE CORTEZ CO CLIMATE SUMMARY FOR AUGUST 22 2017...
VALID TODAY AS OF 0500 PM LOCAL TIME.

CLIMATE NORMAL PERIOD 1981 TO 2010
CLIMATE RECORD PERIOD 9999 TO 9999


WEATHER ITEM   OBSERVED TIME   RECORD YEAR NORMAL DEPARTURE LAST
                VALUE   (LST)  VALUE       VALUE  FROM      YEAR
                                                  NORMAL
..................................................................
TEMPERATURE (F)
 TODAY
  MAXIMUM         86    339 PM  MM      MM  85      1       75
  MINIMUM         54    542 AM  MM      MM  52      2       57
  AVERAGE         70                        68      2       66

PRECIPITATION (IN)
  TODAY            0.01         MM      MM   0.04  -0.03      T
  MONTH TO DATE    0.40                      1.07  -0.67     1.35
  SINCE JUN 1      1.97                      2.84  -0.87     3.01
  SINCE JAN 1      8.04                      7.98   0.06     6.32

SNOWFALL (IN)
  TODAY           MM            MM      MM  MM     MM       MM
  MONTH TO DATE   MM                        MM     MM       MM
  SINCE JUN 1     MM                        MM     MM       MM
  SINCE JUL 1     MM                        MM     MM       MM
  SNOW DEPTH      MM

DEGREE DAYS
 HEATING
  TODAY            0                         0      0        0
  MONTH TO DATE    2                         0      2        0
  SINCE JUN 1     23                        78    -55       14
  SINCE JUL 1      2                         3     -1        2

 COOLING
  TODAY            5                         4      1        1
  MONTH TO DATE   82                       122    -40      110
  SINCE JUN 1    467                       381     86      513
  SINCE JAN 1    471                       386     85      513
..................................................................


WIND (MPH)
  HIGHEST WIND SPEED    12   HIGHEST WIND DIRECTION     W (290)
  HIGHEST GUST SPEED    18   HIGHEST GUST DIRECTION    SW (210)
  AVERAGE WIND SPEED     4.8


SKY COVER
  POSSIBLE SUNSHINE  MM
  AVERAGE SKY COVER 0.4


WEATHER CONDITIONS
 THE FOLLOWING WEATHER WAS RECORDED TODAY.
  LIGHT RAIN


RELATIVE HUMIDITY (PERCENT)
 HIGHEST    93           300 AM
 LOWEST     26           400 PM
 AVERAGE    60

..........................................................


THE CORTEZ CO CLIMATE NORMALS FOR TOMORROW
                         NORMAL    RECORD    YEAR
 MAXIMUM TEMPERATURE (F)   85        MM        MM
 MINIMUM TEMPERATURE (F)   52        MM        MM


SUNRISE AND SUNSET
AUGUST 22 2017........SUNRISE   637 AM MDT   SUNSET   757 PM MDT
AUGUST 23 2017........SUNRISE   638 AM MDT   SUNSET   756 PM MDT


-  INDICATES NEGATIVE NUMBERS.
R  INDICATES RECORD WAS SET OR TIED.
MM INDICATES DATA IS MISSING.
T  INDICATES TRACE AMOUNT.




$$
