042
CDUS43 KPAH 140632
CLICGI


CLIMATE REPORT
NATIONAL WEATHER SERVICE PADUCAH KY
1228 AM CST SUN FEB 14 2016


...................................

...THE CAPE GIRARDEAU MO CLIMATE SUMMARY FOR FEBRUARY 13 2016...

CLIMATE NORMAL PERIOD 1981 TO 2010
CLIMATE RECORD PERIOD 1960 TO 2016


WEATHER ITEM   OBSERVED TIME   RECORD YEAR NORMAL DEPARTURE LAST
                VALUE   (LST)  VALUE       VALUE  FROM      YEAR
                                                  NORMAL
..................................................................
TEMPERATURE (F)
 YESTERDAY
  MAXIMUM         28    310 PM  79    1962  47    -19       35
  MINIMUM         16    659 AM   5    1980  28    -12       19
  AVERAGE         22                        37    -15

PRECIPITATION (IN)
  YESTERDAY        0.00          3.16 1989   0.13  -0.13     0.00
  MONTH TO DATE    0.05                      1.62  -1.57     0.73
  SINCE DEC 1      4.10                      9.34  -5.24     8.31
  SINCE JAN 1      1.71                      5.09  -3.38     5.50

DEGREE DAYS
 HEATING
  YESTERDAY       43                        28     15       38
  MONTH TO DATE  379                       380     -1      384
  SINCE DEC 1   1894                      2267   -373     2097
  SINCE JUL 1   2544                      3118   -574     3093

 COOLING
  YESTERDAY        0                         0      0        0
  MONTH TO DATE    0                         0      0        0
  SINCE DEC 1      2                         0      2        0
  SINCE JAN 1      0                         0      0        0
..................................................................


WIND (MPH)
  HIGHEST WIND SPEED    20   HIGHEST WIND DIRECTION     N (10)
  HIGHEST GUST SPEED    24   HIGHEST GUST DIRECTION     N (10)
  AVERAGE WIND SPEED    10.1


SKY COVER
  AVERAGE SKY COVER 0.6


WEATHER CONDITIONS
 THE FOLLOWING WEATHER WAS RECORDED YESTERDAY.
  NO SIGNIFICANT WEATHER WAS OBSERVED.


RELATIVE HUMIDITY (PERCENT)
 HIGHEST    67
 LOWEST     33
 AVERAGE    50

..........................................................


THE CAPE GIRARDEAU MO CLIMATE NORMALS FOR TODAY
                         NORMAL    RECORD    YEAR
 MAXIMUM TEMPERATURE (F)   47        67      2005
 MINIMUM TEMPERATURE (F)   28        11      1971


SUNRISE AND SUNSET
FEBRUARY 14 2016......SUNRISE   649 AM CST   SUNSET   537 PM CST
FEBRUARY 15 2016......SUNRISE   648 AM CST   SUNSET   538 PM CST


-  INDICATES NEGATIVE NUMBERS.
R  INDICATES RECORD WAS SET OR TIED.
MM INDICATES DATA IS MISSING.
T  INDICATES TRACE AMOUNT.




$$
