000
CDUS43 KPAH 050629
CLICGI


CLIMATE REPORT
NATIONAL WEATHER SERVICE PADUCAH KY
128 AM CDT THU MAY 5 2016

...................................

...THE CAPE GIRARDEAU MO CLIMATE SUMMARY FOR MAY 4 2016...

CLIMATE NORMAL PERIOD 1981 TO 2010
CLIMATE RECORD PERIOD 1960 TO 2016

WEATHER ITEM   OBSERVED TIME   RECORD YEAR NORMAL DEPARTURE LAST
                VALUE   (LST)  VALUE       VALUE  FROM      YEAR
                                                  NORMAL
..................................................................
TEMPERATURE (F)
 YESTERDAY
  MAXIMUM         72    233 PM  89    2012  74     -2       87
  MINIMUM         44   1144 PM  34    1976  52     -8       59
  AVERAGE         58                        63     -5

PRECIPITATION (IN)
  YESTERDAY        0.00          2.39 2003   0.19  -0.19     0.00
  MONTH TO DATE    0.00                      0.77  -0.77     0.00
  SINCE MAR 1     10.16                      9.53   0.63    12.96
  SINCE JAN 1     14.94                     16.41  -1.47    19.48

DEGREE DAYS
 HEATING
  YESTERDAY        7                         4      3        0
  MONTH TO DATE   22                        16      6       17
  SINCE MAR 1    601                       837   -236      794
  SINCE JUL 1   3493                      4334   -841     4572

 COOLING
  YESTERDAY        0                         2     -2        8
  MONTH TO DATE    5                         8     -3       10
  SINCE MAR 1     23                        39    -16       38
  SINCE JAN 1     23                        39    -16       38
..................................................................

WIND (MPH)
  HIGHEST WIND SPEED    26   HIGHEST WIND DIRECTION     N (340)
  HIGHEST GUST SPEED    33   HIGHEST GUST DIRECTION     N (10)
  AVERAGE WIND SPEED    11.1

SKY COVER
  AVERAGE SKY COVER 0.3

WEATHER CONDITIONS
 THE FOLLOWING WEATHER WAS RECORDED YESTERDAY.
  NO SIGNIFICANT WEATHER WAS OBSERVED.

RELATIVE HUMIDITY (PERCENT)
 HIGHEST   100
 LOWEST     29
 AVERAGE    65
..........................................................

THE CAPE GIRARDEAU MO CLIMATE NORMALS FOR TODAY
                         NORMAL    RECORD    YEAR
 MAXIMUM TEMPERATURE (F)   75        91      2012
 MINIMUM TEMPERATURE (F)   52        39      2005

SUNRISE AND SUNSET
MAY  5 2016...........SUNRISE   559 AM CDT   SUNSET   752 PM CDT
MAY  6 2016...........SUNRISE   558 AM CDT   SUNSET   753 PM CDT

-  INDICATES NEGATIVE NUMBERS.
R  INDICATES RECORD WAS SET OR TIED.
MM INDICATES DATA IS MISSING.
T  INDICATES TRACE AMOUNT.

$$
