000
CDUS44 KMRX 190914
CLICHA


CLIMATE REPORT
NATIONAL WEATHER SERVICE MORRISTOWN TN
414 AM EST SUN FEB 19 2017


...................................

...THE CHATTANOOGA  ASOS CLIMATE SUMMARY FOR FEBRUARY 18 2017...

CLIMATE NORMAL PERIOD 1981 TO 2010
CLIMATE RECORD PERIOD 1879 TO 2017


WEATHER ITEM   OBSERVED TIME   RECORD YEAR NORMAL DEPARTURE LAST
                VALUE   (LST)  VALUE       VALUE  FROM      YEAR
                                                  NORMAL
..................................................................
TEMPERATURE (F)
 YESTERDAY
  MAXIMUM         53    920 PM  75    1911  56     -3       60
                                      1890
  MINIMUM         46    627 AM   1    1958  35     11       28
  AVERAGE         50                        45      5       44

PRECIPITATION (IN)
  YESTERDAY        0.50          2.34 1940   0.17   0.33     0.00
  MONTH TO DATE    1.84                      3.08  -1.24     4.35
  SINCE DEC 1     11.88                     12.89  -1.01    18.43
  SINCE JAN 1      6.83                      7.99  -1.16     8.02

SNOWFALL (IN)
  YESTERDAY        0.0                       0.0    0.0      0.0
  MONTH TO DATE    0.0                       0.4   -0.4      0.3
  SINCE DEC 1      0.3                       2.4   -2.1      0.5
  SINCE JUL 1      0.3                       2.4   -2.1      0.5
  SNOW DEPTH       0

DEGREE DAYS
 HEATING
  YESTERDAY       15                        20     -5       21
  MONTH TO DATE  299                       392    -93      409
  SINCE DEC 1   1403                      1848   -445     1558
  SINCE JUL 1   1723                      2437   -714     1938
..................................................................


WIND (MPH)
  HIGHEST WIND SPEED     9   HIGHEST WIND DIRECTION     S (200)
  HIGHEST GUST SPEED    11   HIGHEST GUST DIRECTION     S (200)
  AVERAGE WIND SPEED     2.4


SKY COVER
  POSSIBLE SUNSHINE  MM
  AVERAGE SKY COVER 0.7


WEATHER CONDITIONS
 THE FOLLOWING WEATHER WAS RECORDED YESTERDAY.
  HEAVY RAIN
  RAIN
  LIGHT RAIN
  FOG


RELATIVE HUMIDITY (PERCENT)
 HIGHEST    93          1000 AM
 LOWEST     66          1200 AM
 AVERAGE    80

..........................................................


THE CHATTANOOGA  ASOS CLIMATE NORMALS FOR TODAY
                         NORMAL    RECORD    YEAR
 MAXIMUM TEMPERATURE (F)   56        77      1939
 MINIMUM TEMPERATURE (F)   35         3      1958


SUNRISE AND SUNSET
FEBRUARY 19 2017......SUNRISE   722 AM EST   SUNSET   628 PM EST
FEBRUARY 20 2017......SUNRISE   721 AM EST   SUNSET   628 PM EST


-  INDICATES NEGATIVE NUMBERS.
R  INDICATES RECORD WAS SET OR TIED.
MM INDICATES DATA IS MISSING.
T  INDICATES TRACE AMOUNT.




$$
