000
CDUS44 KMRX 192229
CLICHA


CLIMATE REPORT
NATIONAL WEATHER SERVICE MORRISTOWN TN
529 PM EST SUN NOV 19 2017


...................................

...THE CHATTANOOGA  ASOS CLIMATE SUMMARY FOR NOVEMBER 19 2017...
VALID TODAY AS OF 0500 PM LOCAL TIME.

CLIMATE NORMAL PERIOD 1981 TO 2010
CLIMATE RECORD PERIOD 1879 TO 2017


WEATHER ITEM   OBSERVED TIME   RECORD YEAR NORMAL DEPARTURE LAST
                VALUE   (LST)  VALUE       VALUE  FROM      YEAR
                                                  NORMAL
..................................................................
TEMPERATURE (F)
 TODAY
  MAXIMUM         51    359 PM  77    1985  61    -10       64
  MINIMUM         42    821 AM  17    1914  39      3       38
  AVERAGE         47                        50     -3       51

PRECIPITATION (IN)
  TODAY            0.00          3.21 1948   0.18  -0.18     0.01
  MONTH TO DATE    1.60                      2.93  -1.33     0.01
  SINCE SEP 1     11.34                     10.25   1.09     1.72
  SINCE JAN 1     55.09                     45.51   9.58    25.06

SNOWFALL (IN)
  TODAY            0.0                       0.0    0.0      0.0
  MONTH TO DATE    0.0                       0.0    0.0      0.0
  SINCE SEP 1      0.0                       0.0    0.0      0.0
  SINCE JUL 1      0.0                       0.0    0.0      0.0
  SNOW DEPTH       0

DEGREE DAYS
 HEATING
  TODAY           18                        15      3       14
  MONTH TO DATE  171                       228    -57      140
  SINCE SEP 1    323                       400    -77      168
  SINCE JUL 1    323                       400    -77      168

 COOLING
  TODAY            0                         0      0        0
  MONTH TO DATE   18                         0     18       17
  SINCE SEP 1    361                       287     74      568
  SINCE JAN 1   1965                      1737    228     2477
..................................................................


WIND (MPH)
  HIGHEST WIND SPEED    25   HIGHEST WIND DIRECTION    NW (330)
  HIGHEST GUST SPEED    31   HIGHEST GUST DIRECTION    NW (330)
  AVERAGE WIND SPEED    10.5


SKY COVER
  POSSIBLE SUNSHINE  MM
  AVERAGE SKY COVER 0.7


WEATHER CONDITIONS
 THE FOLLOWING WEATHER WAS RECORDED TODAY.
  NO SIGNIFICANT WEATHER WAS OBSERVED.


RELATIVE HUMIDITY (PERCENT)
 HIGHEST    71           100 AM
 LOWEST     38           400 PM
 AVERAGE    55

..........................................................


THE CHATTANOOGA  ASOS CLIMATE NORMALS FOR TOMORROW
                         NORMAL    RECORD    YEAR
 MAXIMUM TEMPERATURE (F)   61        78      1942
 MINIMUM TEMPERATURE (F)   39        12      1914


SUNRISE AND SUNSET
NOVEMBER 19 2017......SUNRISE   719 AM EST   SUNSET   533 PM EST
NOVEMBER 20 2017......SUNRISE   720 AM EST   SUNSET   532 PM EST


-  INDICATES NEGATIVE NUMBERS.
R  INDICATES RECORD WAS SET OR TIED.
MM INDICATES DATA IS MISSING.
T  INDICATES TRACE AMOUNT.




$$
