000
CDUS44 KMRX 272117
CLICHA

CLIMATE REPORT
NATIONAL WEATHER SERVICE MORRISTOWN TN
414 PM EST FRI FEB 27 2015


...................................

...THE CHATTANOOGA CLIMATE SUMMARY FOR FEBRUARY 27 2015...
VALID TODAY AS OF 0400 PM LOCAL TIME.

CLIMATE NORMAL PERIOD 1981 TO 2010
CLIMATE RECORD PERIOD 1879 TO 2015


WEATHER ITEM   OBSERVED TIME   RECORD YEAR NORMAL DEPARTURE LAST
                VALUE   (LST)  VALUE       VALUE  FROM      YEAR
                                                  NORMAL
..................................................................
TEMPERATURE (F)
 TODAY
  MAXIMUM         40    359 PM  78    1962  58    -18       50
  MINIMUM         29    857 AM  10    1963  37     -8       21
  AVERAGE         35                        48    -13       36

PRECIPITATION (IN)
  TODAY            0.00          2.14 1989   0.18  -0.18     0.00
  MONTH TO DATE    3.50                      4.67  -1.17     5.19
  SINCE DEC 1     11.39                     14.48  -3.09    15.57
  SINCE JAN 1      6.99                      9.58  -2.59     7.59

SNOWFALL (IN)
  TODAY            0.0                       0.1   -0.1      0.0
  MONTH TO DATE    8.8                       0.6    8.2      7.2
  SINCE DEC 1      9.5                       2.6    6.9      8.4
  SINCE JUL 1      9.5                       2.6    6.9      8.4
  SNOW DEPTH       1

DEGREE DAYS
 HEATING
  TODAY           30                        18     12       29
  MONTH TO DATE  774                       560    214      558
  SINCE DEC 1   2134                      2016    118     2138
  SINCE JUL 1   2810                      2605    205     2769

 COOLING
  TODAY            0                         0      0        0
  MONTH TO DATE    0                         0      0        0
  SINCE DEC 1      0                         1     -1        4
  SINCE JAN 1      0                         0      0        0
..................................................................


WIND (MPH)
  HIGHEST WIND SPEED    17   HIGHEST WIND DIRECTION     N (360)
  HIGHEST GUST SPEED    20   HIGHEST GUST DIRECTION     N (340)
  AVERAGE WIND SPEED     9.3


SKY COVER
  POSSIBLE SUNSHINE  MM
  AVERAGE SKY COVER 0.4


WEATHER CONDITIONS
 THE FOLLOWING WEATHER WAS RECORDED TODAY.
  NO SIGNIFICANT WEATHER WAS OBSERVED.


RELATIVE HUMIDITY (PERCENT)
 HIGHEST    69          1200 AM
 LOWEST     40           300 PM
 AVERAGE    55

..........................................................


THE CHATTANOOGA CLIMATE NORMALS FOR TOMORROW
                         NORMAL    RECORD    YEAR
 MAXIMUM TEMPERATURE (F)   59        78      1948
 MINIMUM TEMPERATURE (F)   37        10      1888


SUNRISE AND SUNSET
FEBRUARY 27 2015......SUNRISE   713 AM EST   SUNSET   634 PM EST
FEBRUARY 28 2015......SUNRISE   712 AM EST   SUNSET   635 PM EST


-  INDICATES NEGATIVE NUMBERS.
R  INDICATES RECORD WAS SET OR TIED.
MM INDICATES DATA IS MISSING.
T  INDICATES TRACE AMOUNT.




$$
