000
CDUS44 KMRX 010824
CLICHA


CLIMATE REPORT
NATIONAL WEATHER SERVICE MORRISTOWN TN
424 AM EDT SAT AUG 1 2015


...................................

...THE CHATTANOOGA  ASOS CLIMATE SUMMARY FOR JULY 31 2015...

CLIMATE NORMAL PERIOD 1981 TO 2010
CLIMATE RECORD PERIOD 1879 TO 2015


WEATHER ITEM   OBSERVED TIME   RECORD YEAR NORMAL DEPARTURE LAST
                VALUE   (LST)  VALUE       VALUE  FROM      YEAR
                                                  NORMAL
..................................................................
TEMPERATURE (F)
 YESTERDAY
  MAXIMUM         89    356 PM  99    1999  90     -1       80
  MINIMUM         71   1159 PM  56    1969  70      1       65
  AVERAGE         80                        80      0       73

PRECIPITATION (IN)
  YESTERDAY        0.00          2.34 2004   0.14  -0.14      T
  MONTH TO DATE    6.28                      4.91   1.37     2.57
  SINCE JUN 1     10.39                      8.96   1.43     7.56
  SINCE JAN 1     33.59                     31.78   1.81    24.85

DEGREE DAYS
 COOLING
  YESTERDAY       15                        15      0        8
  MONTH TO DATE  515                       463     52      395
  SINCE JUN 1    956                       808    148      796
  SINCE JAN 1   1232                      1004    228     1054
..................................................................


WIND (MPH)
  HIGHEST WIND SPEED    21   HIGHEST WIND DIRECTION     N (360)
  HIGHEST GUST SPEED    32   HIGHEST GUST DIRECTION     N (10)
  AVERAGE WIND SPEED    10.2


SKY COVER
  POSSIBLE SUNSHINE  MM
  AVERAGE SKY COVER 0.3


WEATHER CONDITIONS
 THE FOLLOWING WEATHER WAS RECORDED YESTERDAY.
  NO SIGNIFICANT WEATHER WAS OBSERVED.


RELATIVE HUMIDITY (PERCENT)
 HIGHEST    64           100 AM
 LOWEST     36           200 PM
 AVERAGE    50

..........................................................


THE CHATTANOOGA  ASOS CLIMATE NORMALS FOR TODAY
                         NORMAL    RECORD    YEAR
 MAXIMUM TEMPERATURE (F)   90        99      2010
                                             2006
 MINIMUM TEMPERATURE (F)   70        60      1974
                                             1895


SUNRISE AND SUNSET
AUGUST  1 2015........SUNRISE   650 AM EDT   SUNSET   844 PM EDT
AUGUST  2 2015........SUNRISE   651 AM EDT   SUNSET   843 PM EDT


-  INDICATES NEGATIVE NUMBERS.
R  INDICATES RECORD WAS SET OR TIED.
MM INDICATES DATA IS MISSING.
T  INDICATES TRACE AMOUNT.




$$
