000
CDUS44 KMRX 092229
CLICHA


CLIMATE REPORT
NATIONAL WEATHER SERVICE MORRISTOWN TN
529 PM EST TUE FEB 9 2016


...................................

...THE CHATTANOOGA  ASOS CLIMATE SUMMARY FOR FEBRUARY 9 2016...
VALID TODAY AS OF 0500 PM LOCAL TIME.

CLIMATE NORMAL PERIOD 1981 TO 2010
CLIMATE RECORD PERIOD 1879 TO 2016


WEATHER ITEM   OBSERVED TIME   RECORD YEAR NORMAL DEPARTURE LAST
                VALUE   (LST)  VALUE       VALUE  FROM      YEAR
                                                  NORMAL
..................................................................
TEMPERATURE (F)
 TODAY
  MAXIMUM         34   1225 AM  76    2001  53    -19       65
  MINIMUM         28    252 PM   4    1933  33     -5       40
  AVERAGE         31                        43    -12       53

PRECIPITATION (IN)
  TODAY            0.02          2.71 1891   0.17  -0.15     0.04
  MONTH TO DATE    2.77                      1.54   1.23     0.55
  SINCE DEC 1     16.85                     11.35   5.50     8.44
  SINCE JAN 1      6.44                      6.45  -0.01     4.04

SNOWFALL (IN)
  TODAY            0.3                       0.0    0.3      0.0
  MONTH TO DATE    0.3                       0.2    0.1       T
  SINCE DEC 1      0.5                       2.2   -1.7      0.7
  SINCE JUL 1      0.5                       2.2   -1.7      0.7
  SNOW DEPTH       T

DEGREE DAYS
 HEATING
  TODAY           34                        22     12       12
  MONTH TO DATE  164                       204    -40      199
  SINCE DEC 1   1313                      1660   -347     1559
  SINCE JUL 1   1693                      2249   -556     2235

 COOLING
  TODAY            0                         0      0        0
  MONTH TO DATE    0                         0      0        0
  SINCE DEC 1     13                         1     12        0
  SINCE JAN 1      0                         0      0        0
..................................................................


WIND (MPH)
  HIGHEST WIND SPEED    21   HIGHEST WIND DIRECTION    NW (300)
  HIGHEST GUST SPEED    28   HIGHEST GUST DIRECTION    NW (300)
  AVERAGE WIND SPEED     7.0


SKY COVER
  POSSIBLE SUNSHINE  MM
  AVERAGE SKY COVER 0.9


WEATHER CONDITIONS
 THE FOLLOWING WEATHER WAS RECORDED TODAY.
  SNOW
  LIGHT SNOW
  FOG
  HAZE


RELATIVE HUMIDITY (PERCENT)
 HIGHEST    85          1100 AM
 LOWEST     54           500 AM
 AVERAGE    70

..........................................................


THE CHATTANOOGA  ASOS CLIMATE NORMALS FOR TOMORROW
                         NORMAL    RECORD    YEAR
 MAXIMUM TEMPERATURE (F)   54        77      1932
 MINIMUM TEMPERATURE (F)   33         1      1899


SUNRISE AND SUNSET
FEBRUARY  9 2016......SUNRISE   733 AM EST   SUNSET   617 PM EST
FEBRUARY 10 2016......SUNRISE   732 AM EST   SUNSET   618 PM EST


-  INDICATES NEGATIVE NUMBERS.
R  INDICATES RECORD WAS SET OR TIED.
MM INDICATES DATA IS MISSING.
T  INDICATES TRACE AMOUNT.




$$
