000
CDUS44 KMRX 011216
CLICHA

CLIMATE REPORT
NATIONAL WEATHER SERVICE MORRISTOWN TN
816 AM EDT FRI AUG 1 2014


...................................

...THE CHATTANOOGA CLIMATE SUMMARY FOR JULY 31 2014...

CLIMATE NORMAL PERIOD 1981 TO 2010
CLIMATE RECORD PERIOD 1879 TO 2014


WEATHER ITEM   OBSERVED TIME   RECORD YEAR NORMAL DEPARTURE LAST
                VALUE   (LST)  VALUE       VALUE  FROM      YEAR
                                                  NORMAL
..................................................................
TEMPERATURE (F)
 YESTERDAY
  MAXIMUM         80    533 PM  99    1999  90    -10       79
  MINIMUM         65    338 AM  56    1969  70     -5       69
  AVERAGE         73                        80     -7       74

PRECIPITATION (IN)
  YESTERDAY        T             2.34 2004   0.14  -0.14     0.70
  MONTH TO DATE    2.57                      4.91  -2.34     8.49
  SINCE JUN 1      7.56                      8.96  -1.40    12.96
  SINCE JAN 1     24.85                     31.78  -6.93    47.63

SNOWFALL (IN)
  YESTERDAY        0.0                       0.0    0.0      0.0
  MONTH TO DATE    0.0                       0.0    0.0      0.0
  SINCE JUN 1      0.0                       0.0    0.0      0.0
  SINCE JUL 1      0.0                       0.0    0.0      0.0
  SNOW DEPTH       0

DEGREE DAYS
 HEATING
  YESTERDAY        0                         0      0        0
  MONTH TO DATE    0                         0      0        0
  SINCE JUN 1      0                         2     -2        0
  SINCE JUL 1      0                         0      0        0

 COOLING
  YESTERDAY        8                        15     -7        9
  MONTH TO DATE  395                       463    -68      405
  SINCE JUN 1    796                       808    -12      804
  SINCE JAN 1   1054                      1004     50      980
..................................................................


WIND (MPH)
  HIGHEST WIND SPEED    12   HIGHEST WIND DIRECTION     N (10)
  HIGHEST GUST SPEED    13   HIGHEST GUST DIRECTION     N (10)
  AVERAGE WIND SPEED     2.8


SKY COVER
  POSSIBLE SUNSHINE  MM
  AVERAGE SKY COVER  MM


WEATHER CONDITIONS
 THE FOLLOWING WEATHER WAS RECORDED YESTERDAY.
  NO SIGNIFICANT WEATHER WAS OBSERVED.


RELATIVE HUMIDITY (PERCENT)
 HIGHEST    84           200 AM
 LOWEST     54           200 PM
 AVERAGE    69

..........................................................


THE CHATTANOOGA CLIMATE NORMALS FOR TODAY
                         NORMAL    RECORD    YEAR
 MAXIMUM TEMPERATURE (F)   90        99      2010
                                             2006
 MINIMUM TEMPERATURE (F)   70        60      1974
                                             1895


SUNRISE AND SUNSET
AUGUST  1 2014........SUNRISE   650 AM EDT   SUNSET   844 PM EDT
AUGUST  2 2014........SUNRISE   651 AM EDT   SUNSET   843 PM EDT


-  INDICATES NEGATIVE NUMBERS.
R  INDICATES RECORD WAS SET OR TIED.
MM INDICATES DATA IS MISSING.
T  INDICATES TRACE AMOUNT.

THE LOW TEMPERATURE SINCE MIDNIGHT HAS BEEN 66.
THERE HAS BEEN NO PRECIPITATION SINCE MIDNIGHT.

$$
