000
CDUS41 KLWX 192124
CLICHO


CLIMATE REPORT
NATIONAL WEATHER SERVICE BALTIMORE MD/WASHINGTON DC
423 PM EST MON FEB 19 2018


...................................

...THE CHARLOTTESVILLE VA CLIMATE SUMMARY FOR FEBRUARY 19 2018...
VALID TODAY AS OF 0400 PM LOCAL TIME.

CLIMATE NORMAL PERIOD 1981 TO 2010
CLIMATE RECORD PERIOD 1998 TO 2018


WEATHER ITEM   OBSERVED TIME   RECORD YEAR NORMAL DEPARTURE LAST
                VALUE   (LST)  VALUE       VALUE  FROM      YEAR
                                                  NORMAL
..................................................................
TEMPERATURE (F)
 TODAY
  MAXIMUM         55    359 PM  MM      MM  50      5       74
  MINIMUM         41    843 AM  MM      MM  28     13       52
  AVERAGE         48                        39      9       63

PRECIPITATION (IN)
  TODAY            0.06                      0.11  -0.05     0.00
  MONTH TO DATE    4.12                      1.75   2.37     0.21
  SINCE DEC 1      5.98                      7.67  -1.69     4.53
  SINCE JAN 1      5.63                      4.52   1.11     2.81

DEGREE DAYS
 HEATING
  TODAY           17                                         2
  MONTH TO DATE  425                                       323
  SINCE DEC 1   2124                                      1763
  SINCE JUL 1   2786                                      2288

 COOLING
  TODAY            0                                         0
  MONTH TO DATE    0                                         1
  SINCE DEC 1      0                                         1
  SINCE JAN 1      0                                         1
..................................................................


WIND (MPH)
  HIGHEST WIND SPEED    14   HIGHEST WIND DIRECTION     S (200)
  HIGHEST GUST SPEED    17   HIGHEST GUST DIRECTION     S (200)
  AVERAGE WIND SPEED     7.2


SKY COVER
  POSSIBLE SUNSHINE  MM
  AVERAGE SKY COVER 0.9


WEATHER CONDITIONS
 THE FOLLOWING WEATHER WAS RECORDED TODAY.
  LIGHT RAIN
  FOG


RELATIVE HUMIDITY (PERCENT)
 HIGHEST    89           900 AM
 LOWEST     76          1200 AM
 AVERAGE    83

..........................................................


THE CHARLOTTESVILLE VA CLIMATE NORMALS FOR TOMORROW
                         NORMAL    RECORD    YEAR
 MAXIMUM TEMPERATURE (F)   50        MM        MM
 MINIMUM TEMPERATURE (F)   28        MM        MM


SUNRISE AND SUNSET
FEBRUARY 19 2018......SUNRISE   659 AM EST   SUNSET   557 PM EST
FEBRUARY 20 2018......SUNRISE   658 AM EST   SUNSET   558 PM EST


-  INDICATES NEGATIVE NUMBERS.
R  INDICATES RECORD WAS SET OR TIED.
MM INDICATES DATA IS MISSING.
T  INDICATES TRACE AMOUNT.




$$
