000
CDUS41 KLWX 050535
CLICHO


CLIMATE REPORT
NATIONAL WEATHER SERVICE BALTIMORE MD/WASHINGTON DC
1233 AM EST THU MAR 5 2015


...................................

...THE CHARLOTTESVILLE VA CLIMATE SUMMARY FOR MARCH 4 2015...

CLIMATE NORMAL PERIOD 1981 TO 2010
CLIMATE RECORD PERIOD 1889 TO 2015


WEATHER ITEM   OBSERVED TIME   RECORD YEAR NORMAL DEPARTURE LAST
                VALUE   (LST)  VALUE       VALUE  FROM      YEAR
                                                  NORMAL
..................................................................
TEMPERATURE (F)
 YESTERDAY
  MAXIMUM         51   1244 PM  MM      MM  53     -2       31
  MINIMUM         36    104 AM  MM      MM  31      5        1
  AVERAGE         44                        42      2       16

PRECIPITATION (IN)
  YESTERDAY        0.31                      0.10   0.21     0.00
  MONTH TO DATE    0.34                      0.39  -0.05     0.76
  SINCE MAR 1      0.34                      0.39  -0.05     0.76
  SINCE JAN 1      3.00                      5.86  -2.86     5.85

DEGREE DAYS
 HEATING
  YESTERDAY       21                        23     -2       49
  MONTH TO DATE  118                        93     25      138
  SINCE MAR 1    118                        93     25      138
  SINCE JUL 1   3633                      3505    128     3647

 COOLING
  YESTERDAY        0                         0      0        0
  MONTH TO DATE    0                         0      0        0
  SINCE MAR 1      0                         0      0        0
  SINCE JAN 1      0                         0      0        0
..................................................................


WIND (MPH)
  HIGHEST WIND SPEED    16   HIGHEST WIND DIRECTION     S (200)
  HIGHEST GUST SPEED    19   HIGHEST GUST DIRECTION     S (200)
  AVERAGE WIND SPEED     4.1


SKY COVER
  POSSIBLE SUNSHINE  MM
  AVERAGE SKY COVER 1.0


WEATHER CONDITIONS
 THE FOLLOWING WEATHER WAS RECORDED YESTERDAY.
  RAIN
  LIGHT RAIN
  FOG
  FOG W/VISIBILITY <= 1/4 MILE


RELATIVE HUMIDITY (PERCENT)
 HIGHEST    93           300 PM
 LOWEST     82          1200 AM
 AVERAGE    88

..........................................................


THE CHARLOTTESVILLE VA CLIMATE NORMALS FOR TODAY
                         NORMAL    RECORD    YEAR
 MAXIMUM TEMPERATURE (F)   54        MM        MM
 MINIMUM TEMPERATURE (F)   31        MM        MM


SUNRISE AND SUNSET
MARCH  5 2015.........SUNRISE   640 AM EST   SUNSET   611 PM EST
MARCH  6 2015.........SUNRISE   639 AM EST   SUNSET   612 PM EST


-  INDICATES NEGATIVE NUMBERS.
R  INDICATES RECORD WAS SET OR TIED.
MM INDICATES DATA IS MISSING.
T  INDICATES TRACE AMOUNT.




$$
