000
CDUS41 KLWX 290522
CLICHO


CLIMATE REPORT
NATIONAL WEATHER SERVICE BALTIMORE MD/WASHINGTON DC
120 AM EDT FRI AUG 29 2014


...................................

...THE CHARLOTTESVILLE VA CLIMATE SUMMARY FOR AUGUST 28 2014...

CLIMATE NORMAL PERIOD 1981 TO 2010
CLIMATE RECORD PERIOD 1889 TO 2014


WEATHER ITEM   OBSERVED TIME   RECORD YEAR NORMAL DEPARTURE LAST
                VALUE   (LST)  VALUE       VALUE  FROM      YEAR
                                                  NORMAL
..................................................................
TEMPERATURE (F)
 YESTERDAY
  MAXIMUM         88    338 PM  MM      MM  84      4       77
  MINIMUM         68   1159 PM  MM      MM  62      6       71
  AVERAGE         78                        73      5       74

PRECIPITATION (IN)
  YESTERDAY        0.00                      0.10  -0.10     0.37
  MONTH TO DATE    4.33                      3.37   0.96     5.57
  SINCE JUN 1     10.23                     11.42  -1.19    16.34
  SINCE JAN 1     28.50                     27.89   0.61    32.97

DEGREE DAYS
 HEATING
  YESTERDAY        0                         0      0        0
  MONTH TO DATE    0                         0      0        5
  SINCE JUN 1      2                        12    -10        7
  SINCE JUL 1      0                         1     -1        5

 COOLING
  YESTERDAY       13                         8      5        9
  MONTH TO DATE  203                       258    -55      202
  SINCE JUN 1    780                       802    -22      822
  SINCE JAN 1    896                       888      8      969
..................................................................


WIND (MPH)
  HIGHEST WIND SPEED    13   HIGHEST WIND DIRECTION    NE (40)
  HIGHEST GUST SPEED    18   HIGHEST GUST DIRECTION    NE (40)
  AVERAGE WIND SPEED     5.0


SKY COVER
  POSSIBLE SUNSHINE  MM
  AVERAGE SKY COVER 0.0


WEATHER CONDITIONS
 THE FOLLOWING WEATHER WAS RECORDED YESTERDAY.
  NO SIGNIFICANT WEATHER WAS OBSERVED.


RELATIVE HUMIDITY (PERCENT)
 HIGHEST    97          1200 AM
 LOWEST     43           200 PM
 AVERAGE    70

..........................................................


THE CHARLOTTESVILLE VA CLIMATE NORMALS FOR TODAY
                         NORMAL    RECORD    YEAR
 MAXIMUM TEMPERATURE (F)   83        MM        MM
 MINIMUM TEMPERATURE (F)   61        MM        MM


SUNRISE AND SUNSET
AUGUST 29 2014........SUNRISE   641 AM EDT   SUNSET   748 PM EDT
AUGUST 30 2014........SUNRISE   642 AM EDT   SUNSET   746 PM EDT


-  INDICATES NEGATIVE NUMBERS.
R  INDICATES RECORD WAS SET OR TIED.
MM INDICATES DATA IS MISSING.
T  INDICATES TRACE AMOUNT.




$$
