000
CDUS41 KLWX 270531
CLICHO


CLIMATE REPORT
NATIONAL WEATHER SERVICE BALTIMORE MD/WASHINGTON DC
128 AM EDT SAT MAY 27 2017


...................................

...THE CHARLOTTESVILLE VA CLIMATE SUMMARY FOR MAY 26 2017...

CLIMATE NORMAL PERIOD 1981 TO 2010
CLIMATE RECORD PERIOD 1889 TO 2017


WEATHER ITEM   OBSERVED TIME   RECORD YEAR NORMAL DEPARTURE LAST
                VALUE   (LST)  VALUE       VALUE  FROM      YEAR
                                                  NORMAL
..................................................................
TEMPERATURE (F)
 YESTERDAY
  MAXIMUM         80    247 PM  MM      MM  77      3       87
  MINIMUM         56    349 AM  MM      MM  55      1       60
  AVERAGE         68                        66      2       74

PRECIPITATION (IN)
  YESTERDAY        T                         0.14  -0.14     0.00
  MONTH TO DATE    7.99                      3.22   4.77     5.02
  SINCE MAR 1     13.52                     10.24   3.28     9.88
  SINCE JAN 1     16.76                     15.71   1.05    16.00

DEGREE DAYS
 HEATING
  YESTERDAY        0                         2     -2        0
  MONTH TO DATE   90                       112    -22      119
  SINCE MAR 1    718                      1012   -294      722
  SINCE JUL 1   3091                      4424  -1333     3480

 COOLING
  YESTERDAY        3                         3      0        9
  MONTH TO DATE   78                        47     31       36
  SINCE MAR 1    175                        68    107       63
  SINCE JAN 1    176                        68    108       63
..................................................................


WIND (MPH)
  HIGHEST WIND SPEED    18   HIGHEST WIND DIRECTION    NW (320)
  HIGHEST GUST SPEED    27   HIGHEST GUST DIRECTION    NW (320)
  AVERAGE WIND SPEED     5.7


SKY COVER
  POSSIBLE SUNSHINE  MM
  AVERAGE SKY COVER 0.2


WEATHER CONDITIONS
 THE FOLLOWING WEATHER WAS RECORDED YESTERDAY.
  LIGHT RAIN


RELATIVE HUMIDITY (PERCENT)
 HIGHEST    93           500 AM
 LOWEST     37           500 PM
 AVERAGE    65

..........................................................


THE CHARLOTTESVILLE VA CLIMATE NORMALS FOR TODAY
                         NORMAL    RECORD    YEAR
 MAXIMUM TEMPERATURE (F)   78        MM        MM
 MINIMUM TEMPERATURE (F)   55        MM        MM


SUNRISE AND SUNSET
MAY 27 2017...........SUNRISE   555 AM EDT   SUNSET   828 PM EDT
MAY 28 2017...........SUNRISE   554 AM EDT   SUNSET   828 PM EDT


-  INDICATES NEGATIVE NUMBERS.
R  INDICATES RECORD WAS SET OR TIED.
MM INDICATES DATA IS MISSING.
T  INDICATES TRACE AMOUNT.




$$
