000
CDUS41 KLWX 300525
CLICHO


CLIMATE REPORT
NATIONAL WEATHER SERVICE BALTIMORE MD/WASHINGTON DC
125 AM EDT THU MAR 30 2017


...................................

...THE CHARLOTTESVILLE VA CLIMATE SUMMARY FOR MARCH 29 2017...

CLIMATE NORMAL PERIOD 1981 TO 2010
CLIMATE RECORD PERIOD 1889 TO 2017


WEATHER ITEM   OBSERVED TIME   RECORD YEAR NORMAL DEPARTURE LAST
                VALUE   (LST)  VALUE       VALUE  FROM      YEAR
                                                  NORMAL
..................................................................
TEMPERATURE (F)
 YESTERDAY
  MAXIMUM         72    251 PM  MM      MM  62     10       63
  MINIMUM         54   1159 PM  MM      MM  39     15       45
  AVERAGE         63                        50     13       54

PRECIPITATION (IN)
  YESTERDAY        0.00                      0.14  -0.14     0.00
  MONTH TO DATE    1.58                      3.38  -1.80     1.47
  SINCE MAR 1      1.58                      3.38  -1.80     1.47
  SINCE JAN 1      4.82                      8.85  -4.03     7.59

DEGREE DAYS
 HEATING
  YESTERDAY        2                        15    -13       11
  MONTH TO DATE  481                       561    -80      326
  SINCE MAR 1    481                       561    -80      326
  SINCE JUL 1   2854                      3973  -1119     3084

 COOLING
  YESTERDAY        0                         0      0        0
  MONTH TO DATE    4                         0      4        4
  SINCE MAR 1      4                         0      4        4
  SINCE JAN 1      5                         0      5        4
..................................................................


WIND (MPH)
  HIGHEST WIND SPEED    13   HIGHEST WIND DIRECTION     E (90)
  HIGHEST GUST SPEED    17   HIGHEST GUST DIRECTION     E (80)
  AVERAGE WIND SPEED     4.8


SKY COVER
  POSSIBLE SUNSHINE  MM
  AVERAGE SKY COVER 0.4


WEATHER CONDITIONS
 THE FOLLOWING WEATHER WAS RECORDED YESTERDAY.
  NO SIGNIFICANT WEATHER WAS OBSERVED.


RELATIVE HUMIDITY (PERCENT)
 HIGHEST    86           400 AM
 LOWEST     35           200 PM
 AVERAGE    61

..........................................................


THE CHARLOTTESVILLE VA CLIMATE NORMALS FOR TODAY
                         NORMAL    RECORD    YEAR
 MAXIMUM TEMPERATURE (F)   62        MM        MM
 MINIMUM TEMPERATURE (F)   39        MM        MM


SUNRISE AND SUNSET
MARCH 30 2017.........SUNRISE   702 AM EDT   SUNSET   735 PM EDT
MARCH 31 2017.........SUNRISE   700 AM EDT   SUNSET   736 PM EDT


-  INDICATES NEGATIVE NUMBERS.
R  INDICATES RECORD WAS SET OR TIED.
MM INDICATES DATA IS MISSING.
T  INDICATES TRACE AMOUNT.




$$
