000
CDUS41 KLWX 260519
CLICHO


CLIMATE REPORT
NATIONAL WEATHER SERVICE BALTIMORE MD/WASHINGTON DC
119 AM EDT SUN OCT 26 2014


...................................

...THE CHARLOTTESVILLE VA CLIMATE SUMMARY FOR OCTOBER 25 2014...

CLIMATE NORMAL PERIOD 1981 TO 2010
CLIMATE RECORD PERIOD 1889 TO 2014


WEATHER ITEM   OBSERVED TIME   RECORD YEAR NORMAL DEPARTURE LAST
                VALUE   (LST)  VALUE       VALUE  FROM      YEAR
                                                  NORMAL
..................................................................
TEMPERATURE (F)
 YESTERDAY
  MAXIMUM         72    412 PM  MM      MM  65      7       54
  MINIMUM         39    634 AM  MM      MM  42     -3       31
  AVERAGE         56                        53      3       43

PRECIPITATION (IN)
  YESTERDAY        0.00                      0.09  -0.09     0.00
  MONTH TO DATE    3.72                      2.55   1.17     3.47
  SINCE SEP 1      4.58                      7.03  -2.45     4.12
  SINCE JAN 1     33.08                     35.17  -2.09    37.64

DEGREE DAYS
 HEATING
  YESTERDAY        9                        12     -3       22
  MONTH TO DATE  151                       214    -63      166
  SINCE SEP 1    174                       269    -95      236
  SINCE JUL 1    174                       272    -98      241

 COOLING
  YESTERDAY        0                         0      0        0
  MONTH TO DATE   14                        12      2       37
  SINCE SEP 1    166                       123     43      143
  SINCE JAN 1   1094                      1033     61     1145
..................................................................


WIND (MPH)
  HIGHEST WIND SPEED    15   HIGHEST WIND DIRECTION     S (200)
  HIGHEST GUST SPEED    19   HIGHEST GUST DIRECTION     S (190)
  AVERAGE WIND SPEED     5.8


SKY COVER
  POSSIBLE SUNSHINE  MM
  AVERAGE SKY COVER 0.0


WEATHER CONDITIONS
 THE FOLLOWING WEATHER WAS RECORDED YESTERDAY.
  NO SIGNIFICANT WEATHER WAS OBSERVED.


RELATIVE HUMIDITY (PERCENT)
 HIGHEST    83          1200 AM
 LOWEST     27           100 PM
 AVERAGE    55

..........................................................


THE CHARLOTTESVILLE VA CLIMATE NORMALS FOR TODAY
                         NORMAL    RECORD    YEAR
 MAXIMUM TEMPERATURE (F)   65        MM        MM
 MINIMUM TEMPERATURE (F)   41        MM        MM


SUNRISE AND SUNSET
OCTOBER 26 2014.......SUNRISE   733 AM EDT   SUNSET   622 PM EDT
OCTOBER 27 2014.......SUNRISE   734 AM EDT   SUNSET   620 PM EDT


-  INDICATES NEGATIVE NUMBERS.
R  INDICATES RECORD WAS SET OR TIED.
MM INDICATES DATA IS MISSING.
T  INDICATES TRACE AMOUNT.




$$
