000
CDUS42 KCHS 190622
CLICHS


CLIMATE REPORT
NATIONAL WEATHER SERVICE CHARLESTON SC
121 AM EST THU JAN 19 2017


...................................

...THE NORTH CHARLESTON SC CLIMATE SUMMARY FOR JANUARY 18 2017...

CLIMATE NORMAL PERIOD 1981 TO 2010
CLIMATE RECORD PERIOD 1938 TO 2017


WEATHER ITEM   OBSERVED TIME   RECORD YEAR NORMAL DEPARTURE LAST
                VALUE   (LST)  VALUE       VALUE  FROM      YEAR
                                                  NORMAL
..................................................................
TEMPERATURE (F)
 YESTERDAY
  MAXIMUM         79R   236 PM  77    1952  59     20       53
  MINIMUM         59    755 AM  19    1977  37     22       34
                                      1976
                                      1959
  AVERAGE         69                        48     21       44

PRECIPITATION (IN)
  YESTERDAY        0.00          0.96 1960   0.12  -0.12     0.00
  MONTH TO DATE    0.90                      2.14  -1.24     2.24
  SINCE DEC 1      5.68                      5.25   0.43     5.38
  SINCE JAN 1      0.90                      2.14  -1.24     2.24

SNOWFALL (IN)
  YESTERDAY        0.0                       0.0    0.0
  SINCE DEC 1      T                         0.3   -0.3
  SINCE JUL 1      T                         0.3   -0.3

DEGREE DAYS
 HEATING
  YESTERDAY        0                        17    -17       21
  MONTH TO DATE  161                       306   -145      283
  SINCE DEC 1    476                       752   -276      416
  SINCE JUL 1    694                      1044   -350      562

 COOLING
  YESTERDAY        4                         0      4        0
  MONTH TO DATE   13                         0     13        0
  SINCE DEC 1     20                         7     13       97
  SINCE JAN 1     13                         0     13        0
..................................................................


WIND (MPH)
  HIGHEST WIND SPEED    23   HIGHEST WIND DIRECTION     W (260)
  HIGHEST GUST SPEED    28   HIGHEST GUST DIRECTION    NW (310)
  AVERAGE WIND SPEED     9.8


SKY COVER
  POSSIBLE SUNSHINE  MM
  AVERAGE SKY COVER 0.4


WEATHER CONDITIONS
 THE FOLLOWING WEATHER WAS RECORDED YESTERDAY.
  NO SIGNIFICANT WEATHER WAS OBSERVED.


RELATIVE HUMIDITY (PERCENT)
 HIGHEST    90          1200 AM
 LOWEST     48           300 PM
 AVERAGE    69

..........................................................


THE NORTH CHARLESTON SC CLIMATE NORMALS FOR TODAY
                         NORMAL    RECORD    YEAR
 MAXIMUM TEMPERATURE (F)   59        78      1950
                                             1949
 MINIMUM TEMPERATURE (F)   37        16      1976


SUNRISE AND SUNSET
JANUARY 19 2017.......SUNRISE   722 AM EST   SUNSET   541 PM EST
JANUARY 20 2017.......SUNRISE   721 AM EST   SUNSET   541 PM EST


-  INDICATES NEGATIVE NUMBERS.
R  INDICATES RECORD WAS SET OR TIED.
MM INDICATES DATA IS MISSING.
T  INDICATES TRACE AMOUNT.




$$
