000
CDUS42 KCHS 182214
CLICHS


CLIMATE REPORT
NATIONAL WEATHER SERVICE CHARLESTON SC
513 PM EST THU JAN 18 2018


...................................

...THE NORTH CHARLESTON SC CLIMATE SUMMARY FOR JANUARY 18 2018...
VALID TODAY AS OF 0500 PM LOCAL TIME.

CLIMATE NORMAL PERIOD 1981 TO 2010
CLIMATE RECORD PERIOD 1938 TO 2018


WEATHER ITEM   OBSERVED TIME   RECORD YEAR NORMAL DEPARTURE LAST
                VALUE   (LST)  VALUE       VALUE  FROM      YEAR
                                                  NORMAL
..................................................................
TEMPERATURE (F)
 TODAY
  MAXIMUM         47    401 PM  79    2017  59    -12       79
  MINIMUM         25    748 AM  19    1977  37    -12       59
                                      1976
                                      1959
  AVERAGE         36                        48    -12       69

PRECIPITATION (IN)
  TODAY            0.00          0.96 1960   0.12  -0.12     0.00
  MONTH TO DATE    1.26                      2.14  -0.88     0.90
  SINCE DEC 1      3.77                      5.25  -1.48     5.68
  SINCE JAN 1      1.26                      2.14  -0.88     0.90

SNOWFALL (IN)
  TODAY            0.0                       0.0    0.0
  SINCE DEC 1      5.3                       0.3    5.0
  SINCE JUL 1      5.3                       0.3    5.0

DEGREE DAYS
 HEATING
  TODAY           29                        17     12        0
  MONTH TO DATE  440                       306    134      161
  SINCE DEC 1    857                       752    105      476
  SINCE JUL 1   1143                      1044     99      694

 COOLING
  TODAY            0                         0      0        4
  MONTH TO DATE    2                         0      2       13
  SINCE DEC 1      5                         7     -2       20
  SINCE JAN 1      2                         0      2       13
..................................................................


WIND (MPH)
  HIGHEST WIND SPEED    22   HIGHEST WIND DIRECTION     N (350)
  HIGHEST GUST SPEED    28   HIGHEST GUST DIRECTION     N (350)
  AVERAGE WIND SPEED    12.4


SKY COVER
  POSSIBLE SUNSHINE  MM
  AVERAGE SKY COVER 0.2


WEATHER CONDITIONS
 THE FOLLOWING WEATHER WAS RECORDED TODAY.
  NO SIGNIFICANT WEATHER WAS OBSERVED.


RELATIVE HUMIDITY (PERCENT)
 HIGHEST    75           400 AM
 LOWEST     22           200 PM
 AVERAGE    49

..........................................................


THE NORTH CHARLESTON SC CLIMATE NORMALS FOR TOMORROW
                         NORMAL    RECORD    YEAR
 MAXIMUM TEMPERATURE (F)   59        78      1950
                                             1949
 MINIMUM TEMPERATURE (F)   37        16      1976


SUNRISE AND SUNSET
JANUARY 18 2018.......SUNRISE   722 AM EST   SUNSET   539 PM EST
JANUARY 19 2018.......SUNRISE   722 AM EST   SUNSET   540 PM EST


-  INDICATES NEGATIVE NUMBERS.
R  INDICATES RECORD WAS SET OR TIED.
MM INDICATES DATA IS MISSING.
T  INDICATES TRACE AMOUNT.




$$
