000
CDUS42 KCHS 312114
CLICHS


CLIMATE REPORT
NATIONAL WEATHER SERVICE CHARLESTON SC
513 PM EDT WED AUG 31 2016


...................................

...THE NORTH CHARLESTON SC CLIMATE SUMMARY FOR AUGUST 31 2016...
VALID TODAY AS OF 0500 PM LOCAL TIME.

CLIMATE NORMAL PERIOD 1981 TO 2010
CLIMATE RECORD PERIOD 1938 TO 2016


WEATHER ITEM   OBSERVED TIME   RECORD YEAR NORMAL DEPARTURE LAST
                VALUE   (LST)  VALUE       VALUE  FROM      YEAR
                                                  NORMAL
..................................................................
TEMPERATURE (F)
 TODAY
  MAXIMUM         89   1256 PM  97    1954  88      1       87
  MINIMUM         74    148 AM  61    1999  71      3       74
  AVERAGE         82                        79      3       81

PRECIPITATION (IN)
  TODAY            0.04          6.43 2015   0.24  -0.20     6.43
  MONTH TO DATE    3.72                      7.15  -3.43    11.22
  SINCE JUN 1     11.24                     19.33  -8.09    26.63
  SINCE JAN 1     31.99                     35.64  -3.65    41.85

SNOWFALL (IN)
  TODAY            0.0                       0.0    0.0
  SINCE JUN 1      0.0                       0.0    0.0
  SINCE JUL 1      0.0                       0.0    0.0

DEGREE DAYS
 HEATING
  TODAY            0                         0      0        0
  MONTH TO DATE    0                         0      0        0
  SINCE JUN 1      0                         1     -1        0
  SINCE JUL 1      0                         0      0        0

 COOLING
  TODAY           17                        14      3       16
  MONTH TO DATE  589                       493     96      512
  SINCE JUN 1   1780                      1443    337     1614
  SINCE JAN 1   2275                      1805    470     2047
..................................................................


WIND (MPH)
  HIGHEST WIND SPEED    24   HIGHEST WIND DIRECTION    SE (120)
  HIGHEST GUST SPEED    33   HIGHEST GUST DIRECTION     E (110)
  AVERAGE WIND SPEED     8.3


SKY COVER
  POSSIBLE SUNSHINE  MM
  AVERAGE SKY COVER 0.8


WEATHER CONDITIONS
 THE FOLLOWING WEATHER WAS RECORDED TODAY.
  LIGHT RAIN
  FOG


RELATIVE HUMIDITY (PERCENT)
 HIGHEST    94           400 AM
 LOWEST     56           100 PM
 AVERAGE    75

..........................................................


THE NORTH CHARLESTON SC CLIMATE NORMALS FOR TOMORROW
                         NORMAL    RECORD    YEAR
 MAXIMUM TEMPERATURE (F)   88        95      2014
                                             1944
 MINIMUM TEMPERATURE (F)   71        56      1999


SUNRISE AND SUNSET
AUGUST 31 2016........SUNRISE   654 AM EDT   SUNSET   746 PM EDT
SEPTEMBER  1 2016.....SUNRISE   655 AM EDT   SUNSET   744 PM EDT


-  INDICATES NEGATIVE NUMBERS.
R  INDICATES RECORD WAS SET OR TIED.
MM INDICATES DATA IS MISSING.
T  INDICATES TRACE AMOUNT.




$$
