000
CDUS42 KCHS 280524
CLICHS


CLIMATE REPORT
NATIONAL WEATHER SERVICE CHARLESTON SC
123 AM EDT SAT MAR 28 2015


...................................

...THE NORTH CHARLESTON SC CLIMATE SUMMARY FOR MARCH 27 2015...

CLIMATE NORMAL PERIOD 1981 TO 2010
CLIMATE RECORD PERIOD 1938 TO 2015


WEATHER ITEM   OBSERVED TIME   RECORD YEAR NORMAL DEPARTURE LAST
                VALUE   (LST)  VALUE       VALUE  FROM      YEAR
                                                  NORMAL
..................................................................
TEMPERATURE (F)
 YESTERDAY
  MAXIMUM         73    141 PM  85    1949  72      1       64
  MINIMUM         48   1159 PM  26    1955  49     -1       34
  AVERAGE         61                        61      0       49

PRECIPITATION (IN)
  YESTERDAY        0.14          2.40 2005   0.12   0.02     0.00
  MONTH TO DATE    2.26                      3.22  -0.96     3.46
  SINCE MAR 1      2.26                      3.22  -0.96     3.46
  SINCE JAN 1     10.19                      9.89   0.30     8.31

SNOWFALL (IN)
  YESTERDAY       MM                         0.0   MM
  SINCE MAR 1      0.0                       0.0    0.0
  SINCE JUL 1      T                         0.5   -0.5

DEGREE DAYS
 HEATING
  YESTERDAY        4                         6     -2       16
  MONTH TO DATE  139                       220    -81      299
  SINCE MAR 1    139                       220    -81      299
  SINCE JUL 1   1876                      1856     20     1822

 COOLING
  YESTERDAY        0                         1     -1        0
  MONTH TO DATE   33                        25      8        2
  SINCE MAR 1     33                        25      8        2
  SINCE JAN 1     37                        32      5       12
..................................................................


WIND (MPH)
  HIGHEST WIND SPEED    24   HIGHEST WIND DIRECTION     N (340)
  HIGHEST GUST SPEED    30   HIGHEST GUST DIRECTION     N (350)
  AVERAGE WIND SPEED    11.2


SKY COVER
  POSSIBLE SUNSHINE  MM
  AVERAGE SKY COVER 0.8


WEATHER CONDITIONS
 THE FOLLOWING WEATHER WAS RECORDED YESTERDAY.
  HEAVY RAIN
  RAIN
  LIGHT RAIN
  FOG


RELATIVE HUMIDITY (PERCENT)
 HIGHEST    93           400 AM
 LOWEST     68          1200 PM
 AVERAGE    81

..........................................................


THE NORTH CHARLESTON SC CLIMATE NORMALS FOR TODAY
                         NORMAL    RECORD    YEAR
 MAXIMUM TEMPERATURE (F)   72        85      2007
 MINIMUM TEMPERATURE (F)   49        32      1969


SUNRISE AND SUNSET
MARCH 28 2015.........SUNRISE   714 AM EDT   SUNSET   737 PM EDT
MARCH 29 2015.........SUNRISE   712 AM EDT   SUNSET   738 PM EDT


-  INDICATES NEGATIVE NUMBERS.
R  INDICATES RECORD WAS SET OR TIED.
MM INDICATES DATA IS MISSING.
T  INDICATES TRACE AMOUNT.

$$
