000
CDUS42 KCHS 220611
CLICHS


CLIMATE REPORT
NATIONAL WEATHER SERVICE CHARLESTON SC
210 AM EDT FRI MAY 22 2015


...................................

...THE NORTH CHARLESTON SC CLIMATE SUMMARY FOR MAY 21 2015...

CLIMATE NORMAL PERIOD 1981 TO 2010
CLIMATE RECORD PERIOD 1938 TO 2015


WEATHER ITEM   OBSERVED TIME   RECORD YEAR NORMAL DEPARTURE LAST
                VALUE   (LST)  VALUE       VALUE  FROM      YEAR
                                                  NORMAL
..................................................................
TEMPERATURE (F)
 YESTERDAY
  MAXIMUM         92    423 PM  99    1938  84      8       91
  MINIMUM         71    455 AM  45    2002  63      8       60
  AVERAGE         82                        74      8       76

PRECIPITATION (IN)
  YESTERDAY        0.00          1.41 2013   0.10  -0.10     0.00
  MONTH TO DATE    1.36                      1.90  -0.54     1.22
  SINCE MAR 1      7.29                      8.52  -1.23    12.13
  SINCE JAN 1     15.22                     15.19   0.03    16.98

DEGREE DAYS
 HEATING
  YESTERDAY        0                         0      0        0
  MONTH TO DATE    4                         8     -4        0
  SINCE MAR 1    210                       335   -125      352
  SINCE JUL 1   1947                      1971    -24     1875

 COOLING
  YESTERDAY       17                         9      8       11
  MONTH TO DATE  175                       142     33      200
  SINCE MAR 1    335                       253     82      348
  SINCE JAN 1    339                       260     79      358
..................................................................


WIND (MPH)
  HIGHEST WIND SPEED    20   HIGHEST WIND DIRECTION     W (250)
  HIGHEST GUST SPEED    28   HIGHEST GUST DIRECTION    SW (240)
  AVERAGE WIND SPEED     9.2


SKY COVER
  POSSIBLE SUNSHINE  MM
  AVERAGE SKY COVER 0.2


WEATHER CONDITIONS
 THE FOLLOWING WEATHER WAS RECORDED YESTERDAY.
  NO SIGNIFICANT WEATHER WAS OBSERVED.


RELATIVE HUMIDITY (PERCENT)
 HIGHEST    93          1200 AM
 LOWEST     32           500 PM
 AVERAGE    63

..........................................................


THE NORTH CHARLESTON SC CLIMATE NORMALS FOR TODAY
                         NORMAL    RECORD    YEAR
 MAXIMUM TEMPERATURE (F)   85        98      1938
 MINIMUM TEMPERATURE (F)   64        48      1954


SUNRISE AND SUNSET
MAY 22 2015...........SUNRISE   617 AM EDT   SUNSET   817 PM EDT
MAY 23 2015...........SUNRISE   616 AM EDT   SUNSET   818 PM EDT


-  INDICATES NEGATIVE NUMBERS.
R  INDICATES RECORD WAS SET OR TIED.
MM INDICATES DATA IS MISSING.
T  INDICATES TRACE AMOUNT.




$$
