000
CDUS42 KCHS 040638
CLICHS


CLIMATE REPORT
NATIONAL WEATHER SERVICE CHARLESTON SC
238 AM EDT SAT JUL 4 2015


...................................

...THE NORTH CHARLESTON SC CLIMATE SUMMARY FOR JULY 3 2015...

CLIMATE NORMAL PERIOD 1981 TO 2010
CLIMATE RECORD PERIOD 1938 TO 2015


WEATHER ITEM   OBSERVED TIME   RECORD YEAR NORMAL DEPARTURE LAST
                VALUE   (LST)  VALUE       VALUE  FROM      YEAR
                                                  NORMAL
..................................................................
TEMPERATURE (F)
 YESTERDAY
  MAXIMUM         89    140 PM  97    1996  91     -2       88
                                      1970
  MINIMUM         71    302 AM  64    2010  72     -1       75
                                      1965
                                      1952
  AVERAGE         80                        82     -2       82

PRECIPITATION (IN)
  YESTERDAY        0.21          5.39 1981   0.21   0.00     0.16
  MONTH TO DATE    1.82                      0.64   1.18     0.16
  SINCE JUN 1      9.51                      6.29   3.22     3.75
  SINCE JAN 1     24.73                     22.60   2.13    21.00

DEGREE DAYS
 HEATING
  YESTERDAY        0                         0      0        0
  MONTH TO DATE    0                         0      0        0
  SINCE JUN 1      0                         1     -1        0
  SINCE JUL 1      0                         0      0        0

 COOLING
  YESTERDAY       15                        16     -1       17
  MONTH TO DATE   46                        48     -2       55
  SINCE JUN 1    574                       469    105      573
  SINCE JAN 1   1007                       831    176     1083
..................................................................


WIND (MPH)
  HIGHEST WIND SPEED    38   HIGHEST WIND DIRECTION     W (280)
  HIGHEST GUST SPEED    62   HIGHEST GUST DIRECTION     W (290)
  AVERAGE WIND SPEED     8.2


SKY COVER
  POSSIBLE SUNSHINE  MM
  AVERAGE SKY COVER 0.6


WEATHER CONDITIONS
 THE FOLLOWING WEATHER WAS RECORDED YESTERDAY.
  THUNDERSTORM
  HEAVY RAIN
  RAIN
  LIGHT RAIN
  FOG
  HAZE


RELATIVE HUMIDITY (PERCENT)
 HIGHEST    94           900 PM
 LOWEST     63           100 PM
 AVERAGE    79

..........................................................


THE NORTH CHARLESTON SC CLIMATE NORMALS FOR TODAY
                         NORMAL    RECORD    YEAR
 MAXIMUM TEMPERATURE (F)   91        98      1993
 MINIMUM TEMPERATURE (F)   72        61      2010


SUNRISE AND SUNSET
JULY  4 2015..........SUNRISE   617 AM EDT   SUNSET   832 PM EDT
JULY  5 2015..........SUNRISE   617 AM EDT   SUNSET   832 PM EDT


-  INDICATES NEGATIVE NUMBERS.
R  INDICATES RECORD WAS SET OR TIED.
MM INDICATES DATA IS MISSING.
T  INDICATES TRACE AMOUNT.




$$
