000
CDUS42 KCHS 230526
CLICHS


CLIMATE REPORT
NATIONAL WEATHER SERVICE CHARLESTON SC
126 AM EDT WED JUL 23 2014


...................................

...THE NORTH CHARLESTON SC CLIMATE SUMMARY FOR JULY 22 2014...

CLIMATE NORMAL PERIOD 1981 TO 2010
CLIMATE RECORD PERIOD 1938 TO 2014


WEATHER ITEM   OBSERVED TIME   RECORD YEAR NORMAL DEPARTURE LAST
                VALUE   (LST)  VALUE       VALUE  FROM      YEAR
                                                  NORMAL
..................................................................
TEMPERATURE (F)
 YESTERDAY
  MAXIMUM         88   1255 PM 101    1977  91     -3       91
  MINIMUM         76    633 AM  64    1974  73      3       75
                                      1965
  AVERAGE         82                        82      0       83

PRECIPITATION (IN)
  YESTERDAY        0.02          1.93 1988   0.20  -0.18     0.00
  MONTH TO DATE    4.66                      4.66   0.00     3.65
  SINCE JUN 1      8.25                     10.31  -2.06    16.97
  SINCE JAN 1     25.50                     26.62  -1.12    40.41

DEGREE DAYS
 HEATING
  YESTERDAY        0                         0      0        0
  MONTH TO DATE    0                         0      0        0
  SINCE JUN 1      0                         1     -1        0
  SINCE JUL 1      0                         0      0        0

 COOLING
  YESTERDAY       17                        17      0       18
  MONTH TO DATE  392                       371     21      371
  SINCE JUN 1    910                       792    118      835
  SINCE JAN 1   1420                      1154    266     1182
..................................................................


WIND (MPH)
  HIGHEST WIND SPEED    28   HIGHEST WIND DIRECTION    SW (240)
  HIGHEST GUST SPEED    70   HIGHEST GUST DIRECTION    SW (210)
  AVERAGE WIND SPEED     5.1


SKY COVER
  POSSIBLE SUNSHINE  MM
  AVERAGE SKY COVER 0.7


WEATHER CONDITIONS
 THE FOLLOWING WEATHER WAS RECORDED YESTERDAY.
  THUNDERSTORM
  LIGHT RAIN
  FOG
  FOG W/VISIBILITY <= 1/4 MILE
  HAZE


RELATIVE HUMIDITY (PERCENT)
 HIGHEST    94           400 AM
 LOWEST     61          1200 PM
 AVERAGE    78

..........................................................


THE NORTH CHARLESTON SC CLIMATE NORMALS FOR TODAY
                         NORMAL    RECORD    YEAR
 MAXIMUM TEMPERATURE (F)   91        99      1952
                                             1940
 MINIMUM TEMPERATURE (F)   73        60      1974
                                             1966


SUNRISE AND SUNSET
JULY 23 2014..........SUNRISE   628 AM EDT   SUNSET   825 PM EDT
JULY 24 2014..........SUNRISE   628 AM EDT   SUNSET   825 PM EDT


-  INDICATES NEGATIVE NUMBERS.
R  INDICATES RECORD WAS SET OR TIED.
MM INDICATES DATA IS MISSING.
T  INDICATES TRACE AMOUNT.




$$
