000
CDUS42 KCHS 230545
CLICHS


CLIMATE REPORT
NATIONAL WEATHER SERVICE CHARLESTON SC
145 AM EDT THU OCT 23 2014


...................................

...THE NORTH CHARLESTON SC CLIMATE SUMMARY FOR OCTOBER 22 2014...

CLIMATE NORMAL PERIOD 1981 TO 2010
CLIMATE RECORD PERIOD 1938 TO 2014


WEATHER ITEM   OBSERVED TIME   RECORD YEAR NORMAL DEPARTURE LAST
                VALUE   (LST)  VALUE       VALUE  FROM      YEAR
                                                  NORMAL
..................................................................
TEMPERATURE (F)
 YESTERDAY
  MAXIMUM         71    323 PM  87    1939  76     -5       71
  MINIMUM         50   1029 PM  33    1974  55     -5       62
  AVERAGE         61                        65     -4       67

PRECIPITATION (IN)
  YESTERDAY        0.00          0.90 2006   0.11  -0.11     0.01
  MONTH TO DATE    0.86                      2.91  -2.05     1.37
  SINCE SEP 1      9.52                      9.01   0.51     6.38
  SINCE JAN 1     44.85                     44.65   0.20    52.44

SNOWFALL (IN)
  YESTERDAY        0.0                       0.0    0.0
  SINCE SEP 1      0.0                       0.0    0.0
  SINCE JUL 1      0.0                       0.0    0.0

DEGREE DAYS
 HEATING
  YESTERDAY        4                         3      1        0
  MONTH TO DATE   10                        34    -24        0
  SINCE SEP 1     10                        37    -27        0
  SINCE JUL 1     10                        37    -27        0

 COOLING
  YESTERDAY        0                         3     -3        2
  MONTH TO DATE  155                       105     50      160
  SINCE SEP 1    561                       438    123      533
  SINCE JAN 1   2723                      2243    480     2388
..................................................................


WIND (MPH)
  HIGHEST WIND SPEED    18   HIGHEST WIND DIRECTION     N (360)
  HIGHEST GUST SPEED    24   HIGHEST GUST DIRECTION    NE (30)
  AVERAGE WIND SPEED     9.3


SKY COVER
  POSSIBLE SUNSHINE  MM
  AVERAGE SKY COVER 0.0


WEATHER CONDITIONS
 THE FOLLOWING WEATHER WAS RECORDED YESTERDAY.
  NO SIGNIFICANT WEATHER WAS OBSERVED.


RELATIVE HUMIDITY (PERCENT)
 HIGHEST    77           500 AM
 LOWEST     33           400 PM
 AVERAGE    55

..........................................................


THE NORTH CHARLESTON SC CLIMATE NORMALS FOR TODAY
                         NORMAL    RECORD    YEAR
 MAXIMUM TEMPERATURE (F)   75        86      2007
                                             1966
                                             1941
 MINIMUM TEMPERATURE (F)   54        33      1974


SUNRISE AND SUNSET
OCTOBER 23 2014.......SUNRISE   731 AM EDT   SUNSET   638 PM EDT
OCTOBER 24 2014.......SUNRISE   731 AM EDT   SUNSET   637 PM EDT


-  INDICATES NEGATIVE NUMBERS.
R  INDICATES RECORD WAS SET OR TIED.
MM INDICATES DATA IS MISSING.
T  INDICATES TRACE AMOUNT.




$$
