000
CDUS43 KDVN 232120
CLICID


CLIMATE REPORT
NATIONAL WEATHER SERVICE QUAD CITIES IA IL
419 PM CDT TUE MAY 23 2017


...................................

...THE CEDAR RAPIDS IA CLIMATE SUMMARY FOR MAY 23 2017...
VALID TODAY AS OF 0400 PM LOCAL TIME.

CLIMATE NORMAL PERIOD 1981 TO 2010
CLIMATE RECORD PERIOD 1891 TO 2017


WEATHER ITEM   OBSERVED TIME   RECORD YEAR NORMAL DEPARTURE LAST
                VALUE   (LST)  VALUE       VALUE  FROM      YEAR
                                                  NORMAL
..................................................................
TEMPERATURE (F)
 TODAY
  MAXIMUM         63    243 PM  90    1972  74    -11       85
  MINIMUM         48    520 AM  31    1931  52     -4       55
  AVERAGE         56                        62     -6       70

PRECIPITATION (IN)
  TODAY            0.00         MM      MM   0.13  -0.13     0.00
  MONTH TO DATE    2.94                      3.04  -0.10     1.29
  SINCE MAR 1      9.49                      8.19   1.30     6.05
  SINCE JAN 1     11.66                     10.33   1.33     6.65

DEGREE DAYS
 HEATING
  TODAY            9                         4      5        0
  MONTH TO DATE  184                       165     19      187
  SINCE MAR 1   1419                      1527   -108     1338
  SINCE JUL 1   5695                      6810  -1115     5649

 COOLING
  TODAY            0                         2     -2        5
  MONTH TO DATE   29                        23      6        7
  SINCE MAR 1     38                        30      8       10
  SINCE JAN 1     38                        30      8       10
..................................................................


WIND (MPH)
  HIGHEST WIND SPEED    20   HIGHEST WIND DIRECTION    NW (300)
  HIGHEST GUST SPEED    27   HIGHEST GUST DIRECTION    NW (310)
  AVERAGE WIND SPEED     8.3


SKY COVER
  POSSIBLE SUNSHINE  MM
  AVERAGE SKY COVER 0.5


WEATHER CONDITIONS
 THE FOLLOWING WEATHER WAS RECORDED TODAY.
  FOG


RELATIVE HUMIDITY (PERCENT)
 HIGHEST   100          1200 AM
 LOWEST     60           200 PM
 AVERAGE    80

..........................................................


THE CEDAR RAPIDS IA CLIMATE NORMALS FOR TOMORROW
                         NORMAL    RECORD    YEAR
 MAXIMUM TEMPERATURE (F)   74        99      1921
 MINIMUM TEMPERATURE (F)   52        34      1925


SUNRISE AND SUNSET
MAY 23 2017...........SUNRISE   539 AM CDT   SUNSET   828 PM CDT
MAY 24 2017...........SUNRISE   539 AM CDT   SUNSET   829 PM CDT


-  INDICATES NEGATIVE NUMBERS.
R  INDICATES RECORD WAS SET OR TIED.
MM INDICATES DATA IS MISSING.
T  INDICATES TRACE AMOUNT.




$$
