100
CDUS43 KDVN 280936
CLICID


CLIMATE REPORT
NATIONAL WEATHER SERVICE QUAD CITIES IA IL
436 AM CDT TUE MAR 28 2017


...................................

...THE CEDAR RAPIDS IA CLIMATE SUMMARY FOR MARCH 27 2017...

CLIMATE NORMAL PERIOD 1981 TO 2010
CLIMATE RECORD PERIOD 1891 TO 2017


WEATHER ITEM   OBSERVED TIME   RECORD YEAR NORMAL DEPARTURE LAST
                VALUE   (LST)  VALUE       VALUE  FROM      YEAR
                                                  NORMAL
..................................................................
TEMPERATURE (F)
 YESTERDAY
  MAXIMUM         50    557 PM  81    1945  52     -2       46
  MINIMUM         42    639 AM   3    1964  31     11       33
  AVERAGE         46                        41      5       40

PRECIPITATION (IN)
  YESTERDAY        T            MM      MM   0.08  -0.08     0.00
  MONTH TO DATE    1.50                      1.79  -0.29     1.75
  SINCE MAR 1      1.50                      1.79  -0.29     1.75
  SINCE JAN 1      3.67                      3.93  -0.26     2.35

DEGREE DAYS
 HEATING
  YESTERDAY       19                        24     -5       25
  MONTH TO DATE  761                       790    -29      630
  SINCE MAR 1    761                       790    -29      630
  SINCE JUL 1   5037                      6073  -1036     4941

 COOLING
  YESTERDAY        0                         0      0        0
  MONTH TO DATE    0                         0      0        0
  SINCE MAR 1      0                         0      0        0
  SINCE JAN 1      0                         0      0        0
..................................................................


WIND (MPH)
  HIGHEST WIND SPEED    12   HIGHEST WIND DIRECTION     N (360)
  HIGHEST GUST SPEED    20   HIGHEST GUST DIRECTION    NE (60)
  AVERAGE WIND SPEED     5.6


SKY COVER
  POSSIBLE SUNSHINE  MM
  AVERAGE SKY COVER 1.0


WEATHER CONDITIONS
 THE FOLLOWING WEATHER WAS RECORDED YESTERDAY.
  LIGHT RAIN
  FOG
  FOG W/VISIBILITY <= 1/4 MILE


RELATIVE HUMIDITY (PERCENT)
 HIGHEST   100          1200 AM
 LOWEST     86          1200 PM
 AVERAGE    93

..........................................................


THE CEDAR RAPIDS IA CLIMATE NORMALS FOR TODAY
                         NORMAL    RECORD    YEAR
 MAXIMUM TEMPERATURE (F)   53        81      1968
 MINIMUM TEMPERATURE (F)   31         9      1970


SUNRISE AND SUNSET
MARCH 28 2017.........SUNRISE   656 AM CDT   SUNSET   728 PM CDT
MARCH 29 2017.........SUNRISE   654 AM CDT   SUNSET   729 PM CDT


-  INDICATES NEGATIVE NUMBERS.
R  INDICATES RECORD WAS SET OR TIED.
MM INDICATES DATA IS MISSING.
T  INDICATES TRACE AMOUNT.




$$
