000
CDUS43 KDVN 211019
CLICID


CLIMATE REPORT
NATIONAL WEATHER SERVICE QUAD CITIES IA IL
418 AM CST SUN DEC 21 2014


...................................

...THE CEDAR RAPIDS IA CLIMATE SUMMARY FOR DECEMBER 20 2014...

CLIMATE NORMAL PERIOD 1981 TO 2010
CLIMATE RECORD PERIOD 1891 TO 2014


WEATHER ITEM   OBSERVED TIME   RECORD YEAR NORMAL DEPARTURE LAST
                VALUE   (LST)  VALUE       VALUE  FROM      YEAR
                                                  NORMAL
..................................................................
TEMPERATURE (F)
 YESTERDAY
  MAXIMUM         33   1159 PM  55    1967  30      3       32
  MINIMUM         29    817 AM -16    1924  13     16       23
  AVERAGE         31                        22      9       28

PRECIPITATION (IN)
  YESTERDAY        T            MM      MM   0.05  -0.05     0.02
  MONTH TO DATE    0.22                      1.02  -0.80     0.26
  SINCE DEC 1      0.22                      1.02  -0.80     0.26
  SINCE JAN 1     38.11                     34.21   3.90    37.39

DEGREE DAYS
 HEATING
  YESTERDAY       34                        43     -9       37
  MONTH TO DATE  640                       804   -164      918
  SINCE DEC 1    640                       804   -164      918
  SINCE JUL 1   2301                      2250     51     2361

 COOLING
  YESTERDAY        0                         0      0        0
  MONTH TO DATE    0                         0      0        0
  SINCE DEC 1      0                         0      0        0
  SINCE JAN 1    670                       748    -78      884
..................................................................


WIND (MPH)
  HIGHEST WIND SPEED     9   HIGHEST WIND DIRECTION     S (160)
  HIGHEST GUST SPEED    12   HIGHEST GUST DIRECTION     S (160)
  AVERAGE WIND SPEED     6.5


SKY COVER
  POSSIBLE SUNSHINE  MM
  AVERAGE SKY COVER 1.0


WEATHER CONDITIONS
 THE FOLLOWING WEATHER WAS RECORDED YESTERDAY.
  LIGHT RAIN
  LT FREEZING RAIN
  FOG
  FOG W/VISIBILITY <= 1/4 MILE


RELATIVE HUMIDITY (PERCENT)
 HIGHEST   100          1200 PM
 LOWEST     72          1200 AM
 AVERAGE    86

..........................................................


THE CEDAR RAPIDS IA CLIMATE NORMALS FOR TODAY
                         NORMAL    RECORD    YEAR
 MAXIMUM TEMPERATURE (F)   30        57      1967
 MINIMUM TEMPERATURE (F)   13       -20      1989


SUNRISE AND SUNSET
DECEMBER 21 2014......SUNRISE   731 AM CST   SUNSET   439 PM CST
DECEMBER 22 2014......SUNRISE   732 AM CST   SUNSET   439 PM CST


-  INDICATES NEGATIVE NUMBERS.
R  INDICATES RECORD WAS SET OR TIED.
MM INDICATES DATA IS MISSING.
T  INDICATES TRACE AMOUNT.




$$
