000
CDUS43 KDVN 262121
CLICID


CLIMATE REPORT
NATIONAL WEATHER SERVICE QUAD CITIES IA IL
420 PM CDT TUE JUL 26 2016


...................................

...THE CEDAR RAPIDS IA CLIMATE SUMMARY FOR JULY 26 2016...
VALID TODAY AS OF 0400 PM LOCAL TIME.

CLIMATE NORMAL PERIOD 1981 TO 2010
CLIMATE RECORD PERIOD 1891 TO 2016


WEATHER ITEM   OBSERVED TIME   RECORD YEAR NORMAL DEPARTURE LAST
                VALUE   (LST)  VALUE       VALUE  FROM      YEAR
                                                  NORMAL
..................................................................
TEMPERATURE (F)
 TODAY
  MAXIMUM         85    257 PM 108    1936  83      2       83
  MINIMUM         62    510 AM  47    1911  62      0       70
  AVERAGE         74                        73      1       77

PRECIPITATION (IN)
  TODAY            0.00         MM      MM   0.13  -0.13     1.68
  MONTH TO DATE    3.75                      3.81  -0.06     3.23
  SINCE JUN 1     12.08                      8.73   3.35    12.08
  SINCE JAN 1     20.74                     20.17   0.57    21.28

DEGREE DAYS
 HEATING
  TODAY            0                         0      0        0
  MONTH TO DATE    3                         0      3        4
  SINCE JUN 1      8                        29    -21       13
  SINCE JUL 1      3                         0      3        4

 COOLING
  TODAY            9                         8      1       12
  MONTH TO DATE  214                       208      6      179
  SINCE JUN 1    451                       374     77      324
  SINCE JAN 1    511                       423     88      374
..................................................................


WIND (MPH)
  HIGHEST WIND SPEED     8   HIGHEST WIND DIRECTION     E (110)
  HIGHEST GUST SPEED    10   HIGHEST GUST DIRECTION    SE (120)
  AVERAGE WIND SPEED     3.8


SKY COVER
  POSSIBLE SUNSHINE  MM
  AVERAGE SKY COVER 0.1


WEATHER CONDITIONS
 THE FOLLOWING WEATHER WAS RECORDED TODAY.
  NO SIGNIFICANT WEATHER WAS OBSERVED.


RELATIVE HUMIDITY (PERCENT)
 HIGHEST   100          1200 AM
 LOWEST     58          1100 AM
 AVERAGE    79

..........................................................


THE CEDAR RAPIDS IA CLIMATE NORMALS FOR TOMORROW
                         NORMAL    RECORD    YEAR
 MAXIMUM TEMPERATURE (F)   83       104      1930
 MINIMUM TEMPERATURE (F)   62        48      1937


SUNRISE AND SUNSET
JULY 26 2016..........SUNRISE   555 AM CDT   SUNSET   831 PM CDT
JULY 27 2016..........SUNRISE   556 AM CDT   SUNSET   830 PM CDT


-  INDICATES NEGATIVE NUMBERS.
R  INDICATES RECORD WAS SET OR TIED.
MM INDICATES DATA IS MISSING.
T  INDICATES TRACE AMOUNT.




$$
