000
CDUS43 KDVN 070929
CLICID


CLIMATE REPORT
NATIONAL WEATHER SERVICE QUAD CITIES IA IL
427 AM CDT TUE JUL 7 2015


...................................

...THE CEDAR RAPIDS IA CLIMATE SUMMARY FOR JULY 6 2015...

CLIMATE NORMAL PERIOD 1981 TO 2010
CLIMATE RECORD PERIOD 1891 TO 2015


WEATHER ITEM   OBSERVED TIME   RECORD YEAR NORMAL DEPARTURE LAST
                VALUE   (LST)  VALUE       VALUE  FROM      YEAR
                                                  NORMAL
..................................................................
TEMPERATURE (F)
 YESTERDAY
  MAXIMUM         80    339 PM 102    1936  84     -4       85
  MINIMUM         64   1159 PM  50    1979  63      1       65
  AVERAGE         72                        73     -1       75

PRECIPITATION (IN)
  YESTERDAY        0.51         MM      MM   0.16   0.35     0.09
  MONTH TO DATE    0.51                      0.93  -0.42     0.76
  SINCE JUN 1      9.36                      5.85   3.51    14.05
  SINCE JAN 1     18.56                     17.29   1.27    25.29

DEGREE DAYS
 HEATING
  YESTERDAY        0                         0      0        0
  MONTH TO DATE    2                         0      2       10
  SINCE JUN 1     11                        29    -18       15
  SINCE JUL 1      2                         0      2       10

 COOLING
  YESTERDAY        7                         8     -1       10
  MONTH TO DATE   18                        48    -30       14
  SINCE JUN 1    163                       214    -51      197
  SINCE JAN 1    213                       263    -50      277
..................................................................


WIND (MPH)
  HIGHEST WIND SPEED    22   HIGHEST WIND DIRECTION     N (360)
  HIGHEST GUST SPEED    26   HIGHEST GUST DIRECTION     N (350)
  AVERAGE WIND SPEED    10.6


SKY COVER
  POSSIBLE SUNSHINE  MM
  AVERAGE SKY COVER 0.5


WEATHER CONDITIONS
 THE FOLLOWING WEATHER WAS RECORDED YESTERDAY.
  THUNDERSTORM
  HEAVY RAIN
  RAIN
  LIGHT RAIN
  FOG
  HAZE


RELATIVE HUMIDITY (PERCENT)
 HIGHEST   100          1000 AM
 LOWEST     78           900 PM
 AVERAGE    89

..........................................................


THE CEDAR RAPIDS IA CLIMATE NORMALS FOR TODAY
                         NORMAL    RECORD    YEAR
 MAXIMUM TEMPERATURE (F)   84       100      2012
                                             1936
 MINIMUM TEMPERATURE (F)   63        49      1997


SUNRISE AND SUNSET
JULY  7 2015..........SUNRISE   539 AM CDT   SUNSET   844 PM CDT
JULY  8 2015..........SUNRISE   539 AM CDT   SUNSET   844 PM CDT


-  INDICATES NEGATIVE NUMBERS.
R  INDICATES RECORD WAS SET OR TIED.
MM INDICATES DATA IS MISSING.
T  INDICATES TRACE AMOUNT.




$$
