301
CDUS43 KDVN 282125
CLICID


CLIMATE REPORT
NATIONAL WEATHER SERVICE QUAD CITIES IA IL
423 PM CDT THU APR 28 2016


...................................

...THE CEDAR RAPIDS IA CLIMATE SUMMARY FOR APRIL 28 2016...
VALID TODAY AS OF 0400 PM LOCAL TIME.

CLIMATE NORMAL PERIOD 1981 TO 2010
CLIMATE RECORD PERIOD 1891 TO 2016


WEATHER ITEM   OBSERVED TIME   RECORD YEAR NORMAL DEPARTURE LAST
                VALUE   (LST)  VALUE       VALUE  FROM      YEAR
                                                  NORMAL
..................................................................
TEMPERATURE (F)
 TODAY
  MAXIMUM         54    229 PM  91    1970  66    -12       72
  MINIMUM         45   1207 AM  24    1928  42      3       38
  AVERAGE         50                        54     -4       55

PRECIPITATION (IN)
  TODAY            0.10         MM      MM   0.12  -0.02      T
  MONTH TO DATE    2.28                      2.80  -0.52     3.72
  SINCE MAR 1      4.08                      4.90  -0.82     4.24
  SINCE JAN 1      4.68                      7.04  -2.36     5.57

DEGREE DAYS
 HEATING
  TODAY           15                        11      4       10
  MONTH TO DATE  423                       460    -37      401
  SINCE MAR 1   1115                      1341   -226     1272
  SINCE JUL 1   5426                      6624  -1198     6799

 COOLING
  TODAY            0                         0      0        0
  MONTH TO DATE    3                         0      3        0
  SINCE MAR 1      3                         0      3        0
  SINCE JAN 1      3                         0      3        0
..................................................................


WIND (MPH)
  HIGHEST WIND SPEED    17   HIGHEST WIND DIRECTION     E (90)
  HIGHEST GUST SPEED    22   HIGHEST GUST DIRECTION     E (80)
  AVERAGE WIND SPEED     9.4


SKY COVER
  POSSIBLE SUNSHINE  MM
  AVERAGE SKY COVER 0.9


WEATHER CONDITIONS
 THE FOLLOWING WEATHER WAS RECORDED TODAY.
  RAIN
  LIGHT RAIN
  FOG
  HAZE


RELATIVE HUMIDITY (PERCENT)
 HIGHEST   100           400 AM
 LOWEST     89           200 PM
 AVERAGE    95

..........................................................


THE CEDAR RAPIDS IA CLIMATE NORMALS FOR TOMORROW
                         NORMAL    RECORD    YEAR
 MAXIMUM TEMPERATURE (F)   66        91      1952
 MINIMUM TEMPERATURE (F)   43        24      1958


SUNRISE AND SUNSET
APRIL 28 2016.........SUNRISE   606 AM CDT   SUNSET   803 PM CDT
APRIL 29 2016.........SUNRISE   605 AM CDT   SUNSET   804 PM CDT


-  INDICATES NEGATIVE NUMBERS.
R  INDICATES RECORD WAS SET OR TIED.
MM INDICATES DATA IS MISSING.
T  INDICATES TRACE AMOUNT.




$$
