000
CDUS43 KDVN 312122
CLICID


CLIMATE REPORT
NATIONAL WEATHER SERVICE QUAD CITIES IA IL
421 PM CDT MON AUG 31 2015


...................................

...THE CEDAR RAPIDS IA CLIMATE SUMMARY FOR AUGUST 31 2015...
VALID TODAY AS OF 0400 PM LOCAL TIME.

CLIMATE NORMAL PERIOD 1981 TO 2010
CLIMATE RECORD PERIOD 1891 TO 2015


WEATHER ITEM   OBSERVED TIME   RECORD YEAR NORMAL DEPARTURE LAST
                VALUE   (LST)  VALUE       VALUE  FROM      YEAR
                                                  NORMAL
..................................................................
TEMPERATURE (F)
 TODAY
  MAXIMUM         85    259 PM  98    1912  80      5       86
  MINIMUM         59    437 AM  38    1915  58      1       61
  AVERAGE         72                        69      3       74

PRECIPITATION (IN)
  TODAY            0.00         MM      MM   0.14  -0.14     0.51
  MONTH TO DATE    2.02                      4.48  -2.46     2.38
  SINCE JUN 1     16.45                     13.86   2.59    19.24
  SINCE JAN 1     25.65                     25.30   0.35    30.48

DEGREE DAYS
 HEATING
  TODAY            0                         1     -1        0
  MONTH TO DATE   24                        12     12        0
  SINCE JUN 1     37                        48    -11       24
  SINCE JUL 1     28                        19      9       19

 COOLING
  TODAY            7                         5      2        9
  MONTH TO DATE  144                       201    -57      220
  SINCE JUN 1    510                       619   -109      537
  SINCE JAN 1    560                       668   -108      617
..................................................................


WIND (MPH)
  HIGHEST WIND SPEED    14   HIGHEST WIND DIRECTION    SE (150)
  HIGHEST GUST SPEED    17   HIGHEST GUST DIRECTION     S (160)
  AVERAGE WIND SPEED     6.5


SKY COVER
  POSSIBLE SUNSHINE  MM
  AVERAGE SKY COVER 0.1


WEATHER CONDITIONS
 THE FOLLOWING WEATHER WAS RECORDED TODAY.
  FOG
  HAZE


RELATIVE HUMIDITY (PERCENT)
 HIGHEST   100          1200 AM
 LOWEST     74          1200 PM
 AVERAGE    87

..........................................................


THE CEDAR RAPIDS IA CLIMATE NORMALS FOR TOMORROW
                         NORMAL    RECORD    YEAR
 MAXIMUM TEMPERATURE (F)   79       102      1913
 MINIMUM TEMPERATURE (F)   57        39      1949


SUNRISE AND SUNSET
AUGUST 31 2015........SUNRISE   631 AM CDT   SUNSET   742 PM CDT
SEPTEMBER  1 2015.....SUNRISE   632 AM CDT   SUNSET   741 PM CDT


-  INDICATES NEGATIVE NUMBERS.
R  INDICATES RECORD WAS SET OR TIED.
MM INDICATES DATA IS MISSING.
T  INDICATES TRACE AMOUNT.




$$
