000
CDUS43 KDVN 200921
CLICID


CLIMATE REPORT
NATIONAL WEATHER SERVICE QUAD CITIES IA IL
418 AM CDT SUN AUG 20 2017


...................................

...THE CEDAR RAPIDS IA CLIMATE SUMMARY FOR AUGUST 19 2017...

CLIMATE NORMAL PERIOD 1981 TO 2010
CLIMATE RECORD PERIOD 1891 TO 2017


WEATHER ITEM   OBSERVED TIME   RECORD YEAR NORMAL DEPARTURE LAST
                VALUE   (LST)  VALUE       VALUE  FROM      YEAR
                                                  NORMAL
..................................................................
TEMPERATURE (F)
 YESTERDAY
  MAXIMUM         82    412 PM 100    1916  81      1       87
  MINIMUM         57    610 AM  45    2004  61     -4       67
  AVERAGE         70                        71     -1       77

PRECIPITATION (IN)
  YESTERDAY        0.12         MM      MM   0.15  -0.03     0.16
  MONTH TO DATE    0.55                      2.78  -2.23     6.59
  SINCE JUN 1      6.59                     12.16  -5.57    18.78
  SINCE JAN 1     18.97                     23.60  -4.63    27.44

DEGREE DAYS
 HEATING
  YESTERDAY        0                         0      0        0
  MONTH TO DATE    6                         0      6        0
  SINCE JUN 1     28                        33     -5        8
  SINCE JUL 1      6                         4      2        3

 COOLING
  YESTERDAY        5                         6     -1       12
  MONTH TO DATE   72                       133    -61      186
  SINCE JUN 1    544                       551     -7      677
  SINCE JAN 1    582                       600    -18      737
..................................................................


WIND (MPH)
  HIGHEST WIND SPEED    15   HIGHEST WIND DIRECTION    NW (300)
  HIGHEST GUST SPEED    18   HIGHEST GUST DIRECTION    NW (300)
  AVERAGE WIND SPEED     4.0


SKY COVER
  POSSIBLE SUNSHINE  MM
  AVERAGE SKY COVER 0.1


WEATHER CONDITIONS
 THE FOLLOWING WEATHER WAS RECORDED YESTERDAY.
  THUNDERSTORM
  HEAVY RAIN
  RAIN
  LIGHT RAIN
  FOG


RELATIVE HUMIDITY (PERCENT)
 HIGHEST   100          1200 AM
 LOWEST     51           200 PM
 AVERAGE    76

..........................................................


THE CEDAR RAPIDS IA CLIMATE NORMALS FOR TODAY
                         NORMAL    RECORD    YEAR
 MAXIMUM TEMPERATURE (F)   81       100      1947
 MINIMUM TEMPERATURE (F)   60        38      1950


SUNRISE AND SUNSET
AUGUST 20 2017........SUNRISE   620 AM CDT   SUNSET   759 PM CDT
AUGUST 21 2017........SUNRISE   621 AM CDT   SUNSET   757 PM CDT


-  INDICATES NEGATIVE NUMBERS.
R  INDICATES RECORD WAS SET OR TIED.
MM INDICATES DATA IS MISSING.
T  INDICATES TRACE AMOUNT.




$$
