000
CDUS41 KCLE 240545
CLICLE


CLIMATE REPORT
NATIONAL WEATHER SERVICE CLEVELAND OH
145 AM EDT TUE OCT 24 2017


...................................

...THE CLEVELAND OH CLIMATE SUMMARY FOR OCTOBER 23 2017...

CLIMATE NORMAL PERIOD 1981 TO 2010
CLIMATE RECORD PERIOD 1871 TO 2017


WEATHER ITEM   OBSERVED TIME   RECORD YEAR NORMAL DEPARTURE LAST
                VALUE   (LST)  VALUE       VALUE  FROM      YEAR
                                                  NORMAL
..................................................................
TEMPERATURE (F)
 YESTERDAY
  MAXIMUM         68   1158 AM  80    1963  60      8       68
  MINIMUM         58   1159 PM  25    1976  43     15       44
                                      1969
  AVERAGE         63                        52     11       56

PRECIPITATION (IN)
  YESTERDAY        0.11                      0.09   0.02     0.00
  MONTH TO DATE    3.05                      2.29   0.76     2.54
  SINCE SEP 1      3.86                      6.10  -2.24     7.92
  SINCE JAN 1     35.49                     31.64   3.85    31.29

SNOWFALL (IN)
  YESTERDAY        0.0                       0.0    0.0      0.0
  MONTH TO DATE    0.0                       0.1   -0.1      0.0
  SINCE SEP 1      0.0                       0.1   -0.1      0.0
  SINCE JUL 1      0.0                       0.1   -0.1      0.0
  SNOW DEPTH       0

DEGREE DAYS
 HEATING
  YESTERDAY        2                        14    -12        9
  MONTH TO DATE   58                       238   -180      117
  SINCE SEP 1    106                       329   -223      128
  SINCE JUL 1    108                       341   -233      128

 COOLING
  YESTERDAY        0                         0      0        0
  MONTH TO DATE   45                        10     35       43
  SINCE SEP 1    222                        99    123      228
  SINCE JAN 1   1113                       814    299     1312
..................................................................


WIND (MPH)
  HIGHEST WIND SPEED    25   HIGHEST WIND DIRECTION    SE (130)
  HIGHEST GUST SPEED    32   HIGHEST GUST DIRECTION    SE (140)
  AVERAGE WIND SPEED    15.0


SKY COVER
  POSSIBLE SUNSHINE  MM
  AVERAGE SKY COVER 1.0


WEATHER CONDITIONS
 THE FOLLOWING WEATHER WAS RECORDED YESTERDAY.
  RAIN
  LIGHT RAIN
  FOG


RELATIVE HUMIDITY (PERCENT)
 HIGHEST    90           600 PM
 LOWEST     56          1200 AM
 AVERAGE    73

..........................................................


THE CLEVELAND OH CLIMATE NORMALS FOR TODAY
                         NORMAL    RECORD    YEAR
 MAXIMUM TEMPERATURE (F)   60        80      1963
                                             1920
 MINIMUM TEMPERATURE (F)   43        22      1969


SUNRISE AND SUNSET
OCTOBER 24 2017.......SUNRISE   750 AM EDT   SUNSET   633 PM EDT
OCTOBER 25 2017.......SUNRISE   751 AM EDT   SUNSET   631 PM EDT


-  INDICATES NEGATIVE NUMBERS.
R  INDICATES RECORD WAS SET OR TIED.
MM INDICATES DATA IS MISSING.
T  INDICATES TRACE AMOUNT.




$$
