000
CDUS44 KHGX 170721
CLICLL


CLIMATE REPORT
NATIONAL WEATHER SERVICE HOUSTON/GALVESTON TX
120 AM CST TUE JAN 17 2017


...................................

...THE COLLEGE STATION CLIMATE SUMMARY FOR JANUARY 16 2017...

CLIMATE NORMAL PERIOD 1981 TO 2010
CLIMATE RECORD PERIOD 1902 TO 2017


WEATHER ITEM   OBSERVED TIME   RECORD YEAR NORMAL DEPARTURE LAST
                VALUE   (LST)  VALUE       VALUE  FROM      YEAR
                                                  NORMAL
..................................................................
TEMPERATURE (F)
 YESTERDAY
  MAXIMUM         73    157 PM  82    1936  61     12       55
  MINIMUM         59   1159 PM  21    1982  41     18       41
  AVERAGE         66                        51     15       48

PRECIPITATION (IN)
  YESTERDAY        1.21          1.68 1949   0.10   1.11     0.05
  MONTH TO DATE    2.00                      1.64   0.36     1.27
  SINCE DEC 1      4.77                      4.87  -0.10     9.35
  SINCE JAN 1      2.00                      1.64   0.36     1.27

SNOWFALL (IN)
  YESTERDAY        0.0
  MONTH TO DATE    T
  SINCE JUL 1      T

DEGREE DAYS
 HEATING
  YESTERDAY        0                        14    -14       17
  MONTH TO DATE  161                       237    -76      245
  SINCE DEC 1    480                       648   -168      500
  SINCE JUL 1    549                       873   -324      647

 COOLING
  YESTERDAY        1                         0      1        0
  MONTH TO DATE   33                         0     33        0
  SINCE DEC 1     77                        16     61       36
  SINCE JAN 1     33                         0     33        0
..................................................................


WIND (MPH)
  HIGHEST WIND SPEED    21   HIGHEST WIND DIRECTION    SW (210)
  HIGHEST GUST SPEED    27   HIGHEST GUST DIRECTION    SW (210)
  AVERAGE WIND SPEED     8.3


SKY COVER
  AVERAGE SKY COVER 1.0


WEATHER CONDITIONS
 THE FOLLOWING WEATHER WAS RECORDED YESTERDAY.
  THUNDERSTORM
  HEAVY RAIN
  RAIN
  LIGHT RAIN
  FOG


RELATIVE HUMIDITY (PERCENT)
 HIGHEST   100           500 AM
 LOWEST     79           200 PM
 AVERAGE    90

..........................................................


THE COLLEGE STATION CLIMATE NORMALS FOR TODAY
                         NORMAL    RECORD    YEAR
 MAXIMUM TEMPERATURE (F)   61        79      1999
 MINIMUM TEMPERATURE (F)   41         0      1930


SUNRISE AND SUNSET
JANUARY 17 2017.......SUNRISE   723 AM CST   SUNSET   549 PM CST
JANUARY 18 2017.......SUNRISE   723 AM CST   SUNSET   550 PM CST


-  INDICATES NEGATIVE NUMBERS.
R  INDICATES RECORD WAS SET OR TIED.
MM INDICATES DATA IS MISSING.
T  INDICATES TRACE AMOUNT.




$$
