098
CDUS44 KHGX 120830
CLICLL


CLIMATE REPORT
NATIONAL WEATHER SERVICE HOUSTON/GALVESTON TX
219 AM CST FRI FEB 12 2016


...................................

...THE COLLEGE STATION CLIMATE SUMMARY FOR FEBRUARY 11 2016...

CLIMATE NORMAL PERIOD 1981 TO 2010
CLIMATE RECORD PERIOD 1902 TO 2016


WEATHER ITEM   OBSERVED TIME   RECORD YEAR NORMAL DEPARTURE LAST
                VALUE   (LST)  VALUE       VALUE  FROM      YEAR
                                                  NORMAL
..................................................................
TEMPERATURE (F)
 YESTERDAY
  MAXIMUM         79    441 PM  84    1922  64     15       74
  MINIMUM         48    714 AM  17    1981  44      4       56
  AVERAGE         64                        54     10       65

PRECIPITATION (IN)
  YESTERDAY        0.00          1.15 2004   0.11  -0.11     0.00
  MONTH TO DATE    0.10                      1.13  -1.03     0.32
  SINCE DEC 1      9.48                      7.60   1.88     9.55
  SINCE JAN 1      1.40                      4.37  -2.97     6.98

SNOWFALL (IN)
  YESTERDAY        0.0
  MONTH TO DATE    0.0
  SINCE JUL 1      0.0

DEGREE DAYS
 HEATING
  YESTERDAY        1                        12    -11        0
  MONTH TO DATE  135                       138     -3      124
  SINCE DEC 1    821                       991   -170      973
  SINCE JUL 1    968                      1216   -248     1268

 COOLING
  YESTERDAY        0                         1     -1        0
  MONTH TO DATE    4                         8     -4        0
  SINCE DEC 1     44                        35      9       10
  SINCE JAN 1      8                        19    -11        0
..................................................................


WIND (MPH)
  HIGHEST WIND SPEED    20   HIGHEST WIND DIRECTION    SW (220)
  HIGHEST GUST SPEED    27   HIGHEST GUST DIRECTION    SW (230)
  AVERAGE WIND SPEED    10.3


SKY COVER
  AVERAGE SKY COVER 0.0


WEATHER CONDITIONS
 THE FOLLOWING WEATHER WAS RECORDED YESTERDAY.
  NO SIGNIFICANT WEATHER WAS OBSERVED.


RELATIVE HUMIDITY (PERCENT)
 HIGHEST    77           200 AM
 LOWEST     23           300 PM
 AVERAGE    50

..........................................................


THE COLLEGE STATION CLIMATE NORMALS FOR TODAY
                         NORMAL    RECORD    YEAR
 MAXIMUM TEMPERATURE (F)   64        87      1922
 MINIMUM TEMPERATURE (F)   44        20      1988


SUNRISE AND SUNSET
FEBRUARY 12 2016......SUNRISE   709 AM CST   SUNSET   611 PM CST
FEBRUARY 13 2016......SUNRISE   708 AM CST   SUNSET   612 PM CST


-  INDICATES NEGATIVE NUMBERS.
R  INDICATES RECORD WAS SET OR TIED.
MM INDICATES DATA IS MISSING.
T  INDICATES TRACE AMOUNT.




$$
