362
CDUS44 KHGX 042221
CLICLL


CLIMATE REPORT
NATIONAL WEATHER SERVICE HOUSTON/GALVESTON TX
420 PM CST SUN DEC 4 2016


...................................

...THE COLLEGE STATION CLIMATE SUMMARY FOR DECEMBER 4 2016...
VALID TODAY AS OF 400 PM LOCAL TIME.

CLIMATE NORMAL PERIOD 1981 TO 2010
CLIMATE RECORD PERIOD 1902 TO 2016


WEATHER ITEM   OBSERVED TIME   RECORD YEAR NORMAL DEPARTURE LAST
                VALUE   (LST)  VALUE       VALUE  FROM      YEAR
                                                  NORMAL
..................................................................
TEMPERATURE (F)
 TODAY
  MAXIMUM         53    235 PM  84    1922  65    -12       62
  MINIMUM         50    924 AM  26    2006  44      6       40
  AVERAGE         52                        54     -2       51

PRECIPITATION (IN)
  TODAY            0.09          7.54 1913   0.11  -0.02     0.00
  MONTH TO DATE    1.77                      0.43   1.34     0.00
  SINCE DEC 1      1.77                      0.43   1.34     0.00
  SINCE JAN 1     45.79                     37.26   8.53    50.23

SNOWFALL (IN)
  TODAY            0.0
  MONTH TO DATE    0.0
  SINCE JUL 1      0.0

DEGREE DAYS
 HEATING
  TODAY           13                        11      2       14
  MONTH TO DATE   48                        44      4       50
  SINCE DEC 1     48                        44      4       50
  SINCE JUL 1    117                       269   -152      197

 COOLING
  TODAY            0                         1     -1        0
  MONTH TO DATE    0                         4     -4        0
  SINCE DEC 1      0                         4     -4        0
  SINCE JAN 1   3290                      3077    213     3207
..................................................................


WIND (MPH)
  HIGHEST WIND SPEED    18   HIGHEST WIND DIRECTION    NE (30)
  HIGHEST GUST SPEED    23   HIGHEST GUST DIRECTION    NE (30)
  AVERAGE WIND SPEED    10.5


SKY COVER
  AVERAGE SKY COVER 1.0


WEATHER CONDITIONS
 THE FOLLOWING WEATHER WAS RECORDED TODAY.
  LIGHT RAIN
  FOG


RELATIVE HUMIDITY (PERCENT)
 HIGHEST    96          1000 AM
 LOWEST     83           400 PM
 AVERAGE    90

..........................................................


THE COLLEGE STATION CLIMATE NORMALS FOR TOMORROW
                         NORMAL    RECORD    YEAR
 MAXIMUM TEMPERATURE (F)   64        84      1995
 MINIMUM TEMPERATURE (F)   44        24      2009


SUNRISE AND SUNSET
DECEMBER  4 2016......SUNRISE   708 AM CST   SUNSET   524 PM CST
DECEMBER  5 2016......SUNRISE   708 AM CST   SUNSET   524 PM CST


-  INDICATES NEGATIVE NUMBERS.
R  INDICATES RECORD WAS SET OR TIED.
MM INDICATES DATA IS MISSING.
T  INDICATES TRACE AMOUNT.




$$
