000
CDUS42 KGSP 140632
CLICLT

CLIMATE REPORT
NATIONAL WEATHER SERVICE GREENVILLE-SPARTANBURG SC
132 AM EST SUN FEB 14 2016


...................................

...THE CHARLOTTE NC CLIMATE SUMMARY FOR FEBRUARY 13 2016...

CLIMATE NORMAL PERIOD 1981 TO 2010
CLIMATE RECORD PERIOD 1878 TO 2016


WEATHER ITEM   OBSERVED TIME   RECORD YEAR NORMAL DEPARTURE LAST
                VALUE   (LST)  VALUE       VALUE  FROM      YEAR
                                                  NORMAL
..................................................................
TEMPERATURE (F)
 YESTERDAY
  MAXIMUM         41    347 PM  74    1951  55    -14       40
  MINIMUM         22   1154 PM   2    1899  32    -10       21
  AVERAGE         32                        43    -11       31

PRECIPITATION (IN)
  YESTERDAY        0.00          1.88 1960   0.12  -0.12     0.00
  MONTH TO DATE    0.75                      1.42  -0.67     1.40
  SINCE DEC 1     11.73                      8.08   3.65     6.77
  SINCE JAN 1      3.03                      4.83  -1.80     4.20

SNOWFALL (IN)
  YESTERDAY        0.0           3.2  1914   0.1   -0.1      0.0
  MONTH TO DATE    T                         0.6   -0.6      0.0
  SINCE DEC 1      3.3                       3.0    0.3      0.0
  SINCE JUL 1      3.3                       3.1    0.2       T
  SNOW DEPTH       0

DEGREE DAYS
 HEATING
  YESTERDAY       33                        22     11       34
  MONTH TO DATE  293                       295     -2      287
  SINCE DEC 1   1381                      1766   -385     1636
  SINCE JUL 1   1847                      2402   -555     2294

 COOLING
  YESTERDAY        0                         0      0        0
  MONTH TO DATE    0                         0      0        0
  SINCE DEC 1     12                         1     11        0
  SINCE JAN 1      0                         0      0        0
..................................................................


WIND (MPH)
  HIGHEST WIND SPEED    17   HIGHEST WIND DIRECTION    NW (310)
  HIGHEST GUST SPEED    25   HIGHEST GUST DIRECTION    NW (330)
  AVERAGE WIND SPEED     8.7


SKY COVER
  POSSIBLE SUNSHINE  MM
  AVERAGE SKY COVER 0.2


WEATHER CONDITIONS
 THE FOLLOWING WEATHER WAS RECORDED YESTERDAY.
  NO SIGNIFICANT WEATHER WAS OBSERVED.


RELATIVE HUMIDITY (PERCENT)
 HIGHEST    69          1200 AM
 LOWEST     19           400 PM
 AVERAGE    44

..........................................................


THE CHARLOTTE NC CLIMATE NORMALS FOR TODAY
                         NORMAL    RECORD    YEAR
 MAXIMUM TEMPERATURE (F)   55        77      1951
                                             1949
 MINIMUM TEMPERATURE (F)   33        -5      1899


SUNRISE AND SUNSET
FEBRUARY 14 2016......SUNRISE   712 AM EST   SUNSET   605 PM EST
FEBRUARY 15 2016......SUNRISE   711 AM EST   SUNSET   606 PM EST


-  INDICATES NEGATIVE NUMBERS.
R  INDICATES RECORD WAS SET OR TIED.
MM INDICATES DATA IS MISSING.
T  INDICATES TRACE AMOUNT.

$$

OUTLAW
