000
CDUS42 KGSP 272027
CLICLT

CLIMATE REPORT
NATIONAL WEATHER SERVICE GREENVILLE-SPARTANBURG SC
426 PM EDT WED AUG 27 2014


...................................

...THE CHARLOTTE NC CLIMATE SUMMARY FOR AUGUST 27 2014...
VALID TODAY AS OF 0400 PM LOCAL TIME.

CLIMATE NORMAL PERIOD 1981 TO 2010
CLIMATE RECORD PERIOD 1878 TO 2014


WEATHER ITEM   OBSERVED TIME   RECORD YEAR NORMAL DEPARTURE LAST
                VALUE   (LST)  VALUE       VALUE  FROM      YEAR
                                                  NORMAL
..................................................................
TEMPERATURE (F)
 TODAY
  MAXIMUM         87    302 PM 101    1954  86      1       89
  MINIMUM         57    550 AM  55    1952  66     -9       63
                                      1944
                                      1904
  AVERAGE         72                        76     -4       76

PRECIPITATION (IN)
  TODAY            0.00          4.39 1995   0.13  -0.13     0.00
  MONTH TO DATE    3.68                      3.72  -0.04     1.62
  SINCE JUN 1     10.91                     11.14  -0.23    16.39
  SINCE JAN 1     33.70                     28.10   5.60    35.14

SNOWFALL (IN)
  TODAY            0.0           0.0    MM   0.0    0.0      0.0
  MONTH TO DATE    0.0                       0.0    0.0      0.0
  SINCE JUN 1      0.0                       0.0    0.0      0.0
  SINCE JUL 1      0.0                       0.0    0.0      0.0
  SNOW DEPTH       0

DEGREE DAYS
 HEATING
  TODAY            0                         0      0        0
  MONTH TO DATE    0                         0      0        1
  SINCE JUN 1      0                         3     -3        1
  SINCE JUL 1      0                         0      0        1

 COOLING
  TODAY            7                        11     -4       11
  MONTH TO DATE  301                       339    -38      297
  SINCE JUN 1   1069                      1070     -1     1060
  SINCE JAN 1   1297                      1233     64     1229
..................................................................


WIND (MPH)
  HIGHEST WIND SPEED    13   HIGHEST WIND DIRECTION     N (350)
  HIGHEST GUST SPEED    18   HIGHEST GUST DIRECTION     N (350)
  AVERAGE WIND SPEED     6.1


SKY COVER
  POSSIBLE SUNSHINE  MM
  AVERAGE SKY COVER 0.1


WEATHER CONDITIONS
 THE FOLLOWING WEATHER WAS RECORDED TODAY.
  FOG


RELATIVE HUMIDITY (PERCENT)
 HIGHEST   100           500 AM
 LOWEST     27           300 PM
 AVERAGE    64

..........................................................


THE CHARLOTTE NC CLIMATE NORMALS FOR TOMORROW
                         NORMAL    RECORD    YEAR
 MAXIMUM TEMPERATURE (F)   86        98      1924
 MINIMUM TEMPERATURE (F)   66        55      1905


SUNRISE AND SUNSET
AUGUST 27 2014........SUNRISE   653 AM EDT   SUNSET   757 PM EDT
AUGUST 28 2014........SUNRISE   653 AM EDT   SUNSET   756 PM EDT


-  INDICATES NEGATIVE NUMBERS.
R  INDICATES RECORD WAS SET OR TIED.
MM INDICATES DATA IS MISSING.
T  INDICATES TRACE AMOUNT.

$$
07
