000
CDUS42 KGSP 020632 RRB
CLICLT

CLIMATE REPORT
NATIONAL WEATHER SERVICE GREENVILLE-SPARTANBURG SC
131 AM EST FRI DEC 2 2016


...................................

...THE CHARLOTTE NC CLIMATE SUMMARY FOR DECEMBER 1 2016...

CLIMATE NORMAL PERIOD 1981 TO 2010
CLIMATE RECORD PERIOD 1878 TO 2016


WEATHER ITEM   OBSERVED TIME   RECORD YEAR NORMAL DEPARTURE LAST
                VALUE   (LST)  VALUE       VALUE  FROM      YEAR
                                                  NORMAL
..................................................................
TEMPERATURE (F)
 YESTERDAY
  MAXIMUM         64    332 PM  76    2006  57      7       53
  MINIMUM         41   1047 PM  15    1964  35      6       44
  AVERAGE         53                        46      7       49

PRECIPITATION (IN)
  YESTERDAY        0.00          1.21 1880   0.11  -0.11     0.03
  MONTH TO DATE    0.00                      0.11  -0.11     0.03
  SINCE DEC 1      0.00                      0.11  -0.11     0.03
  SINCE JAN 1     30.64                     38.49  -7.85    40.81

SNOWFALL (IN)
  YESTERDAY        0.0           T    1974   0.0    0.0      0.0
  MONTH TO DATE    0.0                       0.0    0.0      0.0
  SINCE DEC 1      0.0                       0.0    0.0      0.0
  SINCE JUL 1      0.0                       0.1   -0.1      0.0
  SNOW DEPTH       0

DEGREE DAYS
 HEATING
  YESTERDAY       12                        19     -7       16
  MONTH TO DATE   12                        19     -7       16
  SINCE DEC 1     12                        19     -7       16
  SINCE JUL 1    430                       655   -225      482

 COOLING
  YESTERDAY        0                         0      0        0
  MONTH TO DATE    0                         0      0        0
  SINCE DEC 1      0                         0      0        0
  SINCE JAN 1   2193                      1517    676     2016
..................................................................


WIND (MPH)
  HIGHEST WIND SPEED    13   HIGHEST WIND DIRECTION    SW (240)
  HIGHEST GUST SPEED    18   HIGHEST GUST DIRECTION     W (290)
  AVERAGE WIND SPEED     6.5


SKY COVER
  POSSIBLE SUNSHINE  MM
  AVERAGE SKY COVER 0.2


WEATHER CONDITIONS
 THE FOLLOWING WEATHER WAS RECORDED YESTERDAY.
  NO SIGNIFICANT WEATHER WAS OBSERVED.


RELATIVE HUMIDITY (PERCENT)
 HIGHEST    93           300 AM
 LOWEST     30           300 PM
 AVERAGE    62

..........................................................


THE CHARLOTTE NC CLIMATE NORMALS FOR TODAY
                         NORMAL    RECORD    YEAR
 MAXIMUM TEMPERATURE (F)   57        76      1991
 MINIMUM TEMPERATURE (F)   35        20      1924


SUNRISE AND SUNSET
DECEMBER  2 2016......SUNRISE   715 AM EST   SUNSET   511 PM EST
DECEMBER  3 2016......SUNRISE   716 AM EST   SUNSET   511 PM EST


-  INDICATES NEGATIVE NUMBERS.
R  INDICATES RECORD WAS SET OR TIED.
MM INDICATES DATA IS MISSING.
T  INDICATES TRACE AMOUNT.




$$
JPT
