000
CDUS42 KGSP 270638 RRA
CLICLT

CLIMATE REPORT
NATIONAL WEATHER SERVICE GREENVILLE-SPARTANBURG SC
237 AM EDT FRI MAY 27 2016


...................................

...THE CHARLOTTE NC CLIMATE SUMMARY FOR MAY 26 2016...

CLIMATE NORMAL PERIOD 1981 TO 2010
CLIMATE RECORD PERIOD 1878 TO 2016


WEATHER ITEM   OBSERVED TIME   RECORD YEAR NORMAL DEPARTURE LAST
                VALUE   (LST)  VALUE       VALUE  FROM      YEAR
                                                  NORMAL
..................................................................
TEMPERATURE (F)
 YESTERDAY
  MAXIMUM         86    411 PM  96    1926  81      5       88
  MINIMUM         63    526 AM  45    1979  59      4       67
  AVERAGE         75                        70      5       78

PRECIPITATION (IN)
  YESTERDAY        0.00          3.03 1890   0.11  -0.11     0.32
  MONTH TO DATE    4.90                      2.60   2.30     0.32
  SINCE MAR 1      7.78                      9.65  -1.87     8.65
  SINCE JAN 1     14.56                     16.38  -1.82    14.47

SNOWFALL (IN)
  YESTERDAY        0.0           0.0    MM   0.0    0.0      0.0
  MONTH TO DATE    0.0                       0.0    0.0      0.0
  SINCE MAR 1      0.0                       0.6   -0.6      0.0
  SINCE JUL 1      3.3                       4.3   -1.0      3.1
  SNOW DEPTH       0

DEGREE DAYS
 HEATING
  YESTERDAY        0                         1     -1        0
  MONTH TO DATE   43                        50     -7       15
  SINCE MAR 1    426                       683   -257      483
  SINCE JUL 1   2568                      3382   -814     3254

 COOLING
  YESTERDAY       10                         6      4       13
  MONTH TO DATE  100                        93      7      170
  SINCE MAR 1    198                       130     68      233
  SINCE JAN 1    198                       130     68      233
..................................................................


WIND (MPH)
  HIGHEST WIND SPEED    13   HIGHEST WIND DIRECTION    SW (210)
  HIGHEST GUST SPEED    23   HIGHEST GUST DIRECTION    SW (210)
  AVERAGE WIND SPEED     6.2


SKY COVER
  POSSIBLE SUNSHINE  MM
  AVERAGE SKY COVER 0.3


WEATHER CONDITIONS
 THE FOLLOWING WEATHER WAS RECORDED YESTERDAY.
  NO SIGNIFICANT WEATHER WAS OBSERVED.


RELATIVE HUMIDITY (PERCENT)
 HIGHEST    78           400 AM
 LOWEST     42           200 PM
 AVERAGE    60

..........................................................


THE CHARLOTTE NC CLIMATE NORMALS FOR TODAY
                         NORMAL    RECORD    YEAR
 MAXIMUM TEMPERATURE (F)   82        96      1916
 MINIMUM TEMPERATURE (F)   59        41      1961


SUNRISE AND SUNSET
MAY 27 2016...........SUNRISE   612 AM EDT   SUNSET   830 PM EDT
MAY 28 2016...........SUNRISE   612 AM EDT   SUNSET   831 PM EDT


-  INDICATES NEGATIVE NUMBERS.
R  INDICATES RECORD WAS SET OR TIED.
MM INDICATES DATA IS MISSING.
T  INDICATES TRACE AMOUNT.

$$
