000
CDUS42 KGSP 260632
CLICLT

CLIMATE REPORT
NATIONAL WEATHER SERVICE GREENVILLE-SPARTANBURG SC
132 AM EST SUN FEB 26 2017


...................................

...THE CHARLOTTE NC CLIMATE SUMMARY FOR FEBRUARY 25 2017...

CLIMATE NORMAL PERIOD 1981 TO 2010
CLIMATE RECORD PERIOD 1878 TO 2017


WEATHER ITEM   OBSERVED TIME   RECORD YEAR NORMAL DEPARTURE LAST
                VALUE   (LST)  VALUE       VALUE  FROM      YEAR
                                                  NORMAL
..................................................................
TEMPERATURE (F)
 YESTERDAY
  MAXIMUM         78    232 PM  82    1930  57     21       55
  MINIMUM         46   1159 PM   7    1967  35     11       37
  AVERAGE         62                        46     16       46

PRECIPITATION (IN)
  YESTERDAY        0.01          1.78 1894   0.13  -0.12     0.00
  MONTH TO DATE    1.17                      2.94  -1.77     4.50
  SINCE DEC 1      9.80                      9.60   0.20    15.48
  SINCE JAN 1      6.89                      6.35   0.54     6.78

SNOWFALL (IN)
  YESTERDAY        0.0           6.2  1894   0.1   -0.1      0.0
  MONTH TO DATE    0.0                       1.1   -1.1       T
  SINCE DEC 1      1.1                       3.5   -2.4      3.3
  SINCE JUL 1      1.1                       3.6   -2.5      3.3
  SNOW DEPTH       0

DEGREE DAYS
 HEATING
  YESTERDAY        3                        19    -16       19
  MONTH TO DATE  280                       537   -257      520
  SINCE DEC 1   1439                      2008   -569     1608
  SINCE JUL 1   1857                      2644   -787     2074

 COOLING
  YESTERDAY        0                         0      0        0
  MONTH TO DATE    5                         0      5        0
  SINCE DEC 1      5                         1      4       12
  SINCE JAN 1      5                         0      5        0
..................................................................


WIND (MPH)
  HIGHEST WIND SPEED    35   HIGHEST WIND DIRECTION    SW (220)
  HIGHEST GUST SPEED    45   HIGHEST GUST DIRECTION    SW (220)
  AVERAGE WIND SPEED    13.2


SKY COVER
  POSSIBLE SUNSHINE  MM
  AVERAGE SKY COVER 0.4


WEATHER CONDITIONS
 THE FOLLOWING WEATHER WAS RECORDED YESTERDAY.
  LIGHT RAIN


RELATIVE HUMIDITY (PERCENT)
 HIGHEST    87           600 AM
 LOWEST     13           400 PM
 AVERAGE    50

..........................................................


THE CHARLOTTE NC CLIMATE NORMALS FOR TODAY
                         NORMAL    RECORD    YEAR
 MAXIMUM TEMPERATURE (F)   58        81      1977
 MINIMUM TEMPERATURE (F)   35         7      1967


SUNRISE AND SUNSET
FEBRUARY 26 2017......SUNRISE   657 AM EST   SUNSET   617 PM EST
FEBRUARY 27 2017......SUNRISE   656 AM EST   SUNSET   618 PM EST


-  INDICATES NEGATIVE NUMBERS.
R  INDICATES RECORD WAS SET OR TIED.
MM INDICATES DATA IS MISSING.
T  INDICATES TRACE AMOUNT.

$$

OUTLAW
