000
CDUS46 KLOX 010913
CLICMA


CLIMATE REPORT
NATIONAL WEATHER SERVICE LOS ANGELES/OXNARD CA
212 AM PDT SUN MAY 1 2016


...................................

...THE CAMARILLO AIRPORT CA CLIMATE SUMMARY FOR APRIL 30 2016...

CLIMATE NORMAL PERIOD 1981 TO 2010
CLIMATE RECORD PERIOD 1948 TO 2016


WEATHER ITEM   OBSERVED TIME   RECORD YEAR NORMAL DEPARTURE LAST
                VALUE   (LST)  VALUE       VALUE  FROM      YEAR
                                                  NORMAL
..................................................................
TEMPERATURE (F)
 YESTERDAY
  MAXIMUM         69    156 PM  94    2014  71     -2       80
  MINIMUM         50    322 AM  39    1967  49      1       54
  AVERAGE         60                        60      0       67

PRECIPITATION (IN)
  YESTERDAY        0.00          1.77 1955   0.03  -0.03     0.00
  MONTH TO DATE    0.57                      0.79  -0.22     0.12
  SINCE OCT 1      5.98                     14.62  -8.64     8.13
  SINCE JAN 1      5.42                     10.62  -5.20     3.22

SNOWFALL (IN)
  YESTERDAY        0.0
  MONTH TO DATE    0.0
  SINCE MAR 1      0.0
  SINCE JUL 1      0.0

DEGREE DAYS
 HEATING
  YESTERDAY        5                         6     -1        0
  MONTH TO DATE  106                       207   -101      117
  SINCE MAR 1    294                       484   -190      208
  SINCE JUL 1   1111                      1820   -709      865

 COOLING
  YESTERDAY        0                         0      0        2
  MONTH TO DATE   12                         7      5       13
  SINCE MAR 1     13                        11      2       69
  SINCE JAN 1     71                        20     51      108
..................................................................


WIND (MPH)
  HIGHEST WIND SPEED    16   HIGHEST WIND DIRECTION    SW (240)
  HIGHEST GUST SPEED    21   HIGHEST GUST DIRECTION    SW (240)
  AVERAGE WIND SPEED     5.9


SKY COVER
  POSSIBLE SUNSHINE  MM
  AVERAGE SKY COVER 0.1


WEATHER CONDITIONS
 THE FOLLOWING WEATHER WAS RECORDED YESTERDAY.
  NO SIGNIFICANT WEATHER WAS OBSERVED.


RELATIVE HUMIDITY (PERCENT)
 HIGHEST    86           300 AM
 LOWEST     44          1200 PM
 AVERAGE    65

..........................................................


THE CAMARILLO AIRPORT CA CLIMATE NORMALS FOR TODAY
                         NORMAL    RECORD    YEAR
 MAXIMUM TEMPERATURE (F)   71        98      2014
 MINIMUM TEMPERATURE (F)   49        40      1953


SUNRISE AND SUNSET
MAY  1 2016...........SUNRISE   606 AM PDT   SUNSET   741 PM PDT
MAY  2 2016...........SUNRISE   605 AM PDT   SUNSET   742 PM PDT


-  INDICATES NEGATIVE NUMBERS.
R  INDICATES RECORD WAS SET OR TIED.
MM INDICATES DATA IS MISSING.
T  INDICATES TRACE AMOUNT.




$$
