702
CDUS46 KLOX 300118
CLICMA


CLIMATE REPORT
NATIONAL WEATHER SERVICE LOS ANGELES/OXNARD CA
618 PM PDT THU SEP 29 2016


...................................

...THE CAMARILLO CLIMATE SUMMARY FOR SEPTEMBER 29 2016...
VALID TODAY AS OF 0600 PM LOCAL TIME.

CLIMATE NORMAL PERIOD 1981 TO 2010
CLIMATE RECORD PERIOD 1948 TO 2016


WEATHER ITEM   OBSERVED TIME   RECORD YEAR NORMAL DEPARTURE LAST
                VALUE   (LST)  VALUE       VALUE  FROM      YEAR
                                                  NORMAL
..................................................................
TEMPERATURE (F)
 TODAY
  MAXIMUM         84    141 PM  92    1970  75      9       83
  MINIMUM         63    559 AM  42    1948  55      8       59
  AVERAGE         74                        65      9       71

PRECIPITATION (IN)
  TODAY            0.00          3.72 1976   0.01  -0.01     0.00
  MONTH TO DATE    T                         0.16  -0.16     0.36
  SINCE OCT 1      5.98                     15.20  -9.22     9.32
  SINCE JAN 1      5.42                     11.20  -5.78     4.41

SNOWFALL (IN)
  TODAY            0.0
  MONTH TO DATE    0.0
  SINCE SEP 1      0.0
  SINCE JUL 1      0.0

DEGREE DAYS
 HEATING
  TODAY            0                         1     -1        0
  MONTH TO DATE    4                        11     -7        0
  SINCE SEP 1      4                        11     -7        0
  SINCE JUL 1      4                        26    -22        0

 COOLING
  TODAY            9                         2      7        6
  MONTH TO DATE  143                        71     72      295
  SINCE SEP 1    143                        71     72      295
  SINCE JAN 1    608                       283    325      900
..................................................................


WIND (MPH)
  HIGHEST WIND SPEED    12   HIGHEST WIND DIRECTION     W (260)
  HIGHEST GUST SPEED    16   HIGHEST GUST DIRECTION     W (260)
  AVERAGE WIND SPEED     4.5


SKY COVER
  POSSIBLE SUNSHINE  MM
  AVERAGE SKY COVER 0.0


WEATHER CONDITIONS
 THE FOLLOWING WEATHER WAS RECORDED TODAY.
  NO SIGNIFICANT WEATHER WAS OBSERVED.


RELATIVE HUMIDITY (PERCENT)
 HIGHEST    81          1200 AM
 LOWEST     43           300 PM
 AVERAGE    62

..........................................................


THE CAMARILLO CLIMATE NORMALS FOR TOMORROW
                         NORMAL    RECORD    YEAR
 MAXIMUM TEMPERATURE (F)   75        94      1965
 MINIMUM TEMPERATURE (F)   55        46      1964


SUNRISE AND SUNSET
SEPTEMBER 29 2016.....SUNRISE   650 AM PDT   SUNSET   643 PM PDT
SEPTEMBER 30 2016.....SUNRISE   651 AM PDT   SUNSET   641 PM PDT


-  INDICATES NEGATIVE NUMBERS.
R  INDICATES RECORD WAS SET OR TIED.
MM INDICATES DATA IS MISSING.
T  INDICATES TRACE AMOUNT.




$$
