000
CDUS46 KLOX 270111
CLICMA


CLIMATE REPORT
NATIONAL WEATHER SERVICE LOS ANGELES/OXNARD CA
611 PM PDT TUE MAY 26 2015


...................................

...THE CAMARILLO CLIMATE SUMMARY FOR MAY 26 2015...
VALID TODAY AS OF 0600 PM LOCAL TIME.

CLIMATE NORMAL PERIOD 1981 TO 2010
CLIMATE RECORD PERIOD 1948 TO 2015


WEATHER ITEM   OBSERVED TIME   RECORD YEAR NORMAL DEPARTURE LAST
                VALUE   (LST)  VALUE       VALUE  FROM      YEAR
                                                  NORMAL
..................................................................
TEMPERATURE (F)
 TODAY
  MAXIMUM         68    324 PM  93    1968  71     -3       75
  MINIMUM         58    239 AM  43    1980  54      4       58
  AVERAGE         63                        62      1       67

PRECIPITATION (IN)
  TODAY            0.00          0.01 1966   0.00   0.00     0.00
  MONTH TO DATE    0.22                      0.30  -0.08     0.01
  SINCE OCT 1      8.35                     14.92  -6.57     4.97
  SINCE JAN 1      3.44                     10.92  -7.48     4.19

SNOWFALL (IN)
  TODAY            0.0
  MONTH TO DATE    0.0
  SINCE MAR 1      0.0
  SINCE JUL 1      0.0

DEGREE DAYS
 HEATING
  TODAY            2                         3     -1        0
  MONTH TO DATE  100                       109     -9       53
  SINCE MAR 1    308                       593   -285      349
  SINCE JUL 1    965                      1929   -964     1302

 COOLING
  TODAY            0                         0      0        2
  MONTH TO DATE    1                         0      1       81
  SINCE MAR 1     70                        11     59      115
  SINCE JAN 1    109                        20     89      143
..................................................................


WIND (MPH)
  HIGHEST WIND SPEED    14   HIGHEST WIND DIRECTION     W (270)
  HIGHEST GUST SPEED    17   HIGHEST GUST DIRECTION     W (260)
  AVERAGE WIND SPEED     5.3


SKY COVER
  POSSIBLE SUNSHINE  MM
  AVERAGE SKY COVER 0.9


WEATHER CONDITIONS
 THE FOLLOWING WEATHER WAS RECORDED TODAY.
  NO SIGNIFICANT WEATHER WAS OBSERVED.


RELATIVE HUMIDITY (PERCENT)
 HIGHEST    80           100 AM
 LOWEST     58           400 PM
 AVERAGE    69

..........................................................


THE CAMARILLO CLIMATE NORMALS FOR TOMORROW
                         NORMAL    RECORD    YEAR
 MAXIMUM TEMPERATURE (F)   71        87      1968
 MINIMUM TEMPERATURE (F)   54        45      2008


SUNRISE AND SUNSET
MAY 26 2015...........SUNRISE   548 AM PDT   SUNSET   759 PM PDT
MAY 27 2015...........SUNRISE   548 AM PDT   SUNSET   800 PM PDT


-  INDICATES NEGATIVE NUMBERS.
R  INDICATES RECORD WAS SET OR TIED.
MM INDICATES DATA IS MISSING.
T  INDICATES TRACE AMOUNT.




$$
