000
CDUS46 KLOX 220915
CLICMA


CLIMATE REPORT
NATIONAL WEATHER SERVICE LOS ANGELES/OXNARD CA
215 AM PDT WED MAR 22 2017


...................................

...THE CAMARILLO AIRPORT CA CLIMATE SUMMARY FOR MARCH 21 2017...

CLIMATE NORMAL PERIOD 1981 TO 2010
CLIMATE RECORD PERIOD 1948 TO 2017


WEATHER ITEM   OBSERVED TIME   RECORD YEAR NORMAL DEPARTURE LAST
                VALUE   (LST)  VALUE       VALUE  FROM      YEAR
                                                  NORMAL
..................................................................
TEMPERATURE (F)
 YESTERDAY
  MAXIMUM         63   1108 AM  82    1968  66     -3       68
  MINIMUM         57    525 AM  37    1973  48      9       52
  AVERAGE         60                        57      3       60

PRECIPITATION (IN)
  YESTERDAY        0.19          0.80 1995   0.04   0.15     0.00
  MONTH TO DATE    0.20                      2.31  -2.11     1.91
  SINCE OCT 1     19.21                     13.49   5.72     5.41
  SINCE JAN 1     14.55                      9.49   5.06     4.85

SNOWFALL (IN)
  YESTERDAY        0.0
  MONTH TO DATE    0.0
  SINCE MAR 1      0.0
  SINCE JUL 1      0.0

DEGREE DAYS
 HEATING
  YESTERDAY        5                         8     -3        5
  MONTH TO DATE  106                       197    -91      125
  SINCE MAR 1    106                       197    -91      125
  SINCE JUL 1   1094                      1533   -439      942

 COOLING
  YESTERDAY        0                         0      0        0
  MONTH TO DATE    1                         0      1        1
  SINCE MAR 1      1                         0      1        1
  SINCE JAN 1      2                         9     -7       59
..................................................................


WIND (MPH)
  HIGHEST WIND SPEED    12   HIGHEST WIND DIRECTION    NE (40)
  HIGHEST GUST SPEED    18   HIGHEST GUST DIRECTION     E (100)
  AVERAGE WIND SPEED     5.2


SKY COVER
  POSSIBLE SUNSHINE  MM
  AVERAGE SKY COVER 1.0


WEATHER CONDITIONS
 THE FOLLOWING WEATHER WAS RECORDED YESTERDAY.
  RAIN
  LIGHT RAIN
  FOG


RELATIVE HUMIDITY (PERCENT)
 HIGHEST    90           200 PM
 LOWEST     72           200 AM
 AVERAGE    81

..........................................................


THE CAMARILLO AIRPORT CA CLIMATE NORMALS FOR TODAY
                         NORMAL    RECORD    YEAR
 MAXIMUM TEMPERATURE (F)   66        88      2008
 MINIMUM TEMPERATURE (F)   48        37      2006


SUNRISE AND SUNSET
MARCH 22 2017.........SUNRISE   657 AM PDT   SUNSET   710 PM PDT
MARCH 23 2017.........SUNRISE   655 AM PDT   SUNSET   711 PM PDT


-  INDICATES NEGATIVE NUMBERS.
R  INDICATES RECORD WAS SET OR TIED.
MM INDICATES DATA IS MISSING.
T  INDICATES TRACE AMOUNT.




$$
