006
CDUS46 KLOX 220901
CLICMA


CLIMATE REPORT
NATIONAL WEATHER SERVICE LOS ANGELES/OXNARD CA
101 AM PST THU FEB 22 2018


...................................

...THE CAMARILLO AIRPORT CA CLIMATE SUMMARY FOR FEBRUARY 21 2018...

CLIMATE NORMAL PERIOD 1981 TO 2010
CLIMATE RECORD PERIOD 1923 TO 2018


WEATHER ITEM   OBSERVED TIME   RECORD YEAR NORMAL DEPARTURE LAST
                VALUE   (LST)  VALUE       VALUE  FROM      YEAR
                                                  NORMAL
..................................................................
TEMPERATURE (F)
 YESTERDAY
  MAXIMUM         61    307 PM  88    2002  65     -4       62
  MINIMUM         38    638 AM  33    1960  43     -5       57
  AVERAGE         50                        54     -4       60

PRECIPITATION (IN)
  YESTERDAY        0.00          1.75 2005   0.15  -0.15     0.07
  MONTH TO DATE    0.12                      2.72  -2.60     5.92
  SINCE OCT 1      1.21                     10.19  -8.98    18.83
  SINCE JAN 1      1.14                      6.19  -5.05    14.17

SNOWFALL (IN)
  YESTERDAY        0.0
  MONTH TO DATE    0.0
  SINCE DEC 1      0.0
  SINCE JUL 1      0.0

DEGREE DAYS
 HEATING
  YESTERDAY       15                        11      4        5
  MONTH TO DATE  141                       241   -100      140
  SINCE DEC 1    480                       928   -448      726
  SINCE JUL 1    567                      1260   -693      889

 COOLING
  YESTERDAY        0                         0      0        0
  MONTH TO DATE    3                         0      3        0
  SINCE DEC 1     69                         9     60        6
  SINCE JAN 1     42                         7     35        1
..................................................................


WIND (MPH)
  HIGHEST WIND SPEED    18   HIGHEST WIND DIRECTION     W (270)
  HIGHEST GUST SPEED    25   HIGHEST GUST DIRECTION     W (250)
  AVERAGE WIND SPEED     6.7


SKY COVER
  POSSIBLE SUNSHINE  MM
  AVERAGE SKY COVER 0.1


WEATHER CONDITIONS
 THE FOLLOWING WEATHER WAS RECORDED YESTERDAY.
  HAZE


RELATIVE HUMIDITY (PERCENT)
 HIGHEST    61           900 PM
 LOWEST     19          1000 AM
 AVERAGE    40

..........................................................


THE CAMARILLO AIRPORT CA CLIMATE NORMALS FOR TODAY
                         NORMAL    RECORD    YEAR
 MAXIMUM TEMPERATURE (F)   65        90      2002
 MINIMUM TEMPERATURE (F)   43        32      1935


SUNRISE AND SUNSET
FEBRUARY 22 2018......SUNRISE   633 AM PST   SUNSET   547 PM PST
FEBRUARY 23 2018......SUNRISE   632 AM PST   SUNSET   547 PM PST


-  INDICATES NEGATIVE NUMBERS.
R  INDICATES RECORD WAS SET OR TIED.
MM INDICATES DATA IS MISSING.
T  INDICATES TRACE AMOUNT.




$$
