000
CDUS46 KLOX 290129
CLICMA


CLIMATE REPORT
NATIONAL WEATHER SERVICE LOS ANGELES/OXNARD CA
629 PM PDT FRI APR 28 2017


...................................

...THE CAMARILLO CLIMATE SUMMARY FOR APRIL 28 2017...
VALID TODAY AS OF 0600 PM LOCAL TIME.

CLIMATE NORMAL PERIOD 1981 TO 2010
CLIMATE RECORD PERIOD 1948 TO 2017


WEATHER ITEM   OBSERVED TIME   RECORD YEAR NORMAL DEPARTURE LAST
                VALUE   (LST)  VALUE       VALUE  FROM      YEAR
                                                  NORMAL
..................................................................
TEMPERATURE (F)
 TODAY
  MAXIMUM         79    138 PM  88    2008  70      9       68
  MINIMUM         50    534 AM  38    1970  49      1       46
  AVERAGE         65                        59      6       57

PRECIPITATION (IN)
  TODAY            0.00          0.88 2005   0.03  -0.03     0.00
  MONTH TO DATE    0.13                      0.74  -0.61     0.57
  SINCE OCT 1     19.36                     14.57   4.79     5.98
  SINCE JAN 1     14.70                     10.57   4.13     5.42

SNOWFALL (IN)
  TODAY            0.0
  MONTH TO DATE    0.0
  SINCE MAR 1      0.0
  SINCE JUL 1      0.0

DEGREE DAYS
 HEATING
  TODAY            0                         6     -6        8
  MONTH TO DATE   97                       195    -98       94
  SINCE MAR 1    259                       472   -213      282
  SINCE JUL 1   1247                      1808   -561     1099

 COOLING
  TODAY            0                         0      0        0
  MONTH TO DATE   10                         0     10       12
  SINCE MAR 1     14                         4     10       13
  SINCE JAN 1     15                        13      2       71
..................................................................


WIND (MPH)
  HIGHEST WIND SPEED    16   HIGHEST WIND DIRECTION     W (260)
  HIGHEST GUST SPEED    20   HIGHEST GUST DIRECTION    SW (230)
  AVERAGE WIND SPEED     7.0


SKY COVER
  POSSIBLE SUNSHINE  MM
  AVERAGE SKY COVER 0.0


WEATHER CONDITIONS
 THE FOLLOWING WEATHER WAS RECORDED TODAY.
  NO SIGNIFICANT WEATHER WAS OBSERVED.


RELATIVE HUMIDITY (PERCENT)
 HIGHEST    83           600 AM
 LOWEST     25           100 PM
 AVERAGE    54

..........................................................


THE CAMARILLO CLIMATE NORMALS FOR TOMORROW
                         NORMAL    RECORD    YEAR
 MAXIMUM TEMPERATURE (F)   70        96      1981
 MINIMUM TEMPERATURE (F)   49        37      1970


SUNRISE AND SUNSET
APRIL 28 2017.........SUNRISE   610 AM PDT   SUNSET   738 PM PDT
APRIL 29 2017.........SUNRISE   609 AM PDT   SUNSET   739 PM PDT


-  INDICATES NEGATIVE NUMBERS.
R  INDICATES RECORD WAS SET OR TIED.
MM INDICATES DATA IS MISSING.
T  INDICATES TRACE AMOUNT.




$$
