000
CDUS46 KLOX 260120
CLICMA


CLIMATE REPORT
NATIONAL WEATHER SERVICE LOS ANGELES/OXNARD CA
620 PM PDT SAT OCT 25 2014


...................................

...THE CAMARILLO CLIMATE SUMMARY FOR OCTOBER 25 2014...
VALID TODAY AS OF 0600 PM LOCAL TIME.

CLIMATE NORMAL PERIOD 1981 TO 2010
CLIMATE RECORD PERIOD 1948 TO 2014


WEATHER ITEM   OBSERVED TIME   RECORD YEAR NORMAL DEPARTURE LAST
                VALUE   (LST)  VALUE       VALUE  FROM      YEAR
                                                  NORMAL
..................................................................
TEMPERATURE (F)
 TODAY
  MAXIMUM         78   1215 PM  88    1983  73      5       69
  MINIMUM         53    136 AM  40    1961  52      1       54
  AVERAGE         66                        62      4       62

PRECIPITATION (IN)
  TODAY            0.00          0.37 1951   0.03  -0.03     0.00
  MONTH TO DATE    0.00                      0.42  -0.42      T
  SINCE JUL 1      0.03                      0.66  -0.63     0.04
  SINCE JAN 1      4.22                     11.64  -7.42     2.19

SNOWFALL (IN)
  TODAY            0.0
  MONTH TO DATE    0.0
  SINCE SEP 1      0.0
  SINCE JUL 1      0.0

DEGREE DAYS
 HEATING
  TODAY            0                         4     -4        3
  MONTH TO DATE    0                        67    -67       68
  SINCE SEP 1      0                        84    -84       70
  SINCE JUL 1      0                        99    -99       73

 COOLING
  TODAY            1                         1      0        0
  MONTH TO DATE   84                        25     59       41
  SINCE SEP 1    337                        96    241      154
  SINCE JAN 1    974                       308    666      623
..................................................................


WIND (MPH)
  HIGHEST WIND SPEED    21   HIGHEST WIND DIRECTION     W (270)
  HIGHEST GUST SPEED    27   HIGHEST GUST DIRECTION     W (270)
  AVERAGE WIND SPEED     6.2


SKY COVER
  POSSIBLE SUNSHINE  MM
  AVERAGE SKY COVER 0.2


WEATHER CONDITIONS
 THE FOLLOWING WEATHER WAS RECORDED TODAY.
  FOG
  HAZE


RELATIVE HUMIDITY (PERCENT)
 HIGHEST    87           400 AM
 LOWEST     40          1200 PM
 AVERAGE    64

..........................................................


THE CAMARILLO CLIMATE NORMALS FOR TOMORROW
                         NORMAL    RECORD    YEAR
 MAXIMUM TEMPERATURE (F)   73        93      1983
 MINIMUM TEMPERATURE (F)   51        40      1954


SUNRISE AND SUNSET
OCTOBER 25 2014.......SUNRISE   710 AM PDT   SUNSET   610 PM PDT
OCTOBER 26 2014.......SUNRISE   711 AM PDT   SUNSET   609 PM PDT


-  INDICATES NEGATIVE NUMBERS.
R  INDICATES RECORD WAS SET OR TIED.
MM INDICATES DATA IS MISSING.
T  INDICATES TRACE AMOUNT.




$$
