000
CDUS41 KILN 030544
CLICMH


CLIMATE REPORT
NATIONAL WEATHER SERVICE WILMINGTON OH
143 AM EDT FRI JUL 3 2015


...................................

...THE COLUMBUS OH CLIMATE SUMMARY FOR JULY 2 2015...

CLIMATE NORMAL PERIOD 1981 TO 2010
CLIMATE RECORD PERIOD 1869 TO 2015


WEATHER ITEM   OBSERVED TIME   RECORD YEAR NORMAL DEPARTURE LAST
                VALUE   (LST)  VALUE       VALUE  FROM      YEAR
                                                  NORMAL
..................................................................
TEMPERATURE (F)
 YESTERDAY
  MAXIMUM         74    615 PM  98    1911  85    -11       86
                                      1898
  MINIMUM         62    510 AM  48    1988  65     -3       70
  AVERAGE         68                        75     -7       78

PRECIPITATION (IN)
  YESTERDAY        T             1.95 1994   0.14  -0.14     0.14
  MONTH TO DATE    T                         0.28  -0.28     0.80
  SINCE JUN 1      6.72                      4.29   2.43     6.09
  SINCE JAN 1     22.86                     19.86   3.00    22.94

SNOWFALL (IN)
  YESTERDAY        0.0           0.0    MM   0.0    0.0      0.0
  MONTH TO DATE    0.0                       0.0    0.0      0.0
  SINCE JUN 1      0.0                       0.0    0.0      0.0
  SINCE JUL 1      0.0                       0.0    0.0      0.0
  SNOW DEPTH       0

DEGREE DAYS
 HEATING
  YESTERDAY        0                         0      0        0
  MONTH TO DATE    0                         0      0        0
  SINCE JUN 1     20                        19      1        1
  SINCE JUL 1      0                         0      0        0

 COOLING
  YESTERDAY        3                        10     -7       13
  MONTH TO DATE    7                        20    -13       29
  SINCE JUN 1    227                       236     -9      318
  SINCE JAN 1    380                       318     62      473
..................................................................


WIND (MPH)
  RESULTANT WIND SPEED   3   RESULTANT WIND DIRECTION   E (80)
  HIGHEST WIND SPEED    12   HIGHEST WIND DIRECTION    NE (50)
  HIGHEST GUST SPEED    14   HIGHEST GUST DIRECTION    NE (50)
  AVERAGE WIND SPEED     3.4


SKY COVER
  POSSIBLE SUNSHINE  MM
  AVERAGE SKY COVER 0.9


WEATHER CONDITIONS
 THE FOLLOWING WEATHER WAS RECORDED YESTERDAY.
  NO SIGNIFICANT WEATHER WAS OBSERVED.


RELATIVE HUMIDITY (PERCENT)
 HIGHEST    93           300 AM
 LOWEST     64           500 PM
 AVERAGE    79

..........................................................


THE COLUMBUS OH CLIMATE NORMALS FOR TODAY
                         NORMAL    RECORD    YEAR
 MAXIMUM TEMPERATURE (F)   85       101      1911
                                             1897
 MINIMUM TEMPERATURE (F)   65        50      1924
                                             1907


SUNRISE AND SUNSET
JULY  3 2015..........SUNRISE   607 AM EDT   SUNSET   904 PM EDT
JULY  4 2015..........SUNRISE   608 AM EDT   SUNSET   904 PM EDT


-  INDICATES NEGATIVE NUMBERS.
R  INDICATES RECORD WAS SET OR TIED.
MM INDICATES DATA IS MISSING.
T  INDICATES TRACE AMOUNT.




$$
