000
CDUS41 KILN 182157
CLICMH


CLIMATE REPORT
NATIONAL WEATHER SERVICE WILMINGTON OH
456 PM EST MON DEC 18 2017


...................................

...THE COLUMBUS OH CLIMATE SUMMARY FOR DECEMBER 18 2017...
VALID TODAY AS OF 0400 PM LOCAL TIME.

CLIMATE NORMAL PERIOD 1981 TO 2010
CLIMATE RECORD PERIOD 1869 TO 2017


WEATHER ITEM   OBSERVED TIME   RECORD YEAR NORMAL DEPARTURE LAST
                VALUE   (LST)  VALUE       VALUE  FROM      YEAR
                                                  NORMAL
..................................................................
TEMPERATURE (F)
 TODAY
  MAXIMUM         47    430 PM  63    1967  39      8       34
  MINIMUM         38    333 AM  -7    1989  26     12       19
  AVERAGE         43                        32     11       27

PRECIPITATION (IN)
  TODAY            T             1.57 1990   0.09  -0.09     0.18
  MONTH TO DATE    0.70                      1.73  -1.03     2.52
  SINCE DEC 1      0.70                      1.73  -1.03     2.52
  SINCE JAN 1     45.55                     38.07   7.48    37.21

SNOWFALL (IN)
  TODAY            0.0           5.5  1951   0.2   -0.2       T
  MONTH TO DATE    3.2                       2.4    0.8      4.8
  SINCE DEC 1      3.2                       2.4    0.8      4.8
  SINCE JUL 1      3.2                       3.5   -0.3      4.8
  SNOW DEPTH       0

DEGREE DAYS
 HEATING
  TODAY           22                        32    -10       38
  MONTH TO DATE  546                       536     10      632
  SINCE DEC 1    546                       536     10      632
  SINCE JUL 1   1465                      1550    -85     1398

 COOLING
  TODAY            0                         0      0        0
  MONTH TO DATE    0                         0      0        0
  SINCE DEC 1      0                         0      0        0
  SINCE JAN 1   1095                      1024     71     1327
..................................................................


WIND (MPH)
  HIGHEST WIND SPEED    15   HIGHEST WIND DIRECTION    SW (240)
  HIGHEST GUST SPEED    20   HIGHEST GUST DIRECTION    SW (230)
  AVERAGE WIND SPEED     7.4


SKY COVER
  POSSIBLE SUNSHINE  MM
  AVERAGE SKY COVER 1.0


WEATHER CONDITIONS
 THE FOLLOWING WEATHER WAS RECORDED TODAY.
  LIGHT RAIN
  FOG
  HAZE


RELATIVE HUMIDITY (PERCENT)
 HIGHEST    96          1100 AM
 LOWEST     79          1200 AM
 AVERAGE    88

..........................................................


THE COLUMBUS OH CLIMATE NORMALS FOR TOMORROW
                         NORMAL    RECORD    YEAR
 MAXIMUM TEMPERATURE (F)   39        61      1895
 MINIMUM TEMPERATURE (F)   26        -8      1884


SUNRISE AND SUNSET
DECEMBER 18 2017......SUNRISE   748 AM EST   SUNSET   508 PM EST
DECEMBER 19 2017......SUNRISE   749 AM EST   SUNSET   509 PM EST


-  INDICATES NEGATIVE NUMBERS.
R  INDICATES RECORD WAS SET OR TIED.
MM INDICATES DATA IS MISSING.
T  INDICATES TRACE AMOUNT.




$$
