000
CDUS41 KILN 200535
CLICMH


CLIMATE REPORT
NATIONAL WEATHER SERVICE WILMINGTON OH
135 AM EDT THU JUL 20 2017


...................................

...THE COLUMBUS OH CLIMATE SUMMARY FOR JULY 19 2017...

CLIMATE NORMAL PERIOD 1981 TO 2010
CLIMATE RECORD PERIOD 1869 TO 2017


WEATHER ITEM   OBSERVED TIME   RECORD YEAR NORMAL DEPARTURE LAST
                VALUE   (LST)  VALUE       VALUE  FROM      YEAR
                                                  NORMAL
..................................................................
TEMPERATURE (F)
 YESTERDAY
  MAXIMUM         91    438 PM  98    1930  85      6       89
  MINIMUM         71    423 AM  50    1979  66      5       68
  AVERAGE         81                        75      6       79

PRECIPITATION (IN)
  YESTERDAY        0.00          2.25 1969   0.15  -0.15     0.00
  MONTH TO DATE    6.15                      2.98   3.17     1.26
  SINCE JUN 1     10.81                      6.99   3.82     6.48
  SINCE JAN 1     29.49                     22.56   6.93    20.21

SNOWFALL (IN)
  YESTERDAY        0.0           0.0    MM   0.0    0.0      0.0
  MONTH TO DATE    0.0                       0.0    0.0      0.0
  SINCE JUN 1      0.0                       0.0    0.0      0.0
  SINCE JUL 1      0.0                       0.0    0.0      0.0
  SNOW DEPTH       0

DEGREE DAYS
 HEATING
  YESTERDAY        0                         0      0        0
  MONTH TO DATE    0                         0      0        0
  SINCE JUN 1      7                        19    -12        4
  SINCE JUL 1      0                         0      0        0

 COOLING
  YESTERDAY       16                        10      6       14
  MONTH TO DATE  207                       190     17      193
  SINCE JUN 1    437                       406     31      452
  SINCE JAN 1    562                       488     74      517
..................................................................


WIND (MPH)
  RESULTANT WIND SPEED   3   RESULTANT WIND DIRECTION   W (250)
  HIGHEST WIND SPEED    14   HIGHEST WIND DIRECTION    SW (210)
  HIGHEST GUST SPEED    20   HIGHEST GUST DIRECTION    SW (230)
  AVERAGE WIND SPEED     4.9


SKY COVER
  POSSIBLE SUNSHINE  MM
  AVERAGE SKY COVER 0.2


WEATHER CONDITIONS
 THE FOLLOWING WEATHER WAS RECORDED YESTERDAY.
  NO SIGNIFICANT WEATHER WAS OBSERVED.


RELATIVE HUMIDITY (PERCENT)
 HIGHEST    93           200 AM
 LOWEST     41           300 PM
 AVERAGE    67

..........................................................


THE COLUMBUS OH CLIMATE NORMALS FOR TODAY
                         NORMAL    RECORD    YEAR
 MAXIMUM TEMPERATURE (F)   85       101      1934
                                             1930
 MINIMUM TEMPERATURE (F)   66        50      1929


SUNRISE AND SUNSET
JULY 20 2017..........SUNRISE   620 AM EDT   SUNSET   856 PM EDT
JULY 21 2017..........SUNRISE   620 AM EDT   SUNSET   855 PM EDT


-  INDICATES NEGATIVE NUMBERS.
R  INDICATES RECORD WAS SET OR TIED.
MM INDICATES DATA IS MISSING.
T  INDICATES TRACE AMOUNT.




$$
