000
CDUS41 KILN 280528
CLICMH


CLIMATE REPORT
NATIONAL WEATHER SERVICE WILMINGTON OH
127 AM EDT TUE MAR 28 2017


...................................

...THE COLUMBUS OH CLIMATE SUMMARY FOR MARCH 27 2017...

CLIMATE NORMAL PERIOD 1981 TO 2010
CLIMATE RECORD PERIOD 1869 TO 2017


WEATHER ITEM   OBSERVED TIME   RECORD YEAR NORMAL DEPARTURE LAST
                VALUE   (LST)  VALUE       VALUE  FROM      YEAR
                                                  NORMAL
..................................................................
TEMPERATURE (F)
 YESTERDAY
  MAXIMUM         68    304 PM  81    2007  56     12       75
                                      1950
                                      1910
  MINIMUM         50    710 AM  15    1955  36     14       38
                                      1894
  AVERAGE         59                        46     13       57

PRECIPITATION (IN)
  YESTERDAY        0.03          1.58 1916   0.11  -0.08     0.29
  MONTH TO DATE    4.28                      2.57   1.71     3.67
  SINCE MAR 1      4.28                      2.57   1.71     3.67
  SINCE JAN 1      9.74                      7.55   2.19     8.08

SNOWFALL (IN)
  YESTERDAY        0.0           1.3  1926   0.1   -0.1      0.0
  MONTH TO DATE    1.7                       3.9   -2.2      2.3
  SINCE MAR 1      1.7                       3.9   -2.2      2.3
  SINCE JUL 1      9.3                      25.3  -16.0     16.8
  SNOW DEPTH       0

DEGREE DAYS
 HEATING
  YESTERDAY        6                        19    -13        8
  MONTH TO DATE  633                       643    -10      456
  SINCE MAR 1    633                       643    -10      456
  SINCE JUL 1   3902                      4638   -736     3897

 COOLING
  YESTERDAY        0                         0      0        0
  MONTH TO DATE    2                         0      2        0
  SINCE MAR 1      2                         0      2        0
  SINCE JAN 1      6                         0      6        0
..................................................................


WIND (MPH)
  RESULTANT WIND SPEED   3   RESULTANT WIND DIRECTION  SW (210)
  HIGHEST WIND SPEED    13   HIGHEST WIND DIRECTION    SE (140)
  HIGHEST GUST SPEED    17   HIGHEST GUST DIRECTION    SE (140)
  AVERAGE WIND SPEED     4.9


SKY COVER
  POSSIBLE SUNSHINE  MM
  AVERAGE SKY COVER 0.7


WEATHER CONDITIONS
 THE FOLLOWING WEATHER WAS RECORDED YESTERDAY.
  LIGHT RAIN
  FOG


RELATIVE HUMIDITY (PERCENT)
 HIGHEST   100           300 AM
 LOWEST     56           100 PM
 AVERAGE    78

..........................................................


THE COLUMBUS OH CLIMATE NORMALS FOR TODAY
                         NORMAL    RECORD    YEAR
 MAXIMUM TEMPERATURE (F)   56        83      1910
 MINIMUM TEMPERATURE (F)   37        15      1955


SUNRISE AND SUNSET
MARCH 28 2017.........SUNRISE   722 AM EDT   SUNSET   752 PM EDT
MARCH 29 2017.........SUNRISE   720 AM EDT   SUNSET   753 PM EDT


-  INDICATES NEGATIVE NUMBERS.
R  INDICATES RECORD WAS SET OR TIED.
MM INDICATES DATA IS MISSING.
T  INDICATES TRACE AMOUNT.




$$
