529
CDUS41 KILN 040629
CLICMH


CLIMATE REPORT
NATIONAL WEATHER SERVICE WILMINGTON OH
226 AM EDT WED MAY 4 2016


...................................

...THE COLUMBUS OH CLIMATE SUMMARY FOR MAY 3 2016...

CLIMATE NORMAL PERIOD 1981 TO 2010
CLIMATE RECORD PERIOD 1869 TO 2016


WEATHER ITEM   OBSERVED TIME   RECORD YEAR NORMAL DEPARTURE LAST
                VALUE   (LST)  VALUE       VALUE  FROM      YEAR
                                                  NORMAL
..................................................................
TEMPERATURE (F)
 YESTERDAY
  MAXIMUM         60    113 PM  89    1959  69     -9       77
  MINIMUM         46    639 AM  30    1978  48     -2       47
  AVERAGE         53                        59     -6       62

PRECIPITATION (IN)
  YESTERDAY        T             1.16 2011   0.12  -0.12     0.00
  MONTH TO DATE    0.28                      0.36  -0.08      T
  SINCE MAR 1      6.86                      6.78   0.08     8.01
  SINCE JAN 1     11.27                     11.76  -0.49    12.58

SNOWFALL (IN)
  YESTERDAY        0.0           0.0         0.0    0.0      0.0
  MONTH TO DATE    0.0                       0.0    0.0      0.0
  SINCE MAR 1      2.6                       5.3   -2.7      5.4
  SINCE JUL 1     17.1                      26.7   -9.6     33.4
  SNOW DEPTH       0

DEGREE DAYS
 HEATING
  YESTERDAY       12                         7      5        3
  MONTH TO DATE   22                        22      0       16
  SINCE MAR 1    926                      1109   -183     1195
  SINCE JUL 1   4367                      5104   -737     5749

 COOLING
  YESTERDAY        0                         1     -1        0
  MONTH TO DATE    1                         3     -2        0
  SINCE MAR 1      2                        15    -13        0
  SINCE JAN 1      2                        15    -13        0
..................................................................


WIND (MPH)
  RESULTANT WIND SPEED   4   RESULTANT WIND DIRECTION   N (0)
  HIGHEST WIND SPEED    14   HIGHEST WIND DIRECTION     N (340)
  HIGHEST GUST SPEED    17   HIGHEST GUST DIRECTION    NW (330)
  AVERAGE WIND SPEED     5.5


SKY COVER
  POSSIBLE SUNSHINE  MM
  AVERAGE SKY COVER 1.0


WEATHER CONDITIONS
 THE FOLLOWING WEATHER WAS RECORDED YESTERDAY.
  LIGHT RAIN
  FOG


RELATIVE HUMIDITY (PERCENT)
 HIGHEST    93           400 AM
 LOWEST     57           100 PM
 AVERAGE    75

..........................................................


THE COLUMBUS OH CLIMATE NORMALS FOR TODAY
                         NORMAL    RECORD    YEAR
 MAXIMUM TEMPERATURE (F)   70        89      1955
                                             1949
                                             1902
 MINIMUM TEMPERATURE (F)   49        31      2005
                                             1986
                                             1966


SUNRISE AND SUNSET
MAY  4 2016...........SUNRISE   627 AM EDT   SUNSET   830 PM EDT
MAY  5 2016...........SUNRISE   626 AM EDT   SUNSET   831 PM EDT


-  INDICATES NEGATIVE NUMBERS.
R  INDICATES RECORD WAS SET OR TIED.
MM INDICATES DATA IS MISSING.
T  INDICATES TRACE AMOUNT.




$$
