000
CDUS43 KILX 242128
CLICMI


CLIMATE REPORT
NATIONAL WEATHER SERVICE LINCOLN IL
427 PM CDT TUE MAY 24 2016


...................................

...THE CHAMPAIGN IL AIRPORT CLIMATE SUMMARY FOR MAY 24 2016...
VALID TODAY AS OF 0400 PM LOCAL TIME.

CLIMATE NORMAL PERIOD 1981 TO 2010
CLIMATE RECORD PERIOD 9999 TO 9999


WEATHER ITEM   OBSERVED TIME   RECORD YEAR NORMAL DEPARTURE LAST
                VALUE   (LST)  VALUE       VALUE  FROM      YEAR
                                                  NORMAL
..................................................................
TEMPERATURE (F)
 TODAY
  MAXIMUM         88    133 PM  MM      MM  78     10       88
  MINIMUM         54    505 AM  MM      MM  54      0       63
  AVERAGE         71                        66      5       76

PRECIPITATION (IN)
  TODAY            0.00         MM      MM   0.14  -0.14      T
  MONTH TO DATE    1.78                      3.59  -1.81     2.79
  SINCE MAR 1      8.10                     10.13  -2.03     6.94
  SINCE JAN 1      9.76                     14.20  -4.44     8.61

DEGREE DAYS
 HEATING
  TODAY            0                         3     -3        0
  MONTH TO DATE  153                       126     27       77
  SINCE MAR 1   1072                      1288   -216     1278
  SINCE JUL 1   4759                      5790  -1031     6154

 COOLING
  TODAY            6                         4      2       11
  MONTH TO DATE   18                        52    -34      107
  SINCE MAR 1     32                        63    -31      110
  SINCE JAN 1     32                        63    -31      110
..................................................................


WIND (MPH)
  HIGHEST WIND SPEED    26   HIGHEST WIND DIRECTION     S (200)
  HIGHEST GUST SPEED    44   HIGHEST GUST DIRECTION    SW (210)
  AVERAGE WIND SPEED    12.2


SKY COVER
  POSSIBLE SUNSHINE  MM
  AVERAGE SKY COVER 0.0


WEATHER CONDITIONS
 THE FOLLOWING WEATHER WAS RECORDED TODAY.
  NO SIGNIFICANT WEATHER WAS OBSERVED.


RELATIVE HUMIDITY (PERCENT)
 HIGHEST    72           300 AM
 LOWEST     29          1100 AM
 AVERAGE    51

..........................................................


THE CHAMPAIGN IL AIRPORT CLIMATE NORMALS FOR TOMORROW
                         NORMAL    RECORD    YEAR
 MAXIMUM TEMPERATURE (F)   78        MM        MM
 MINIMUM TEMPERATURE (F)   54        MM        MM


SUNRISE AND SUNSET
MAY 24 2016...........SUNRISE   530 AM CDT   SUNSET   810 PM CDT
MAY 25 2016...........SUNRISE   530 AM CDT   SUNSET   811 PM CDT


-  INDICATES NEGATIVE NUMBERS.
R  INDICATES RECORD WAS SET OR TIED.
MM INDICATES DATA IS MISSING.
T  INDICATES TRACE AMOUNT.




$$
