000
CDUS43 KILX 292139
CLICMI


CLIMATE REPORT
NATIONAL WEATHER SERVICE LINCOLN IL
438 PM CDT SAT AUG 29 2015


...................................

...THE CHAMPAIGN IL AIRPORT CLIMATE SUMMARY FOR AUGUST 29 2015...
VALID TODAY AS OF 0400 PM LOCAL TIME.

CLIMATE NORMAL PERIOD 1981 TO 2010
CLIMATE RECORD PERIOD 9999 TO 9999


WEATHER ITEM   OBSERVED TIME   RECORD YEAR NORMAL DEPARTURE LAST
                VALUE   (LST)  VALUE       VALUE  FROM      YEAR
                                                  NORMAL
..................................................................
TEMPERATURE (F)
 TODAY
  MAXIMUM         82    218 PM  MM      MM  83     -1       87
  MINIMUM         63    141 AM  MM      MM  59      4       70
  AVERAGE         73                        71      2       79

PRECIPITATION (IN)
  TODAY            T            MM      MM   0.13  -0.13      T
  MONTH TO DATE    2.64                      3.33  -0.69     1.70
  SINCE JUN 1     13.78                     11.84   1.94    14.02
  SINCE JAN 1     25.19                     27.00  -1.81    28.56

DEGREE DAYS
 HEATING
  TODAY            0                         0      0        0
  MONTH TO DATE    5                         0      5        2
  SINCE JUN 1     12                        19     -7        9
  SINCE JUL 1      6                         2      4        9

 COOLING
  TODAY            8                         6      2       14
  MONTH TO DATE  192                       218    -26      239
  SINCE JUN 1    689                       723    -34      679
  SINCE JAN 1    843                       815     28      831
..................................................................


WIND (MPH)
  HIGHEST WIND SPEED    12   HIGHEST WIND DIRECTION    SW (210)
  HIGHEST GUST SPEED    16   HIGHEST GUST DIRECTION     S (190)
  AVERAGE WIND SPEED     6.1


SKY COVER
  POSSIBLE SUNSHINE  MM
  AVERAGE SKY COVER 0.4


WEATHER CONDITIONS
 THE FOLLOWING WEATHER WAS RECORDED TODAY.
  LIGHT RAIN


RELATIVE HUMIDITY (PERCENT)
 HIGHEST    87          1200 AM
 LOWEST     62          1100 AM
 AVERAGE    75

..........................................................


THE CHAMPAIGN IL AIRPORT CLIMATE NORMALS FOR TOMORROW
                         NORMAL    RECORD    YEAR
 MAXIMUM TEMPERATURE (F)   82        MM        MM
 MINIMUM TEMPERATURE (F)   59        MM        MM


SUNRISE AND SUNSET
AUGUST 29 2015........SUNRISE   618 AM CDT   SUNSET   730 PM CDT
AUGUST 30 2015........SUNRISE   619 AM CDT   SUNSET   728 PM CDT


-  INDICATES NEGATIVE NUMBERS.
R  INDICATES RECORD WAS SET OR TIED.
MM INDICATES DATA IS MISSING.
T  INDICATES TRACE AMOUNT.




$$
