000
CDUS43 KILX 142257
CLICMI


CLIMATE REPORT
NATIONAL WEATHER SERVICE LINCOLN IL
457 PM CST THU DEC 14 2017


...................................

...THE CHAMPAIGN IL AIRPORT CLIMATE SUMMARY FOR DECEMBER 14 2017...
VALID TODAY AS OF 0400 PM LOCAL TIME.

CLIMATE NORMAL PERIOD 1981 TO 2010
CLIMATE RECORD PERIOD 9999 TO 9999


WEATHER ITEM   OBSERVED TIME   RECORD YEAR NORMAL DEPARTURE LAST
                VALUE   (LST)  VALUE       VALUE  FROM      YEAR
                                                  NORMAL
..................................................................
TEMPERATURE (F)
 TODAY
  MAXIMUM         32    308 PM  MM      MM  36     -4       25
  MINIMUM         23    720 AM  MM      MM  22      1        4
  AVERAGE         28                        29     -1       15

PRECIPITATION (IN)
  TODAY            0.00         MM      MM   0.07  -0.07     0.00
  MONTH TO DATE    0.08                      1.10  -1.02     0.59
  SINCE DEC 1      0.08                      1.10  -1.02     0.59
  SINCE JAN 1     31.73                     38.30  -6.57    36.20

DEGREE DAYS
 HEATING
  TODAY           37                        36      1       50
  MONTH TO DATE  423                       471    -48      498
  SINCE DEC 1    423                       471    -48      498
  SINCE JUL 1   1374                      1635   -261     1231

 COOLING
  TODAY            0                         0      0        0
  MONTH TO DATE    0                         0      0        0
  SINCE DEC 1      0                         0      0        0
  SINCE JAN 1   1126                       945    181     1284
..................................................................


WIND (MPH)
  HIGHEST WIND SPEED    18   HIGHEST WIND DIRECTION    NW (320)
  HIGHEST GUST SPEED    22   HIGHEST GUST DIRECTION    NW (320)
  AVERAGE WIND SPEED     9.1


SKY COVER
  POSSIBLE SUNSHINE  MM
  AVERAGE SKY COVER 0.5


WEATHER CONDITIONS
 THE FOLLOWING WEATHER WAS RECORDED TODAY.
  NO SIGNIFICANT WEATHER WAS OBSERVED.


RELATIVE HUMIDITY (PERCENT)
 HIGHEST    75           400 AM
 LOWEST     53          1100 AM
 AVERAGE    64

..........................................................


THE CHAMPAIGN IL AIRPORT CLIMATE NORMALS FOR TOMORROW
                         NORMAL    RECORD    YEAR
 MAXIMUM TEMPERATURE (F)   36        MM        MM
 MINIMUM TEMPERATURE (F)   21        MM        MM


SUNRISE AND SUNSET
DECEMBER 14 2017......SUNRISE   707 AM CST   SUNSET   428 PM CST
DECEMBER 15 2017......SUNRISE   708 AM CST   SUNSET   429 PM CST


-  INDICATES NEGATIVE NUMBERS.
R  INDICATES RECORD WAS SET OR TIED.
MM INDICATES DATA IS MISSING.
T  INDICATES TRACE AMOUNT.




$$
