632
CDUS43 KICT 280625
CLICNU


CLIMATE REPORT
NATIONAL WEATHER SERVICE WICHITA KS
125 AM CDT FRI APR 28 2017


...................................

...THE CHANUTE KS CLIMATE SUMMARY FOR APRIL 27 2017...

CLIMATE NORMAL PERIOD 1981 TO 2010
CLIMATE RECORD PERIOD 1894 TO 2017


WEATHER ITEM   OBSERVED TIME   RECORD YEAR NORMAL DEPARTURE LAST
                VALUE   (LST)  VALUE       VALUE  FROM      YEAR
                                                  NORMAL
..................................................................
TEMPERATURE (F)
 YESTERDAY
  MAXIMUM         61    609 PM  89    1899  71    -10       72
  MINIMUM         35    541 AM  32    1967  50    -15       53
  AVERAGE         48                        60    -12       63

PRECIPITATION (IN)
  YESTERDAY        0.01          2.15 1999   0.16  -0.15     0.17
  MONTH TO DATE    6.99                      3.88   3.11     4.82
  SINCE MAR 1      9.01                      6.92   2.09     6.23
  SINCE JAN 1     11.16                     10.08   1.08     7.31

DEGREE DAYS
 HEATING
  YESTERDAY       17                         6     11        2
  MONTH TO DATE  181                       255    -74      154
  SINCE MAR 1    591                       814   -223      542
  SINCE JUL 1   3359                      4386  -1027     3507

 COOLING
  YESTERDAY        0                         1     -1        0
  MONTH TO DATE   38                        23     15       24
  SINCE MAR 1     55                        27     28       24
  SINCE JAN 1     58                        27     31       24
..................................................................


WIND (MPH)
  HIGHEST WIND SPEED    15   HIGHEST WIND DIRECTION     E (100)
  HIGHEST GUST SPEED    21   HIGHEST GUST DIRECTION     E (110)
  AVERAGE WIND SPEED     5.6


SKY COVER
  POSSIBLE SUNSHINE  MM
  AVERAGE SKY COVER 0.3


WEATHER CONDITIONS
 THE FOLLOWING WEATHER WAS RECORDED YESTERDAY.
  LIGHT RAIN


RELATIVE HUMIDITY (PERCENT)
 HIGHEST    92           300 AM
 LOWEST     51           100 PM
 AVERAGE    72

..........................................................


THE CHANUTE KS CLIMATE NORMALS FOR TODAY
                         NORMAL    RECORD    YEAR
 MAXIMUM TEMPERATURE (F)   72        88      1970
 MINIMUM TEMPERATURE (F)   50        32      1965


SUNRISE AND SUNSET
APRIL 28 2017.........SUNRISE   630 AM CDT   SUNSET   810 PM CDT
APRIL 29 2017.........SUNRISE   628 AM CDT   SUNSET   811 PM CDT


-  INDICATES NEGATIVE NUMBERS.
R  INDICATES RECORD WAS SET OR TIED.
MM INDICATES DATA IS MISSING.
T  INDICATES TRACE AMOUNT.




$$
