000
CDUS45 KGJT 222341
CLICNY


CLIMATE REPORT
NATIONAL WEATHER SERVICE GRAND JUNCTION CO
539 PM MDT WED MAR 22 2017


...................................

...THE CANYONLANDS AIRPORT UT CLIMATE SUMMARY FOR MARCH 22 2017...
VALID TODAY AS OF 0500 PM LOCAL TIME.

CLIMATE NORMAL PERIOD 1981 TO 2010
CLIMATE RECORD PERIOD 9999 TO 9999


WEATHER ITEM   OBSERVED TIME   RECORD YEAR NORMAL DEPARTURE LAST
                VALUE   (LST)  VALUE       VALUE  FROM      YEAR
                                                  NORMAL
..................................................................
TEMPERATURE (F)
 TODAY
  MAXIMUM         75    313 PM  MM      MM  61     14       68
  MINIMUM         56    616 AM  MM      MM  32     24       39
  AVERAGE         66                        46     20       54

PRECIPITATION (IN)
  TODAY            0.00         MM      MM   0.02  -0.02     0.02
  MONTH TO DATE    T                         0.53  -0.53     0.08
  SINCE MAR 1      T                         0.53  -0.53     0.08
  SINCE JAN 1      0.64                      1.69  -1.05     1.08

SNOWFALL (IN)
  TODAY           MM            MM      MM  MM     MM       MM
  MONTH TO DATE   MM                        MM     MM       MM
  SINCE MAR 1     MM                        MM     MM       MM
  SINCE JUL 1     MM                        MM     MM       MM
  SNOW DEPTH      MM

DEGREE DAYS
 HEATING
  TODAY            0                        19    -19       11
  MONTH TO DATE  293                       479   -186      357
  SINCE MAR 1    293                       479   -186      357
  SINCE JUL 1   3757                      4888  -1131     4532

 COOLING
  TODAY            1                         0      1        0
  MONTH TO DATE    3                         0      3        0
  SINCE MAR 1      3                         0      3        0
  SINCE JAN 1      3                         0      3        0
..................................................................


WIND (MPH)
  HIGHEST WIND SPEED    23   HIGHEST WIND DIRECTION    SW (210)
  HIGHEST GUST SPEED    28   HIGHEST GUST DIRECTION    SW (210)
  AVERAGE WIND SPEED     9.3


SKY COVER
  POSSIBLE SUNSHINE  MM
  AVERAGE SKY COVER 0.1


WEATHER CONDITIONS
 THE FOLLOWING WEATHER WAS RECORDED TODAY.
  NO SIGNIFICANT WEATHER WAS OBSERVED.


RELATIVE HUMIDITY (PERCENT)
 HIGHEST    31           200 AM
 LOWEST     16           200 PM
 AVERAGE    24

..........................................................


THE CANYONLANDS AIRPORT UT CLIMATE NORMALS FOR TOMORROW
                         NORMAL    RECORD    YEAR
 MAXIMUM TEMPERATURE (F)   61        MM        MM
 MINIMUM TEMPERATURE (F)   32        MM        MM


SUNRISE AND SUNSET
MARCH 22 2017.........SUNRISE   719 AM MDT   SUNSET   733 PM MDT
MARCH 23 2017.........SUNRISE   717 AM MDT   SUNSET   734 PM MDT


-  INDICATES NEGATIVE NUMBERS.
R  INDICATES RECORD WAS SET OR TIED.
MM INDICATES DATA IS MISSING.
T  INDICATES TRACE AMOUNT.




$$
