000
CDUS45 KGJT 290740
CLICNY


CLIMATE REPORT
NATIONAL WEATHER SERVICE GRAND JUNCTION CO
130 AM MDT SUN MAY 29 2016


...................................

...THE CANYONLANDS AIRPORT UT CLIMATE SUMMARY FOR MAY 28 2016...

CLIMATE NORMAL PERIOD 1981 TO 2010
CLIMATE RECORD PERIOD 9999 TO 9999


WEATHER ITEM   OBSERVED TIME   RECORD YEAR NORMAL DEPARTURE LAST
                VALUE   (LST)  VALUE       VALUE  FROM      YEAR
                                                  NORMAL
..................................................................
TEMPERATURE (F)
 YESTERDAY
  MAXIMUM         82    318 PM  MM      MM  83     -1       77
  MINIMUM         50    512 AM  MM      MM  50      0       47
  AVERAGE         66                        67     -1       62

PRECIPITATION (IN)
  YESTERDAY        0.00         MM      MM   0.02  -0.02      T
  MONTH TO DATE    0.48                      0.53  -0.05     1.36
  SINCE MAR 1      1.79                      1.99  -0.20     1.98
  SINCE JAN 1      2.79                      3.15  -0.36     2.55

SNOWFALL (IN)
  YESTERDAY       MM            MM      MM  MM     MM       MM
  MONTH TO DATE   MM                        MM     MM       MM
  SINCE MAR 1     MM                        MM     MM       MM
  SINCE JUL 1     MM                        MM     MM       MM
  SNOW DEPTH      MM

DEGREE DAYS
 HEATING
  YESTERDAY        0                         2     -2        3
  MONTH TO DATE   99                       129    -30      135
  SINCE MAR 1    958                      1145   -187     1018
  SINCE JUL 1   5133                      5554   -421     4735

 COOLING
  YESTERDAY        1                         4     -3        0
  MONTH TO DATE   38                        47     -9       13
  SINCE MAR 1     41                        50     -9       14
  SINCE JAN 1     41                        50     -9       14
..................................................................


WIND (MPH)
  HIGHEST WIND SPEED    28   HIGHEST WIND DIRECTION     W (270)
  HIGHEST GUST SPEED    33   HIGHEST GUST DIRECTION     W (270)
  AVERAGE WIND SPEED     6.2


SKY COVER
  POSSIBLE SUNSHINE  MM
  AVERAGE SKY COVER 0.1


WEATHER CONDITIONS
 THE FOLLOWING WEATHER WAS RECORDED YESTERDAY.
  NO SIGNIFICANT WEATHER WAS OBSERVED.


RELATIVE HUMIDITY (PERCENT)
 HIGHEST    63           500 AM
 LOWEST     13           300 PM
 AVERAGE    38

..........................................................


THE CANYONLANDS AIRPORT UT CLIMATE NORMALS FOR TODAY
                         NORMAL    RECORD    YEAR
 MAXIMUM TEMPERATURE (F)   84        MM        MM
 MINIMUM TEMPERATURE (F)   50        MM        MM


SUNRISE AND SUNSET
MAY 29 2016...........SUNRISE   557 AM MDT   SUNSET   836 PM MDT
MAY 30 2016...........SUNRISE   557 AM MDT   SUNSET   837 PM MDT


-  INDICATES NEGATIVE NUMBERS.
R  INDICATES RECORD WAS SET OR TIED.
MM INDICATES DATA IS MISSING.
T  INDICATES TRACE AMOUNT.




$$
