000
CDUS41 KGYX 040812
CLICON


CLIMATE REPORT
NATIONAL WEATHER SERVICE GRAY ME
412 AM EDT SAT JUL 4 2015


...................................

...THE CONCORD NH CLIMATE SUMMARY FOR JULY 3 2015...

CLIMATE NORMAL PERIOD 1981 TO 2010
CLIMATE RECORD PERIOD 1868 TO 2015


WEATHER ITEM   OBSERVED TIME   RECORD YEAR NORMAL DEPARTURE LAST
                VALUE   (LST)  VALUE       VALUE  FROM      YEAR
                                                  NORMAL
..................................................................
TEMPERATURE (F)
 YESTERDAY
  MAXIMUM         80    335 PM 102    1966  81     -1       84
  MINIMUM         50    457 AM  41    1978  57     -7       66
                                      1962
                                      1957
  AVERAGE         65                        69     -4       75

PRECIPITATION (IN)
  YESTERDAY        0.00          1.22 2014   0.11  -0.11     1.22
  MONTH TO DATE    1.24                      0.33   0.91     2.71
  SINCE JUN 1      6.54                      4.02   2.52     6.54
  SINCE JAN 1     16.99                     19.68  -2.69    24.28

SNOWFALL (IN)
  YESTERDAY        0.0           0.0  2002   0.0    0.0      0.0
                                      2001
                                      2000
  MONTH TO DATE    0.0                       0.0    0.0      0.0
  SINCE JUN 1      0.0                       0.0    0.0      0.0
  SINCE JUL 1      0.0                       0.0    0.0      0.0
  SNOW DEPTH       0

DEGREE DAYS
 HEATING
  YESTERDAY        0                         1     -1        0
  MONTH TO DATE    0                         3     -3        0
  SINCE JUN 1     95                        88      7       56
  SINCE JUL 1      0                         3     -3        0

 COOLING
  YESTERDAY        0                         5     -5       10
  MONTH TO DATE    7                        15     -8       38
  SINCE JUN 1     72                        99    -27      111
  SINCE JAN 1    138                       117     21      113
..................................................................


WIND (MPH)
  RESULTANT WIND SPEED   3   RESULTANT WIND DIRECTION  NW (310)
  HIGHEST WIND SPEED    15   HIGHEST WIND DIRECTION    NW (300)
  HIGHEST GUST SPEED    22   HIGHEST GUST DIRECTION     W (270)
  AVERAGE WIND SPEED     3.9


SKY COVER
  AVERAGE SKY COVER 0.0


WEATHER CONDITIONS
 THE FOLLOWING WEATHER WAS RECORDED YESTERDAY.
  NO SIGNIFICANT WEATHER WAS OBSERVED.


RELATIVE HUMIDITY (PERCENT)
 HIGHEST    96           300 AM
 LOWEST     28           100 PM
 AVERAGE    62

..........................................................


THE CONCORD NH CLIMATE NORMALS FOR TODAY
                         NORMAL    RECORD    YEAR
 MAXIMUM TEMPERATURE (F)   82       102      1911
 MINIMUM TEMPERATURE (F)   57        40      1971


SUNRISE AND SUNSET
JULY  4 2015..........SUNRISE   511 AM EDT   SUNSET   829 PM EDT
JULY  5 2015..........SUNRISE   512 AM EDT   SUNSET   829 PM EDT


-  INDICATES NEGATIVE NUMBERS.
R  INDICATES RECORD WAS SET OR TIED.
MM INDICATES DATA IS MISSING.
T  INDICATES TRACE AMOUNT.




$$
