303
CDUS41 KGYX 300807
CLICON


CLIMATE REPORT
NATIONAL WEATHER SERVICE GRAY ME
407 AM EDT SAT JUL 30 2016


...................................

...THE CONCORD NH CLIMATE SUMMARY FOR JULY 29 2016...

CLIMATE NORMAL PERIOD 1981 TO 2010
CLIMATE RECORD PERIOD 1868 TO 2016


WEATHER ITEM   OBSERVED TIME   RECORD YEAR NORMAL DEPARTURE LAST
                VALUE   (LST)  VALUE       VALUE  FROM      YEAR
                                                  NORMAL
..................................................................
TEMPERATURE (F)
 YESTERDAY
  MAXIMUM         88    313 PM  96    2015  83      5       96
  MINIMUM         69    611 AM  43    1978  58     11       62
  AVERAGE         79                        70      9       79

PRECIPITATION (IN)
  YESTERDAY        0.28          2.44 1921   0.13   0.15     0.00
  MONTH TO DATE    1.99                      3.49  -1.50     1.95
  SINCE JUN 1      3.40                      7.18  -3.78     7.25
  SINCE JAN 1     16.10                     22.84  -6.74    17.70

SNOWFALL (IN)
  YESTERDAY        0.0           0.0  2002   0.0    0.0      0.0
                                      2001
                                      2000
  MONTH TO DATE    0.0                       0.0    0.0      0.0
  SINCE JUN 1      0.0                       0.0    0.0      0.0
  SINCE JUL 1      0.0                       0.0    0.0      0.0
  SNOW DEPTH       0

DEGREE DAYS
 HEATING
  YESTERDAY        0                         0      0        0
  MONTH TO DATE   11                        13     -2        8
  SINCE JUN 1     53                        98    -45      103
  SINCE JUL 1     11                        13     -2        8

 COOLING
  YESTERDAY       14                         6      8       14
  MONTH TO DATE  238                       164     74      173
  SINCE JUN 1    320                       248     72      238
  SINCE JAN 1    360                       266     94      304
..................................................................


WIND (MPH)
  RESULTANT WIND SPEED   3   RESULTANT WIND DIRECTION   N (360)
  HIGHEST WIND SPEED    18   HIGHEST WIND DIRECTION    NW (330)
  HIGHEST GUST SPEED    22   HIGHEST GUST DIRECTION    NW (330)
  AVERAGE WIND SPEED     4.3


SKY COVER
  AVERAGE SKY COVER 0.6


WEATHER CONDITIONS
 THE FOLLOWING WEATHER WAS RECORDED YESTERDAY.
  HEAVY RAIN
  RAIN
  LIGHT RAIN
  FOG


RELATIVE HUMIDITY (PERCENT)
 HIGHEST    90           700 AM
 LOWEST     48           300 PM
 AVERAGE    69

..........................................................


THE CONCORD NH CLIMATE NORMALS FOR TODAY
                         NORMAL    RECORD    YEAR
 MAXIMUM TEMPERATURE (F)   83        98      1917
 MINIMUM TEMPERATURE (F)   58        40      1956


SUNRISE AND SUNSET
JULY 30 2016..........SUNRISE   535 AM EDT   SUNSET   809 PM EDT
JULY 31 2016..........SUNRISE   536 AM EDT   SUNSET   808 PM EDT


-  INDICATES NEGATIVE NUMBERS.
R  INDICATES RECORD WAS SET OR TIED.
MM INDICATES DATA IS MISSING.
T  INDICATES TRACE AMOUNT.




$$
