000
CDUS41 KGYX 270903
CLICON


CLIMATE REPORT
NATIONAL WEATHER SERVICE GRAY ME
403 AM EST TUE JAN 27 2015


...................................

...THE CONCORD NH CLIMATE SUMMARY FOR JANUARY 26 2015...

CLIMATE NORMAL PERIOD 1981 TO 2010
CLIMATE RECORD PERIOD 1868 TO 2015


WEATHER ITEM   OBSERVED TIME   RECORD YEAR NORMAL DEPARTURE LAST
                VALUE   (LST)  VALUE       VALUE  FROM      YEAR
                                                  NORMAL
..................................................................
TEMPERATURE (F)
 YESTERDAY
  MAXIMUM         21    227 PM  63    1950  31    -10       22
  MINIMUM         -2    741 AM -29    1877  10    -12        8
  AVERAGE         10                        21    -11       15

PRECIPITATION (IN)
  YESTERDAY        T             1.52 1986   0.09  -0.09      T
  MONTH TO DATE    2.47                      2.27   0.20     3.20
  SINCE DEC 1      7.63                      5.47   2.16     6.59
  SINCE JAN 1      2.47                      2.27   0.20     3.20

SNOWFALL (IN)
  YESTERDAY        T            17.1  1888   0.6   -0.6       T
  MONTH TO DATE    9.9                      15.3   -5.4     14.4
  SINCE DEC 1     13.6                      29.8  -16.2     34.3
  SINCE JUL 1     26.5                      32.4   -5.9     34.5
  SNOW DEPTH       7

DEGREE DAYS
 HEATING
  YESTERDAY       55                        44     11       50
  MONTH TO DATE 1189                      1158     31     1165
  SINCE DEC 1   2225                      2344   -119     2443
  SINCE JUL 1   3729                      3904   -175     3960

 COOLING
  YESTERDAY        0                         0      0        0
  MONTH TO DATE    0                         0      0        0
  SINCE DEC 1      0                         0      0        0
  SINCE JAN 1      0                         0      0        0
..................................................................


WIND (MPH)
  RESULTANT WIND SPEED   5   RESULTANT WIND DIRECTION  NE (30)
  HIGHEST WIND SPEED    23   HIGHEST WIND DIRECTION    NE (30)
  HIGHEST GUST SPEED    28   HIGHEST GUST DIRECTION     N (20)
  AVERAGE WIND SPEED     7.2


SKY COVER
  AVERAGE SKY COVER 0.3


WEATHER CONDITIONS
 THE FOLLOWING WEATHER WAS RECORDED YESTERDAY.
  LIGHT SNOW
  HAZE


RELATIVE HUMIDITY (PERCENT)
 HIGHEST    79           800 AM
 LOWEST     28           200 PM
 AVERAGE    54

..........................................................


THE CONCORD NH CLIMATE NORMALS FOR TODAY
                         NORMAL    RECORD    YEAR
 MAXIMUM TEMPERATURE (F)   31        60      1974
 MINIMUM TEMPERATURE (F)   10       -27      1994


SUNRISE AND SUNSET
JANUARY 27 2015.......SUNRISE   707 AM EST   SUNSET   451 PM EST
JANUARY 28 2015.......SUNRISE   706 AM EST   SUNSET   452 PM EST


-  INDICATES NEGATIVE NUMBERS.
R  INDICATES RECORD WAS SET OR TIED.
MM INDICATES DATA IS MISSING.
T  INDICATES TRACE AMOUNT.




$$
