000
CDUS41 KGYX 282041
CLICON


CLIMATE REPORT
NATIONAL WEATHER SERVICE GRAY ME
441 PM EDT THU MAY 28 2015


...................................

...THE CONCORD NH CLIMATE SUMMARY FOR MAY 28 2015...
VALID TODAY AS OF 0400 PM LOCAL TIME.

CLIMATE NORMAL PERIOD 1981 TO 2010
CLIMATE RECORD PERIOD 1868 TO 2015


WEATHER ITEM   OBSERVED TIME   RECORD YEAR NORMAL DEPARTURE LAST
                VALUE   (LST)  VALUE       VALUE  FROM      YEAR
                                                  NORMAL
..................................................................
TEMPERATURE (F)
 TODAY
  MAXIMUM         89    158 PM  94    1978  72     17       52
  MINIMUM         65    456 AM  29    1994  47     18       44
                                      1980
  AVERAGE         77                        60     17       48

PRECIPITATION (IN)
  TODAY            T             1.84 1906   0.12  -0.12     0.01
  MONTH TO DATE    0.14                      3.28  -3.14     3.44
  SINCE MAR 1      3.88                      9.96  -6.08    10.29
  SINCE JAN 1      9.94                     15.28  -5.34    17.61

SNOWFALL (IN)
  TODAY            0.0           0.0  2002   0.0    0.0      0.0
                                      2001
                                      2000
  MONTH TO DATE    0.0                       0.2   -0.2      0.0
  SINCE MAR 1      7.9                      14.1   -6.2     10.6
  SINCE JUL 1     92.1                      61.6   30.5     80.4
  SNOW DEPTH       0

DEGREE DAYS
 HEATING
  TODAY            0                         7     -7       17
  MONTH TO DATE  151                       286   -135      238
  SINCE MAR 1   1908                      1873     35     2071
  SINCE JUL 1   7362                      7133    229     7540

 COOLING
  TODAY           12                         1     11        0
  MONTH TO DATE   56                        11     45        2
  SINCE MAR 1     56                        13     43        2
  SINCE JAN 1     56                        13     43        2
..................................................................


WIND (MPH)
  HIGHEST WIND SPEED    23   HIGHEST WIND DIRECTION     W (290)
  HIGHEST GUST SPEED    29   HIGHEST GUST DIRECTION     W (290)
  AVERAGE WIND SPEED     7.7


SKY COVER
  POSSIBLE SUNSHINE  MM
  AVERAGE SKY COVER 0.5


WEATHER CONDITIONS
 THE FOLLOWING WEATHER WAS RECORDED TODAY.
  LIGHT RAIN


RELATIVE HUMIDITY (PERCENT)
 HIGHEST    90          1200 AM
 LOWEST     42           100 PM
 AVERAGE    66

..........................................................


THE CONCORD NH CLIMATE NORMALS FOR TOMORROW
                         NORMAL    RECORD    YEAR
 MAXIMUM TEMPERATURE (F)   73        94      1978
 MINIMUM TEMPERATURE (F)   47        29      1970


SUNRISE AND SUNSET
MAY 28 2015...........SUNRISE   511 AM EDT   SUNSET   816 PM EDT
MAY 29 2015...........SUNRISE   511 AM EDT   SUNSET   816 PM EDT


-  INDICATES NEGATIVE NUMBERS.
R  INDICATES RECORD WAS SET OR TIED.
MM INDICATES DATA IS MISSING.
T  INDICATES TRACE AMOUNT.




$$
