000
CDUS41 KGYX 300801
CLICON


CLIMATE REPORT
NATIONAL WEATHER SERVICE GRAY ME
401 AM EDT SAT AUG 30 2014


...................................

...THE CONCORD NH CLIMATE SUMMARY FOR AUGUST 29 2014...

CLIMATE NORMAL PERIOD 1981 TO 2010
CLIMATE RECORD PERIOD 1868 TO 2014


WEATHER ITEM   OBSERVED TIME   RECORD YEAR NORMAL DEPARTURE LAST
                VALUE   (LST)  VALUE       VALUE  FROM      YEAR
                                                  NORMAL
..................................................................
TEMPERATURE (F)
 YESTERDAY
  MAXIMUM         77        MM  98    1977  79     -2       67
  MINIMUM         47        MM  32    1986  54     -7       57
  AVERAGE         62                        66     -4       62

PRECIPITATION (IN)
  YESTERDAY        0.00          2.40 1959   0.09  -0.09     0.06
  MONTH TO DATE    3.61                      2.99   0.62     2.03
  SINCE JUN 1     14.93                     10.42   4.51    15.51
  SINCE JAN 1     32.67                     26.08   6.59    28.27

SNOWFALL (IN)
  YESTERDAY        0.0           0.0  2002   0.0    0.0      0.0
                                      2001
                                      2000
  MONTH TO DATE    0.0                       0.0    0.0      0.0
  SINCE JUN 1      0.0                       0.0    0.0      0.0
  SINCE JUL 1      0.0                       0.0    0.0      0.0
  SNOW DEPTH       0

DEGREE DAYS
 HEATING
  YESTERDAY        3                         2      1        3
  MONTH TO DATE   32                        28      4       28
  SINCE JUN 1     88                       130    -42      102
  SINCE JUL 1     32                        45    -13       30

 COOLING
  YESTERDAY        0                         3     -3        0
  MONTH TO DATE   73                       133    -60       81
  SINCE JUN 1    321                       389    -68      456
  SINCE JAN 1    323                       407    -84      477
..................................................................


WIND (MPH)
  RESULTANT WIND SPEED   1   RESULTANT WIND DIRECTION   S (170)
  HIGHEST WIND SPEED     8   HIGHEST WIND DIRECTION    SE (140)
  HIGHEST GUST SPEED    MM   HIGHEST GUST DIRECTION    MM
  AVERAGE WIND SPEED     3.9


SKY COVER
  AVERAGE SKY COVER 0.1


WEATHER CONDITIONS
 THE FOLLOWING WEATHER WAS RECORDED YESTERDAY.
  NO SIGNIFICANT WEATHER WAS OBSERVED.


RELATIVE HUMIDITY (PERCENT)
 HIGHEST   100           500 AM
 LOWEST     43           100 PM
 AVERAGE    72

..........................................................


THE CONCORD NH CLIMATE NORMALS FOR TODAY
                         NORMAL    RECORD    YEAR
 MAXIMUM TEMPERATURE (F)   78        96      1953
 MINIMUM TEMPERATURE (F)   54        32      1965


SUNRISE AND SUNSET
AUGUST 30 2014........SUNRISE   608 AM EDT   SUNSET   724 PM EDT
AUGUST 31 2014........SUNRISE   609 AM EDT   SUNSET   723 PM EDT


-  INDICATES NEGATIVE NUMBERS.
R  INDICATES RECORD WAS SET OR TIED.
MM INDICATES DATA IS MISSING.
T  INDICATES TRACE AMOUNT.




$$
