000
CDUS41 KGYX 030803
CLICON


CLIMATE REPORT
NATIONAL WEATHER SERVICE GRAY ME
403 AM EDT MON AUG 3 2015


...................................

...THE CONCORD NH CLIMATE SUMMARY FOR AUGUST 2 2015...

CLIMATE NORMAL PERIOD 1981 TO 2010
CLIMATE RECORD PERIOD 1868 TO 2015


WEATHER ITEM   OBSERVED TIME   RECORD YEAR NORMAL DEPARTURE LAST
                VALUE   (LST)  VALUE       VALUE  FROM      YEAR
                                                  NORMAL
..................................................................
TEMPERATURE (F)
 YESTERDAY
  MAXIMUM         88    215 PM 101    1975  83      5       76
  MINIMUM         52    447 AM  40    1953  58     -6       55
  AVERAGE         70                        70      0       66

PRECIPITATION (IN)
  YESTERDAY        0.00          3.71 1973   0.11  -0.11      T
  MONTH TO DATE    0.00                      0.23  -0.23      T
  SINCE JUN 1      7.33                      7.66  -0.33    11.32
  SINCE JAN 1     17.78                     23.32  -5.54    29.06

SNOWFALL (IN)
  YESTERDAY        0.0           0.0  2002   0.0    0.0      0.0
                                      2001
                                      2000
  MONTH TO DATE    0.0                       0.0    0.0      0.0
  SINCE JUN 1      0.0                       0.0    0.0      0.0
  SINCE JUL 1      0.0                       0.0    0.0      0.0
  SNOW DEPTH       0

DEGREE DAYS
 HEATING
  YESTERDAY        0                         0      0        0
  MONTH TO DATE    0                         0      0        0
  SINCE JUN 1    103                       102      1       56
  SINCE JUL 1      8                        17     -9        0

 COOLING
  YESTERDAY        5                         6     -1        1
  MONTH TO DATE   12                        12      0        6
  SINCE JUN 1    271                       268      3      254
  SINCE JAN 1    337                       286     51      256
..................................................................


WIND (MPH)
  RESULTANT WIND SPEED   4   RESULTANT WIND DIRECTION  SW (210)
  HIGHEST WIND SPEED    15   HIGHEST WIND DIRECTION    SW (220)
  HIGHEST GUST SPEED    22   HIGHEST GUST DIRECTION    SW (230)
  AVERAGE WIND SPEED     4.8


SKY COVER
  AVERAGE SKY COVER 0.1


WEATHER CONDITIONS
 THE FOLLOWING WEATHER WAS RECORDED YESTERDAY.
  NO SIGNIFICANT WEATHER WAS OBSERVED.


RELATIVE HUMIDITY (PERCENT)
 HIGHEST    93           200 AM
 LOWEST     21           300 PM
 AVERAGE    57

..........................................................


THE CONCORD NH CLIMATE NORMALS FOR TODAY
                         NORMAL    RECORD    YEAR
 MAXIMUM TEMPERATURE (F)   82        95      1988
 MINIMUM TEMPERATURE (F)   58        39      1953


SUNRISE AND SUNSET
AUGUST  3 2015........SUNRISE   538 AM EDT   SUNSET   806 PM EDT
AUGUST  4 2015........SUNRISE   539 AM EDT   SUNSET   804 PM EDT


-  INDICATES NEGATIVE NUMBERS.
R  INDICATES RECORD WAS SET OR TIED.
MM INDICATES DATA IS MISSING.
T  INDICATES TRACE AMOUNT.




$$
