000
CDUS41 KGYX 210810
CLICON


CLIMATE REPORT
NATIONAL WEATHER SERVICE GRAY ME
409 AM EDT MON AUG 21 2017


...................................

...THE CONCORD NH CLIMATE SUMMARY FOR AUGUST 20 2017...

CLIMATE NORMAL PERIOD 1981 TO 2010
CLIMATE RECORD PERIOD 1868 TO 2017


WEATHER ITEM   OBSERVED TIME   RECORD YEAR NORMAL DEPARTURE LAST
                VALUE   (LST)  VALUE       VALUE  FROM      YEAR
                                                  NORMAL
..................................................................
TEMPERATURE (F)
 YESTERDAY
  MAXIMUM         82    222 PM  94    1983  81      1       88
  MINIMUM         58   1159 PM  38    1975  56      2       56
  AVERAGE         70                        68      2       72

PRECIPITATION (IN)
  YESTERDAY        T             1.87 1904   0.09  -0.09     0.00
  MONTH TO DATE    2.61                      2.14   0.47     0.95
  SINCE JUN 1      8.97                      9.57  -0.60     4.54
  SINCE JAN 1     28.04                     25.23   2.81    17.24

SNOWFALL (IN)
  YESTERDAY        0.0           0.0  2002   0.0    0.0      0.0
                                      2001
                                      2000
  MONTH TO DATE    0.0                       0.0    0.0      0.0
  SINCE JUN 1      0.0                       0.0    0.0      0.0
  SINCE JUL 1      0.0                       0.0    0.0      0.0
  SNOW DEPTH       0

DEGREE DAYS
 HEATING
  YESTERDAY        0                         1     -1        0
  MONTH TO DATE    3                        15    -12        0
  SINCE JUN 1     97                       117    -20       53
  SINCE JUL 1     18                        32    -14       11

 COOLING
  YESTERDAY        5                         4      1        7
  MONTH TO DATE   96                       100     -4      180
  SINCE JUN 1    395                       356     39      512
  SINCE JAN 1    427                       374     53      552
..................................................................


WIND (MPH)
  RESULTANT WIND SPEED   5   RESULTANT WIND DIRECTION  NW (310)
  HIGHEST WIND SPEED    18   HIGHEST WIND DIRECTION    NW (310)
  HIGHEST GUST SPEED    26   HIGHEST GUST DIRECTION    NW (300)
  AVERAGE WIND SPEED     5.6


SKY COVER
  AVERAGE SKY COVER 0.3


WEATHER CONDITIONS
 THE FOLLOWING WEATHER WAS RECORDED YESTERDAY.
  FOG


RELATIVE HUMIDITY (PERCENT)
 HIGHEST   100           300 AM
 LOWEST     39           100 PM
 AVERAGE    70

..........................................................


THE CONCORD NH CLIMATE NORMALS FOR TODAY
                         NORMAL    RECORD    YEAR
 MAXIMUM TEMPERATURE (F)   80        95      1937
 MINIMUM TEMPERATURE (F)   56        35      1975


SUNRISE AND SUNSET
AUGUST 21 2017........SUNRISE   558 AM EDT   SUNSET   739 PM EDT
AUGUST 22 2017........SUNRISE   559 AM EDT   SUNSET   737 PM EDT


-  INDICATES NEGATIVE NUMBERS.
R  INDICATES RECORD WAS SET OR TIED.
MM INDICATES DATA IS MISSING.
T  INDICATES TRACE AMOUNT.




$$
