000
CDUS41 KGYX 290803
CLICON


CLIMATE REPORT
NATIONAL WEATHER SERVICE GRAY ME
403 AM EDT SAT APR 29 2017


...................................

...THE CONCORD NH CLIMATE SUMMARY FOR APRIL 28 2017...

CLIMATE NORMAL PERIOD 1981 TO 2010
CLIMATE RECORD PERIOD 1868 TO 2017


WEATHER ITEM   OBSERVED TIME   RECORD YEAR NORMAL DEPARTURE LAST
                VALUE   (LST)  VALUE       VALUE  FROM      YEAR
                                                  NORMAL
..................................................................
TEMPERATURE (F)
 YESTERDAY
  MAXIMUM         84        MM  93    2009  63     21       61
  MINIMUM         54        MM  25    1975  37     17       26
                                      1971
  AVERAGE         69                        50     19       44

PRECIPITATION (IN)
  YESTERDAY        T             2.04 1904   0.11  -0.11     0.00
  MONTH TO DATE    4.23                      3.17   1.06     1.65
  SINCE MAR 1      8.21                      6.44   1.77     4.32
  SINCE JAN 1     13.16                     11.76   1.40    10.07

SNOWFALL (IN)
  YESTERDAY        0.0           5.5  1928   0.1   -0.1      0.0
  MONTH TO DATE    6.9                       2.8    4.1      2.7
  SINCE MAR 1     29.3                      13.9   15.4      5.0
  SINCE JUL 1     86.3                      61.4   24.9     29.7
  SNOW DEPTH       0

DEGREE DAYS
 HEATING
  YESTERDAY        0                        15    -15       21
  MONTH TO DATE  456                       571   -115      596
  SINCE MAR 1   1560                      1558      2     1378
  SINCE JUL 1   6058                      6818   -760     5727

 COOLING
  YESTERDAY        4                         0      4        0
  MONTH TO DATE    6                         0      6        0
  SINCE MAR 1      6                         0      6        0
  SINCE JAN 1      6                         0      6        0
..................................................................


WIND (MPH)
  RESULTANT WIND SPEED   3   RESULTANT WIND DIRECTION  SW (230)
  HIGHEST WIND SPEED    14   HIGHEST WIND DIRECTION    SW (240)
  HIGHEST GUST SPEED    21   HIGHEST GUST DIRECTION     W (260)
  AVERAGE WIND SPEED     5.1


SKY COVER
  AVERAGE SKY COVER 0.5


WEATHER CONDITIONS
 THE FOLLOWING WEATHER WAS RECORDED YESTERDAY.
  LIGHT RAIN
  FOG


RELATIVE HUMIDITY (PERCENT)
 HIGHEST   100           500 AM
 LOWEST     19           600 PM
 AVERAGE    60

..........................................................


THE CONCORD NH CLIMATE NORMALS FOR TODAY
                         NORMAL    RECORD    YEAR
 MAXIMUM TEMPERATURE (F)   64        86      1974
 MINIMUM TEMPERATURE (F)   37        18      1975


SUNRISE AND SUNSET
APRIL 29 2017.........SUNRISE   542 AM EDT   SUNSET   745 PM EDT
APRIL 30 2017.........SUNRISE   541 AM EDT   SUNSET   747 PM EDT


-  INDICATES NEGATIVE NUMBERS.
R  INDICATES RECORD WAS SET OR TIED.
MM INDICATES DATA IS MISSING.
T  INDICATES TRACE AMOUNT.




$$
