000
CDUS41 KGYX 090906
CLICON


CLIMATE REPORT
NATIONAL WEATHER SERVICE GRAY ME
405 AM EST TUE FEB 9 2016


...................................

...THE CONCORD NH CLIMATE SUMMARY FOR FEBRUARY 8 2016...

CLIMATE NORMAL PERIOD 1981 TO 2010
CLIMATE RECORD PERIOD 1868 TO 2016


WEATHER ITEM   OBSERVED TIME   RECORD YEAR NORMAL DEPARTURE LAST
                VALUE   (LST)  VALUE       VALUE  FROM      YEAR
                                                  NORMAL
..................................................................
TEMPERATURE (F)
 YESTERDAY
  MAXIMUM         32   1208 AM  62    1933  33     -1       24
  MINIMUM         20   1159 PM -21    1950  12      8       11
  AVERAGE         26                        23      3       18

PRECIPITATION (IN)
  YESTERDAY        0.17          0.86 1971   0.09   0.08     0.47
  MONTH TO DATE    1.55                      0.73   0.82     1.37
  SINCE DEC 1      7.69                      6.63   1.06     9.80
  SINCE JAN 1      2.91                      3.43  -0.52     4.64

SNOWFALL (IN)
  YESTERDAY        2.7           9.0  1976   0.4    2.3      4.5
                                      2000
  MONTH TO DATE    7.9                       3.8    4.1     18.0
  SINCE DEC 1     19.9                      36.4  -16.5     46.8
  SINCE JUL 1     19.9                      39.0  -19.1     59.7
  SNOW DEPTH       4

DEGREE DAYS
 HEATING
  YESTERDAY       39                        42     -3       47
  MONTH TO DATE  251                       343    -92      420
  SINCE DEC 1   2259                      2905   -646     2897
  SINCE JUL 1   3539                      4465   -926     4401

 COOLING
  YESTERDAY        0                         0      0        0
  MONTH TO DATE    0                         0      0        0
  SINCE DEC 1      0                         0      0        0
  SINCE JAN 1      0                         0      0        0
..................................................................


WIND (MPH)
  RESULTANT WIND SPEED  10   RESULTANT WIND DIRECTION  NE (30)
  HIGHEST WIND SPEED    21   HIGHEST WIND DIRECTION    NE (50)
  HIGHEST GUST SPEED    28   HIGHEST GUST DIRECTION    NE (40)
  AVERAGE WIND SPEED    10.2


SKY COVER
  AVERAGE SKY COVER 0.6


WEATHER CONDITIONS
 THE FOLLOWING WEATHER WAS RECORDED YESTERDAY.
  LIGHT SNOW
  FOG
  HAZE


RELATIVE HUMIDITY (PERCENT)
 HIGHEST    84           900 PM
 LOWEST     31          1000 AM
 AVERAGE    58

..........................................................


THE CONCORD NH CLIMATE NORMALS FOR TODAY
                         NORMAL    RECORD    YEAR
 MAXIMUM TEMPERATURE (F)   34        65      1886
 MINIMUM TEMPERATURE (F)   12       -19      1934


SUNRISE AND SUNSET
FEBRUARY  9 2016......SUNRISE   653 AM EST   SUNSET   508 PM EST
FEBRUARY 10 2016......SUNRISE   651 AM EST   SUNSET   510 PM EST


-  INDICATES NEGATIVE NUMBERS.
R  INDICATES RECORD WAS SET OR TIED.
MM INDICATES DATA IS MISSING.
T  INDICATES TRACE AMOUNT.




$$
