000
CDUS41 KGYX 292051
CLICON


CLIMATE REPORT
NATIONAL WEATHER SERVICE GRAY ME
451 PM EDT FRI APR 29 2016


...................................

...THE CONCORD NH CLIMATE SUMMARY FOR APRIL 29 2016...
VALID TODAY AS OF 0400 PM LOCAL TIME.

CLIMATE NORMAL PERIOD 1981 TO 2010
CLIMATE RECORD PERIOD 1868 TO 2016


WEATHER ITEM   OBSERVED TIME   RECORD YEAR NORMAL DEPARTURE LAST
                VALUE   (LST)  VALUE       VALUE  FROM      YEAR
                                                  NORMAL
..................................................................
TEMPERATURE (F)
 TODAY
  MAXIMUM         60    226 PM  86    1974  64     -4       62
  MINIMUM         38    533 AM  18    1975  37      1       38
  AVERAGE         49                        50     -1       50

PRECIPITATION (IN)
  TODAY            0.00          1.30 1923   0.12  -0.12     0.00
  MONTH TO DATE    1.65                      3.29  -1.64     2.26
  SINCE MAR 1      4.32                      6.56  -2.24     3.74
  SINCE JAN 1     10.07                     11.88  -1.81     9.80

SNOWFALL (IN)
  TODAY            0.0           5.2  1987   0.0    0.0      0.0
  MONTH TO DATE    2.7                       2.8   -0.1      2.1
  SINCE MAR 1      5.0                      13.9   -8.9      7.9
  SINCE JUL 1     29.7                      61.4  -31.7     92.1
  SNOW DEPTH       0

DEGREE DAYS
 HEATING
  TODAY           16                        15      1       15
  MONTH TO DATE  612                       586     26      599
  SINCE MAR 1   1394                      1573   -179     1747
  SINCE JUL 1   5743                      6833  -1090     7201

 COOLING
  TODAY            0                         0      0        0
  MONTH TO DATE    0                         0      0        0
  SINCE MAR 1      0                         0      0        0
  SINCE JAN 1      0                         0      0        0
..................................................................


WIND (MPH)
  HIGHEST WIND SPEED    13   HIGHEST WIND DIRECTION    SE (140)
  HIGHEST GUST SPEED    17   HIGHEST GUST DIRECTION    SE (130)
  AVERAGE WIND SPEED     6.2


SKY COVER
  POSSIBLE SUNSHINE  MM
  AVERAGE SKY COVER 0.5


WEATHER CONDITIONS
 THE FOLLOWING WEATHER WAS RECORDED TODAY.
  NO SIGNIFICANT WEATHER WAS OBSERVED.


RELATIVE HUMIDITY (PERCENT)
 HIGHEST    76           100 AM
 LOWEST     35          1200 PM
 AVERAGE    56

..........................................................


THE CONCORD NH CLIMATE NORMALS FOR TOMORROW
                         NORMAL    RECORD    YEAR
 MAXIMUM TEMPERATURE (F)   64        86      2004
                                             1899
 MINIMUM TEMPERATURE (F)   37        22      1975


SUNRISE AND SUNSET
APRIL 29 2016.........SUNRISE   542 AM EDT   SUNSET   746 PM EDT
APRIL 30 2016.........SUNRISE   540 AM EDT   SUNSET   747 PM EDT


-  INDICATES NEGATIVE NUMBERS.
R  INDICATES RECORD WAS SET OR TIED.
MM INDICATES DATA IS MISSING.
T  INDICATES TRACE AMOUNT.




$$
