000
CDUS45 KPUB 231038
CLICOS


CLIMATE REPORT
NATIONAL WEATHER SERVICE PUEBLO
437 AM MDT THU MAR 23 2017


...................................

...THE COLORADO SPRINGS CO CLIMATE SUMMARY FOR MARCH 22 2017...

CLIMATE NORMAL PERIOD 1981 TO 2010
CLIMATE RECORD PERIOD 1872 TO 2017


WEATHER ITEM   OBSERVED TIME   RECORD YEAR NORMAL DEPARTURE LAST
                VALUE   (LST)  VALUE       VALUE  FROM      YEAR
                                                  NORMAL
..................................................................
TEMPERATURE (F)
 YESTERDAY
  MAXIMUM         63    213 PM  73    2009  54      9       71
                                      2004
  MINIMUM         35    704 AM  -2    1898  27      8       40
  AVERAGE         49                        40      9       56

PRECIPITATION (IN)
  YESTERDAY        0.00          0.55 1984   0.03  -0.03     0.00
  MONTH TO DATE    T                         0.68  -0.68     0.17
  SINCE MAR 1      T                         0.68  -0.68     0.17
  SINCE JAN 1      0.39                      1.34  -0.95     1.71

SNOWFALL (IN)
  YESTERDAY        0.0           6.3  1984   0.3   -0.3      0.0
  MONTH TO DATE    0.0                       5.7   -5.7      2.3
  SINCE MAR 1      0.0                       5.7   -5.7      2.3
  SINCE JUL 1     13.4                      29.7  -16.3     29.4
  SNOW DEPTH       0

DEGREE DAYS
 HEATING
  YESTERDAY       16                        24     -8        9
  MONTH TO DATE  375                       595   -220      464
  SINCE MAR 1    375                       595   -220      464
  SINCE JUL 1   4128                      5158  -1030     4367

 COOLING
  YESTERDAY        0                         0      0        0
  MONTH TO DATE    0                         0      0        0
  SINCE MAR 1      0                         0      0        0
  SINCE JAN 1      0                         0      0        0
..................................................................


WIND (MPH)
  HIGHEST WIND SPEED    16   HIGHEST WIND DIRECTION     S (170)
  HIGHEST GUST SPEED    19   HIGHEST GUST DIRECTION    SE (120)
  AVERAGE WIND SPEED     7.4


SKY COVER
  POSSIBLE SUNSHINE  MM
  AVERAGE SKY COVER 0.8


WEATHER CONDITIONS
 THE FOLLOWING WEATHER WAS RECORDED YESTERDAY.
  NO SIGNIFICANT WEATHER WAS OBSERVED.


RELATIVE HUMIDITY (PERCENT)
 HIGHEST    76           200 AM
 LOWEST     30           400 PM
 AVERAGE    53

..........................................................


THE COLORADO SPRINGS CO CLIMATE NORMALS FOR TODAY
                         NORMAL    RECORD    YEAR
 MAXIMUM TEMPERATURE (F)   54        76      1967
 MINIMUM TEMPERATURE (F)   28        -5      1898


SUNRISE AND SUNSET
MARCH 23 2017.........SUNRISE   657 AM MDT   SUNSET   714 PM MDT
MARCH 24 2017.........SUNRISE   656 AM MDT   SUNSET   715 PM MDT


-  INDICATES NEGATIVE NUMBERS.
R  INDICATES RECORD WAS SET OR TIED.
MM INDICATES DATA IS MISSING.
T  INDICATES TRACE AMOUNT.




$$
