000
CDUS45 KRIW 240040
CLICPR


CLIMATE REPORT
NATIONAL WEATHER SERVICE RIVERTON WY
639 PM MDT SUN APR 23 2017


...................................

...THE CASPER WY CLIMATE SUMMARY FOR APRIL 23 2017...
VALID TODAY AS OF 0500 PM LOCAL TIME.

CLIMATE NORMAL PERIOD 1981 TO 2010
CLIMATE RECORD PERIOD 1939 TO 2017


WEATHER ITEM   OBSERVED TIME   RECORD YEAR NORMAL DEPARTURE LAST
                VALUE   (LST)  VALUE       VALUE  FROM      YEAR
                                                  NORMAL
..................................................................
TEMPERATURE (F)
 TODAY
  MAXIMUM         72        MM  82    2012  59     13       79
                                      1989
  MINIMUM         40        MM   9    2013  30     10       36
  AVERAGE         56                        45     11       58

PRECIPITATION (IN)
  TODAY            0.00          0.63 1948   0.05  -0.05     0.08
  MONTH TO DATE    1.36                      0.92   0.44     0.34
  SINCE MAR 1      3.15                      1.74   1.41     1.70
  SINCE JAN 1      4.50                      2.82   1.68     3.16

SNOWFALL (IN)
  TODAY            0.0                       0.3   -0.3      0.0
  MONTH TO DATE    2.1                       9.4   -7.3      2.7
  SINCE MAR 1      9.9                      20.3  -10.4     16.1
  SINCE JUL 1     63.4                      69.7   -6.3     74.8
  SNOW DEPTH       0

DEGREE DAYS
 HEATING
  TODAY            9                        20    -11        7
  MONTH TO DATE  464                       536    -72      446
  SINCE MAR 1   1176                      1461   -285     1300
  SINCE JUL 1   6366                      6909   -543     6235

 COOLING
  TODAY            0                         0      0        0
  MONTH TO DATE    0                         0      0        0
  SINCE MAR 1      0                         0      0        0
  SINCE JAN 1      0                         0      0        0
..................................................................


WIND (MPH)
  HIGHEST WIND SPEED    25   HIGHEST WIND DIRECTION    SW (210)
  HIGHEST GUST SPEED    37   HIGHEST GUST DIRECTION    SW (220)
  AVERAGE WIND SPEED    15.0


SKY COVER
  POSSIBLE SUNSHINE  MM
  AVERAGE SKY COVER 0.1


WEATHER CONDITIONS
 THE FOLLOWING WEATHER WAS RECORDED TODAY.
  NO SIGNIFICANT WEATHER WAS OBSERVED.


RELATIVE HUMIDITY (PERCENT)
 HIGHEST    76          1200 AM
 LOWEST     17           200 PM
 AVERAGE    47

..........................................................


THE CASPER WY CLIMATE NORMALS FOR TOMORROW
                         NORMAL    RECORD    YEAR
 MAXIMUM TEMPERATURE (F)   59        83      2012
 MINIMUM TEMPERATURE (F)   31        15      1958


SUNRISE AND SUNSET
APRIL 23 2017.........SUNRISE   611 AM MDT   SUNSET   758 PM MDT
APRIL 24 2017.........SUNRISE   610 AM MDT   SUNSET   759 PM MDT


-  INDICATES NEGATIVE NUMBERS.
R  INDICATES RECORD WAS SET OR TIED.
MM INDICATES DATA IS MISSING.
T  INDICATES TRACE AMOUNT.




$$
