000
CDUS45 KRIW 010029
CLICPR


CLIMATE REPORT
NATIONAL WEATHER SERVICE RIVERTON WY
629 PM MDT TUE MAY 31 2016


...................................

...THE CASPER WY CLIMATE SUMMARY FOR MAY 31 2016...
VALID TODAY AS OF 0500 PM LOCAL TIME.

CLIMATE NORMAL PERIOD 1981 TO 2010
CLIMATE RECORD PERIOD 1939 TO 2016


WEATHER ITEM   OBSERVED TIME   RECORD YEAR NORMAL DEPARTURE LAST
                VALUE   (LST)  VALUE       VALUE  FROM      YEAR
                                                  NORMAL
..................................................................
TEMPERATURE (F)
 TODAY
  MAXIMUM         65        MM  88    2002  72     -7       79
  MINIMUM         34        MM  27    1979  41     -7       47
  AVERAGE         50                        57     -7       63

PRECIPITATION (IN)
  TODAY            T             0.37 1995   0.06  -0.06     0.00
  MONTH TO DATE    3.01                      2.02   0.99     3.89
  SINCE MAR 1      8.00                      4.13   3.87     6.19
  SINCE JAN 1      9.46                      5.21   4.25     7.50

SNOWFALL (IN)
  TODAY           MM                         0.0   MM        0.0
  MONTH TO DATE    0.0                       2.9   -2.9      6.3
  SINCE MAR 1     27.9                      25.4    2.5     20.3
  SINCE JUL 1     86.6                      74.8   11.8     71.7
  SNOW DEPTH       0

DEGREE DAYS
 HEATING
  TODAY           15                         9      6        2
  MONTH TO DATE  464                       402     62      486
  SINCE MAR 1   1970                      1996    -26     1887
  SINCE JUL 1   6905                      7444   -539     6938

 COOLING
  TODAY            0                         0      0        0
  MONTH TO DATE    0                         4     -4        0
  SINCE MAR 1      0                         4     -4        0
  SINCE JAN 1      0                         4     -4        0
..................................................................


WIND (MPH)
  HIGHEST WIND SPEED    20   HIGHEST WIND DIRECTION    NW (320)
  HIGHEST GUST SPEED    25   HIGHEST GUST DIRECTION    NW (320)
  AVERAGE WIND SPEED     8.8


SKY COVER
  POSSIBLE SUNSHINE  MM
  AVERAGE SKY COVER 0.4


WEATHER CONDITIONS
 THE FOLLOWING WEATHER WAS RECORDED TODAY.
  NO SIGNIFICANT WEATHER WAS OBSERVED.


RELATIVE HUMIDITY (PERCENT)
 HIGHEST    92           400 AM
 LOWEST     23           300 PM
 AVERAGE    58

..........................................................


THE CASPER WY CLIMATE NORMALS FOR TOMORROW
                         NORMAL    RECORD    YEAR
 MAXIMUM TEMPERATURE (F)   73        89      1977
                                             1956
                                             1940
 MINIMUM TEMPERATURE (F)   42        30      1951


SUNRISE AND SUNSET
MAY 31 2016...........SUNRISE   530 AM MDT   SUNSET   838 PM MDT
JUNE  1 2016..........SUNRISE   530 AM MDT   SUNSET   839 PM MDT


-  INDICATES NEGATIVE NUMBERS.
R  INDICATES RECORD WAS SET OR TIED.
MM INDICATES DATA IS MISSING.
T  INDICATES TRACE AMOUNT.




$$
