000
CDUS45 KRIW 220734
CLICPR


CLIMATE REPORT
NATIONAL WEATHER SERVICE RIVERTON WY
1234 AM MST MON JAN 22 2018


...................................

...THE CASPER WY CLIMATE SUMMARY FOR JANUARY 21 2018...

CLIMATE NORMAL PERIOD 1981 TO 2010
CLIMATE RECORD PERIOD 1939 TO 2018


WEATHER ITEM   OBSERVED TIME   RECORD YEAR NORMAL DEPARTURE LAST
                VALUE   (LST)  VALUE       VALUE  FROM      YEAR
                                                  NORMAL
..................................................................
TEMPERATURE (F)
 YESTERDAY
  MAXIMUM         25    321 PM  56    1950  35    -10       36
  MINIMUM          6   1001 PM -21    1962  15     -9       15
  AVERAGE         16                        25     -9       26

PRECIPITATION (IN)
  YESTERDAY        0.10          0.36 1974   0.01   0.09     0.00
  MONTH TO DATE    0.68                      0.34   0.34     0.24
  SINCE DEC 1      2.05                      0.83   1.22     1.55
  SINCE JAN 1      0.68                      0.34   0.34     0.24

SNOWFALL (IN)
  YESTERDAY        3.2                       0.2    3.0      0.0
  MONTH TO DATE   12.3                       6.2    6.1      5.4
  SINCE DEC 1     31.7                      17.2   14.5     27.6
  SINCE JUL 1     40.9                      36.7    4.2     30.8
  SNOW DEPTH      10

DEGREE DAYS
 HEATING
  YESTERDAY       49                        40      9       39
  MONTH TO DATE  787                       845    -58      945
  SINCE DEC 1   2097                      2120    -23     2402
  SINCE JUL 1   3841                      3974   -133     3828

 COOLING
  YESTERDAY        0                         0      0        0
  MONTH TO DATE    0                         0      0        0
  SINCE DEC 1      0                         0      0        0
  SINCE JAN 1      0                         0      0        0
..................................................................


WIND (MPH)
  HIGHEST WIND SPEED    25   HIGHEST WIND DIRECTION    NE (30)
  HIGHEST GUST SPEED    29   HIGHEST GUST DIRECTION    NE (30)
  AVERAGE WIND SPEED     9.3


SKY COVER
  POSSIBLE SUNSHINE  MM
  AVERAGE SKY COVER 0.7


WEATHER CONDITIONS
 THE FOLLOWING WEATHER WAS RECORDED YESTERDAY.
  SNOW
  LIGHT SNOW
  FOG


RELATIVE HUMIDITY (PERCENT)
 HIGHEST   100          1200 AM
 LOWEST     74           300 PM
 AVERAGE    87

..........................................................


THE CASPER WY CLIMATE NORMALS FOR TODAY
                         NORMAL    RECORD    YEAR
 MAXIMUM TEMPERATURE (F)   35        56      1981
 MINIMUM TEMPERATURE (F)   15       -19      1963


SUNRISE AND SUNSET
JANUARY 22 2018.......SUNRISE   730 AM MST   SUNSET   506 PM MST
JANUARY 23 2018.......SUNRISE   729 AM MST   SUNSET   507 PM MST


-  INDICATES NEGATIVE NUMBERS.
R  INDICATES RECORD WAS SET OR TIED.
MM INDICATES DATA IS MISSING.
T  INDICATES TRACE AMOUNT.




$$
