000
CDUS45 KRIW 260734
CLICPR


CLIMATE REPORT
NATIONAL WEATHER SERVICE RIVERTON WY
133 AM MDT FRI AUG 26 2016


...................................

...THE CASPER WY CLIMATE SUMMARY FOR AUGUST 25 2016...

CLIMATE NORMAL PERIOD 1981 TO 2010
CLIMATE RECORD PERIOD 1939 TO 2016


WEATHER ITEM   OBSERVED TIME   RECORD YEAR NORMAL DEPARTURE LAST
                VALUE   (LST)  VALUE       VALUE  FROM      YEAR
                                                  NORMAL
..................................................................
TEMPERATURE (F)
 YESTERDAY
  MAXIMUM         65    225 PM  96    2011  85    -20       95
                                      1994
                                      1969
  MINIMUM         47    426 AM  36    1964  50     -3       53
  AVERAGE         56                        67    -11       74

PRECIPITATION (IN)
  YESTERDAY        0.41          0.85 1987   0.02   0.39     0.00
  MONTH TO DATE    1.22                      0.71   0.51     0.83
  SINCE JUN 1      2.63                      3.73  -1.10     2.90
  SINCE JAN 1     12.09                      8.94   3.15    10.40

SNOWFALL (IN)
  YESTERDAY        0.0                       0.0    0.0      0.0
  MONTH TO DATE    0.0                       0.0    0.0      0.0
  SINCE JUN 1      0.0                       0.1   -0.1      0.0
  SINCE JUL 1      0.0                       0.0    0.0      0.0
  SNOW DEPTH       0

DEGREE DAYS
 HEATING
  YESTERDAY        9                         1      8        0
  MONTH TO DATE   48                        16     32       44
  SINCE JUN 1     90                       168    -78       86
  SINCE JUL 1     53                        32     21       60

 COOLING
  YESTERDAY        0                         3     -3        9
  MONTH TO DATE  103                       135    -32      109
  SINCE JUN 1    412                       376     36      315
  SINCE JAN 1    412                       380     32      315
..................................................................


WIND (MPH)
  HIGHEST WIND SPEED    23   HIGHEST WIND DIRECTION    SE (120)
  HIGHEST GUST SPEED    28   HIGHEST GUST DIRECTION    SE (120)
  AVERAGE WIND SPEED    10.7


SKY COVER
  POSSIBLE SUNSHINE  MM
  AVERAGE SKY COVER 0.8


WEATHER CONDITIONS
 THE FOLLOWING WEATHER WAS RECORDED YESTERDAY.
  THUNDERSTORM
  HEAVY RAIN
  RAIN
  LIGHT RAIN
  FOG


RELATIVE HUMIDITY (PERCENT)
 HIGHEST   100           400 AM
 LOWEST     52           100 PM
 AVERAGE    76

..........................................................


THE CASPER WY CLIMATE NORMALS FOR TODAY
                         NORMAL    RECORD    YEAR
 MAXIMUM TEMPERATURE (F)   84        98      1994
 MINIMUM TEMPERATURE (F)   49        39      2005


SUNRISE AND SUNSET
AUGUST 26 2016........SUNRISE   625 AM MDT   SUNSET   750 PM MDT
AUGUST 27 2016........SUNRISE   626 AM MDT   SUNSET   748 PM MDT


-  INDICATES NEGATIVE NUMBERS.
R  INDICATES RECORD WAS SET OR TIED.
MM INDICATES DATA IS MISSING.
T  INDICATES TRACE AMOUNT.




$$
