000
CDUS45 KRIW 280738
CLICPR


CLIMATE REPORT
NATIONAL WEATHER SERVICE RIVERTON WY
129 AM MDT WED SEP 28 2016


...................................

...THE CASPER WY CLIMATE SUMMARY FOR SEPTEMBER 27 2016...

CLIMATE NORMAL PERIOD 1981 TO 2010
CLIMATE RECORD PERIOD 1939 TO 2016


WEATHER ITEM   OBSERVED TIME   RECORD YEAR NORMAL DEPARTURE LAST
                VALUE   (LST)  VALUE       VALUE  FROM      YEAR
                                                  NORMAL
..................................................................
TEMPERATURE (F)
 YESTERDAY
  MAXIMUM         79    332 PM  89    2015  68     11       89
  MINIMUM         43   1159 PM  22    1964  37      6       47
                                      1945
  AVERAGE         61                        52      9       68

PRECIPITATION (IN)
  YESTERDAY        0.00          0.58 2013   0.04  -0.04      T
  MONTH TO DATE    1.55                      0.96   0.59     0.04
  SINCE SEP 1      1.55                      0.96   0.59     0.04
  SINCE JAN 1     13.72                     10.04   3.68    10.44

SNOWFALL (IN)
  YESTERDAY        0.0                       0.1   -0.1      0.0
  MONTH TO DATE    0.0                       1.4   -1.4      0.0
  SINCE SEP 1      0.0                       1.4   -1.4      0.0
  SINCE JUL 1      0.0                       1.4   -1.4      0.0
  SNOW DEPTH       0

DEGREE DAYS
 HEATING
  YESTERDAY        4                        13     -9        0
  MONTH TO DATE  191                       199     -8       68
  SINCE SEP 1    191                       199     -8       68
  SINCE JUL 1    251                       245      6      128

 COOLING
  YESTERDAY        0                         0      0        3
  MONTH TO DATE   29                        24      5       66
  SINCE SEP 1     29                        24      5       66
  SINCE JAN 1    451                       421     30      424
..................................................................


WIND (MPH)
  HIGHEST WIND SPEED    18   HIGHEST WIND DIRECTION    SW (210)
  HIGHEST GUST SPEED    26   HIGHEST GUST DIRECTION     W (280)
  AVERAGE WIND SPEED    10.1


SKY COVER
  POSSIBLE SUNSHINE  MM
  AVERAGE SKY COVER 0.0


WEATHER CONDITIONS
 THE FOLLOWING WEATHER WAS RECORDED YESTERDAY.
  NO SIGNIFICANT WEATHER WAS OBSERVED.


RELATIVE HUMIDITY (PERCENT)
 HIGHEST    89           400 AM
 LOWEST     19           300 PM
 AVERAGE    54

..........................................................


THE CASPER WY CLIMATE NORMALS FOR TODAY
                         NORMAL    RECORD    YEAR
 MAXIMUM TEMPERATURE (F)   67        92      2010
 MINIMUM TEMPERATURE (F)   36        15      1945


SUNRISE AND SUNSET
SEPTEMBER 28 2016.....SUNRISE   700 AM MDT   SUNSET   651 PM MDT
SEPTEMBER 29 2016.....SUNRISE   702 AM MDT   SUNSET   650 PM MDT


-  INDICATES NEGATIVE NUMBERS.
R  INDICATES RECORD WAS SET OR TIED.
MM INDICATES DATA IS MISSING.
T  INDICATES TRACE AMOUNT.




$$
