000
CDUS46 KLOX 230917
CLICQT


CLIMATE REPORT
NATIONAL WEATHER SERVICE LOS ANGELES/OXNARD CA
217 AM PDT SAT MAY 23 2015


...................................

...THE DOWNTOWN LOS ANGELES (USC) CA CLIMATE SUMMARY FOR MAY 22 2015...

CLIMATE NORMAL PERIOD 1981 TO 2010
CLIMATE RECORD PERIOD 1877 TO 2015


WEATHER ITEM   OBSERVED TIME   RECORD YEAR NORMAL DEPARTURE LAST
                VALUE   (LST)  VALUE       VALUE  FROM      YEAR
                                                  NORMAL
..................................................................
TEMPERATURE (F)
 YESTERDAY
  MAXIMUM         69   1232 PM  94    1967  75     -6       71
  MINIMUM         57    435 AM  44    1879  58     -1       57
  AVERAGE         63                        66     -3       64

PRECIPITATION (IN)
  YESTERDAY        0.00          0.67 2006   0.00   0.00     0.00
  MONTH TO DATE    0.93                      0.21   0.72     0.00
  SINCE OCT 1      8.46                     14.50  -6.04     5.99
  SINCE JAN 1      3.85                     10.47  -6.62     5.11

SNOWFALL (IN)
  YESTERDAY        0.0
  MONTH TO DATE    0.0
  SINCE MAR 1      0.0
  SINCE JUL 1      0.0

DEGREE DAYS
 HEATING
  YESTERDAY        2                         1      1        1
  MONTH TO DATE   37                        35      2        9
  SINCE MAR 1    103                       293   -190      124
  SINCE JUL 1    466                      1068   -602      601

 COOLING
  YESTERDAY        0                         2     -2        0
  MONTH TO DATE   15                        44    -29      146
  SINCE MAR 1    223                       108    115      232
  SINCE JAN 1    280                       131    149      255
..................................................................


WIND (MPH)
  HIGHEST WIND SPEED    10   HIGHEST WIND DIRECTION     W (280)
  HIGHEST GUST SPEED    17   HIGHEST GUST DIRECTION     W (280)
  AVERAGE WIND SPEED     2.1


SKY COVER
  POSSIBLE SUNSHINE  MM
  AVERAGE SKY COVER 0.8


WEATHER CONDITIONS
 THE FOLLOWING WEATHER WAS RECORDED YESTERDAY.
  NO SIGNIFICANT WEATHER WAS OBSERVED.


RELATIVE HUMIDITY (PERCENT)
 HIGHEST    86           200 AM
 LOWEST     52          1100 AM
 AVERAGE    69

..........................................................


THE DOWNTOWN LOS ANGELES (USC) CA CLIMATE NORMALS FOR TODAY
                         NORMAL    RECORD    YEAR
 MAXIMUM TEMPERATURE (F)   75        92      1932
 MINIMUM TEMPERATURE (F)   58        41      1881


SUNRISE AND SUNSET
MAY 23 2015...........SUNRISE   547 AM PDT   SUNSET   753 PM PDT
MAY 24 2015...........SUNRISE   546 AM PDT   SUNSET   754 PM PDT


-  INDICATES NEGATIVE NUMBERS.
R  INDICATES RECORD WAS SET OR TIED.
MM INDICATES DATA IS MISSING.
T  INDICATES TRACE AMOUNT.




$$
