000
CDUS46 KLOX 250915
CLICQT


CLIMATE REPORT
NATIONAL WEATHER SERVICE LOS ANGELES/OXNARD CA
215 AM PDT SAT MAR 25 2017


...................................

...THE DOWNTOWN LOS ANGELES (USC) CA CLIMATE SUMMARY FOR MARCH 24 2017...

CLIMATE NORMAL PERIOD 1981 TO 2010
CLIMATE RECORD PERIOD 1877 TO 2017


WEATHER ITEM   OBSERVED TIME   RECORD YEAR NORMAL DEPARTURE LAST
                VALUE   (LST)  VALUE       VALUE  FROM      YEAR
                                                  NORMAL
..................................................................
TEMPERATURE (F)
 YESTERDAY
  MAXIMUM         72   1123 AM  94    1988  71      1       81
  MINIMUM         53    457 AM  37    1898  51      2       55
  AVERAGE         63                        61      2       68

PRECIPITATION (IN)
  YESTERDAY        0.00          1.39 1948   0.06  -0.06     0.00
  MONTH TO DATE    0.09                      2.05  -1.96     1.58
  SINCE OCT 1     18.59                     13.00   5.59     6.57
  SINCE JAN 1     12.64                      8.97   3.67     5.54

SNOWFALL (IN)
  YESTERDAY        0.0
  MONTH TO DATE    0.0
  SINCE MAR 1      0.0
  SINCE JUL 1      0.0

DEGREE DAYS
 HEATING
  YESTERDAY        2                         5     -3        0
  MONTH TO DATE   38                       124    -86       48
  SINCE MAR 1     38                       124    -86       48
  SINCE JUL 1    690                       899   -209      688

 COOLING
  YESTERDAY        0                         1     -1        3
  MONTH TO DATE   53                        21     32       17
  SINCE MAR 1     53                        21     32       17
  SINCE JAN 1     61                        44     17       92
..................................................................


WIND (MPH)
  HIGHEST WIND SPEED    12   HIGHEST WIND DIRECTION     W (270)
  HIGHEST GUST SPEED    19   HIGHEST GUST DIRECTION     W (270)
  AVERAGE WIND SPEED     1.9


SKY COVER
  POSSIBLE SUNSHINE  MM
  AVERAGE SKY COVER 0.1


WEATHER CONDITIONS
 THE FOLLOWING WEATHER WAS RECORDED YESTERDAY.
  NO SIGNIFICANT WEATHER WAS OBSERVED.


RELATIVE HUMIDITY (PERCENT)
 HIGHEST    86          1200 AM
 LOWEST     38          1200 PM
 AVERAGE    62

..........................................................


THE DOWNTOWN LOS ANGELES (USC) CA CLIMATE NORMALS FOR TODAY
                         NORMAL    RECORD    YEAR
 MAXIMUM TEMPERATURE (F)   71        96      1988
 MINIMUM TEMPERATURE (F)   51        37      1902


SUNRISE AND SUNSET
MARCH 25 2017.........SUNRISE   650 AM PDT   SUNSET   709 PM PDT
MARCH 26 2017.........SUNRISE   648 AM PDT   SUNSET   710 PM PDT


-  INDICATES NEGATIVE NUMBERS.
R  INDICATES RECORD WAS SET OR TIED.
MM INDICATES DATA IS MISSING.
T  INDICATES TRACE AMOUNT.




$$
