000
CDUS46 KLOX 010129
CLICQT


CLIMATE REPORT
NATIONAL WEATHER SERVICE LOS ANGELES/OXNARD CA
629 PM PDT TUE MAY 31 2016


...................................

...THE DOWNTOWN LOS ANGELES (USC) CA CLIMATE SUMMARY FOR MAY 31 2016...
VALID TODAY AS OF 0600 PM LOCAL TIME.

CLIMATE NORMAL PERIOD 1981 TO 2010
CLIMATE RECORD PERIOD 1877 TO 2016


WEATHER ITEM   OBSERVED TIME   RECORD YEAR NORMAL DEPARTURE LAST
                VALUE   (LST)  VALUE       VALUE  FROM      YEAR
                                                  NORMAL
..................................................................
TEMPERATURE (F)
 TODAY
  MAXIMUM         74   1250 PM  98    1909  75     -1       73
  MINIMUM         60    400 AM  47    1908  58      2       59
  AVERAGE         67                        67      0       66

PRECIPITATION (IN)
  TODAY            0.00          0.09 1894   0.00   0.00     0.00
  MONTH TO DATE    0.05                      0.26  -0.21     0.93
  SINCE OCT 1      6.88                     14.55  -7.67     8.46
  SINCE JAN 1      5.85                     10.52  -4.67     3.85

SNOWFALL (IN)
  TODAY            0.0
  MONTH TO DATE    0.0
  SINCE MAR 1      0.0
  SINCE JUL 1      0.0

DEGREE DAYS
 HEATING
  TODAY            0                         1     -1        0
  MONTH TO DATE   20                        44    -24       41
  SINCE MAR 1    118                       301   -183      107
  SINCE JUL 1    758                      1076   -318      470

 COOLING
  TODAY            2                         3     -1        1
  MONTH TO DATE   28                        67    -39       23
  SINCE MAR 1    132                       131      1      231
  SINCE JAN 1    207                       154     53      288
..................................................................


WIND (MPH)
  HIGHEST WIND SPEED     9   HIGHEST WIND DIRECTION     W (270)
  HIGHEST GUST SPEED    14   HIGHEST GUST DIRECTION     W (280)
  AVERAGE WIND SPEED     1.9


SKY COVER
  POSSIBLE SUNSHINE  MM
  AVERAGE SKY COVER 0.7


WEATHER CONDITIONS
 THE FOLLOWING WEATHER WAS RECORDED TODAY.
  FOG
  HAZE


RELATIVE HUMIDITY (PERCENT)
 HIGHEST    84          1200 AM
 LOWEST     57           100 PM
 AVERAGE    71

..........................................................


THE DOWNTOWN LOS ANGELES (USC) CA CLIMATE NORMALS FOR TOMORROW
                         NORMAL    RECORD    YEAR
 MAXIMUM TEMPERATURE (F)   75       100      1879
 MINIMUM TEMPERATURE (F)   58        47      1908


SUNRISE AND SUNSET
MAY 31 2016...........SUNRISE   543 AM PDT   SUNSET   759 PM PDT
JUNE  1 2016..........SUNRISE   543 AM PDT   SUNSET   800 PM PDT


-  INDICATES NEGATIVE NUMBERS.
R  INDICATES RECORD WAS SET OR TIED.
MM INDICATES DATA IS MISSING.
T  INDICATES TRACE AMOUNT.




$$
