000
CDUS46 KLOX 240902
CLICQT


CLIMATE REPORT
NATIONAL WEATHER SERVICE LOS ANGELES/OXNARD CA
202 AM PDT SUN SEP 24 2017


...................................

...THE DOWNTOWN LOS ANGELES (USC) CA CLIMATE SUMMARY FOR SEPTEMBER 23 2017...

CLIMATE NORMAL PERIOD 1981 TO 2010
CLIMATE RECORD PERIOD 1877 TO 2017


WEATHER ITEM   OBSERVED TIME   RECORD YEAR NORMAL DEPARTURE LAST
                VALUE   (LST)  VALUE       VALUE  FROM      YEAR
                                                  NORMAL
..................................................................
TEMPERATURE (F)
 YESTERDAY
  MAXIMUM         76   1135 AM 104    1978  82     -6       79
  MINIMUM         61    622 AM  44    1880  62     -1       62
  AVERAGE         69                        72     -3       71

PRECIPITATION (IN)
  YESTERDAY        0.00          0.28 1908   0.01  -0.01     0.00
  MONTH TO DATE    0.07                      0.15  -0.08      T
  SINCE OCT 1     19.07                     14.84   4.23     6.88
  SINCE JAN 1     13.12                     10.81   2.31     5.85

SNOWFALL (IN)
  YESTERDAY        0.0
  MONTH TO DATE    0.0
  SINCE SEP 1      0.0
  SINCE JUL 1      0.0

DEGREE DAYS
 HEATING
  YESTERDAY        0                         0      0        0
  MONTH TO DATE    0                         0      0        0
  SINCE SEP 1      0                         0      0        0
  SINCE JUL 1      0                         0      0        0

 COOLING
  YESTERDAY        4                         7     -3        6
  MONTH TO DATE  245                       195     50      157
  SINCE SEP 1    245                       195     50      157
  SINCE JAN 1   1447                      1029    418     1152
..................................................................


WIND (MPH)
  HIGHEST WIND SPEED    12   HIGHEST WIND DIRECTION     W (270)
  HIGHEST GUST SPEED    17   HIGHEST GUST DIRECTION     W (270)
  AVERAGE WIND SPEED     1.8


SKY COVER
  POSSIBLE SUNSHINE  MM
  AVERAGE SKY COVER 0.0


WEATHER CONDITIONS
 THE FOLLOWING WEATHER WAS RECORDED YESTERDAY.
  NO SIGNIFICANT WEATHER WAS OBSERVED.


RELATIVE HUMIDITY (PERCENT)
 HIGHEST    78          1200 AM
 LOWEST     41          1100 AM
 AVERAGE    60

..........................................................


THE DOWNTOWN LOS ANGELES (USC) CA CLIMATE NORMALS FOR TODAY
                         NORMAL    RECORD    YEAR
 MAXIMUM TEMPERATURE (F)   82       106      1978
 MINIMUM TEMPERATURE (F)   62        45      1880


SUNRISE AND SUNSET
SEPTEMBER 24 2017.....SUNRISE   643 AM PDT   SUNSET   647 PM PDT
SEPTEMBER 25 2017.....SUNRISE   644 AM PDT   SUNSET   645 PM PDT


-  INDICATES NEGATIVE NUMBERS.
R  INDICATES RECORD WAS SET OR TIED.
MM INDICATES DATA IS MISSING.
T  INDICATES TRACE AMOUNT.




$$
