000
CDUS46 KLOX 300111
CLICQT


CLIMATE REPORT
NATIONAL WEATHER SERVICE LOS ANGELES/OXNARD CA
611 PM PDT WED JUL 29 2015


...................................

...THE DOWNTOWN LOS ANGELES (USC) CA CLIMATE SUMMARY FOR JULY 29 2015...
VALID TODAY AS OF 0600 PM LOCAL TIME.

CLIMATE NORMAL PERIOD 1981 TO 2010
CLIMATE RECORD PERIOD 1877 TO 2015


WEATHER ITEM   OBSERVED TIME   RECORD YEAR NORMAL DEPARTURE LAST
                VALUE   (LST)  VALUE       VALUE  FROM      YEAR
                                                  NORMAL
..................................................................
TEMPERATURE (F)
 TODAY
  MAXIMUM         82   1141 AM 100    1995  84     -2       88
  MINIMUM         65    345 AM  53    1909  64      1       68
                                      1903
                                      1885
  AVERAGE         74                        74      0       78

PRECIPITATION (IN)
  TODAY            0.00          T    2003   0.00   0.00     0.00
                                      1912
                                      1911
  MONTH TO DATE    0.38                      0.01   0.37      T
  SINCE OCT 1      8.85                     14.65  -5.80     5.99
  SINCE JAN 1      4.24                     10.62  -6.38     5.11

SNOWFALL (IN)
  TODAY            0.0
  MONTH TO DATE    0.0
  SINCE JUN 1      0.0
  SINCE JUL 1      0.0

DEGREE DAYS
 HEATING
  TODAY            0                         0      0        0
  MONTH TO DATE    0                         0      0        0
  SINCE JUN 1      0                         8     -8        0
  SINCE JUL 1      0                         0      0        0

 COOLING
  TODAY            9                         9      0       13
  MONTH TO DATE  253                       243     10      300
  SINCE JUN 1    428                       377     51      428
  SINCE JAN 1    716                       531    185      722
..................................................................


WIND (MPH)
  HIGHEST WIND SPEED     9   HIGHEST WIND DIRECTION     W (280)
  HIGHEST GUST SPEED    16   HIGHEST GUST DIRECTION     W (270)
  AVERAGE WIND SPEED     2.2


SKY COVER
  POSSIBLE SUNSHINE  MM
  AVERAGE SKY COVER 0.5


WEATHER CONDITIONS
 THE FOLLOWING WEATHER WAS RECORDED TODAY.
  FOG
  HAZE


RELATIVE HUMIDITY (PERCENT)
 HIGHEST    93           300 AM
 LOWEST     54          1100 AM
 AVERAGE    74

..........................................................


THE DOWNTOWN LOS ANGELES (USC) CA CLIMATE NORMALS FOR TOMORROW
                         NORMAL    RECORD    YEAR
 MAXIMUM TEMPERATURE (F)   84       100      1980
                                             1972
 MINIMUM TEMPERATURE (F)   64        54      1894
                                             1892
                                             1883


SUNRISE AND SUNSET
JULY 29 2015..........SUNRISE   602 AM PDT   SUNSET   757 PM PDT
JULY 30 2015..........SUNRISE   603 AM PDT   SUNSET   756 PM PDT


-  INDICATES NEGATIVE NUMBERS.
R  INDICATES RECORD WAS SET OR TIED.
MM INDICATES DATA IS MISSING.
T  INDICATES TRACE AMOUNT.




$$
