000
CDUS42 KILM 260842
CLICRE


CLIMATE REPORT
NATIONAL WEATHER SERVICE WILMINGTON NC
441 AM EDT TUE MAY 26 2015


...................................

...THE NORTH MYRTLE BEACH SC CLIMATE SUMMARY FOR MAY 25 2015...

CLIMATE NORMAL PERIOD 1981 TO 2010
CLIMATE RECORD PERIOD 1949 TO 2015


WEATHER ITEM   OBSERVED TIME   RECORD YEAR NORMAL DEPARTURE LAST
                VALUE   (LST)  VALUE       VALUE  FROM      YEAR
                                                  NORMAL
..................................................................
TEMPERATURE (F)
 YESTERDAY
  MAXIMUM         79    342 PM  90    1996  80     -1       77
  MINIMUM         71    536 AM  46    2013  64      7       57
  AVERAGE         75                        72      3       67

PRECIPITATION (IN)
  YESTERDAY        0.00                      0.12  -0.12     0.00
  MONTH TO DATE    6.80                      2.61   4.19     1.35
  SINCE MAR 1     12.87                      9.49   3.38     8.62
  SINCE JAN 1     20.06                     16.60   3.46    12.74

DEGREE DAYS
 HEATING
  YESTERDAY        0                         0      0        0
  MONTH TO DATE    8                        23    -15        9
  SINCE MAR 1    363                       502   -139      562
  SINCE JUL 1   2418                      2446    -28     2586

 COOLING
  YESTERDAY       10                         7      3        2
  MONTH TO DATE  143                       122     21      174
  SINCE MAR 1    195                       164     31      216
  SINCE JAN 1    196                       164     32      216
..................................................................


WIND (MPH)
  HIGHEST WIND SPEED    13   HIGHEST WIND DIRECTION    SE (140)
  HIGHEST GUST SPEED    17   HIGHEST GUST DIRECTION     E (110)
  AVERAGE WIND SPEED     7.4


SKY COVER
  POSSIBLE SUNSHINE  MM
  AVERAGE SKY COVER 0.1


WEATHER CONDITIONS
 THE FOLLOWING WEATHER WAS RECORDED YESTERDAY.
  NO SIGNIFICANT WEATHER WAS OBSERVED.


RELATIVE HUMIDITY (PERCENT)
 HIGHEST    74           800 PM
 LOWEST     54           800 AM
 AVERAGE    64

..........................................................


THE NORTH MYRTLE BEACH SC CLIMATE NORMALS FOR TODAY
                         NORMAL    RECORD    YEAR
 MAXIMUM TEMPERATURE (F)   81        97      1953
 MINIMUM TEMPERATURE (F)   64        53      2005


SUNRISE AND SUNSET
MAY 26 2015...........SUNRISE   607 AM EDT   SUNSET   817 PM EDT
MAY 27 2015...........SUNRISE   607 AM EDT   SUNSET   817 PM EDT


-  INDICATES NEGATIVE NUMBERS.
R  INDICATES RECORD WAS SET OR TIED.
MM INDICATES DATA IS MISSING.
T  INDICATES TRACE AMOUNT.




$$
