000
CDUS42 KILM 152041
CLICRE


CLIMATE REPORT
NATIONAL WEATHER SERVICE WILMINGTON NC
441 PM EDT MON SEP 15 2014


...................................

...THE NORTH MYRTLE BEACH SC CLIMATE SUMMARY FOR SEPTEMBER 15 2014...
VALID TODAY AS OF 0400 PM LOCAL TIME.

CLIMATE NORMAL PERIOD 1981 TO 2010
CLIMATE RECORD PERIOD 1949 TO 2014


WEATHER ITEM   OBSERVED TIME   RECORD YEAR NORMAL DEPARTURE LAST
                VALUE   (LST)  VALUE       VALUE  FROM      YEAR
                                                  NORMAL
..................................................................
TEMPERATURE (F)
 TODAY
  MAXIMUM         76    258 PM  94    1956  84     -8       84
  MINIMUM         69    958 AM  57    1953  67      2       67
  AVERAGE         73                        76     -3       76

PRECIPITATION (IN)
  TODAY            0.47                      0.18   0.29     0.00
  MONTH TO DATE    3.05                      3.56  -0.51     0.02
  SINCE SEP 1      3.05                      3.56  -0.51     0.02
  SINCE JAN 1     31.70                     38.91  -7.21    40.78

DEGREE DAYS
 HEATING
  TODAY            0                         0      0        0
  MONTH TO DATE    0                         0      0        0
  SINCE SEP 1      0                         0      0        0
  SINCE JUL 1      0                         0      0        0

 COOLING
  TODAY            8                        11     -3       11
  MONTH TO DATE  208                       180     28      200
  SINCE SEP 1    208                       180     28      200
  SINCE JAN 1   1796                      1656    140     1651
..................................................................


WIND (MPH)
  HIGHEST WIND SPEED     9   HIGHEST WIND DIRECTION    NE (60)
  HIGHEST GUST SPEED    12   HIGHEST GUST DIRECTION     N (20)
  AVERAGE WIND SPEED     5.3


SKY COVER
  POSSIBLE SUNSHINE  MM
  AVERAGE SKY COVER 1.0


WEATHER CONDITIONS
 THE FOLLOWING WEATHER WAS RECORDED TODAY.
  HEAVY RAIN
  RAIN
  LIGHT RAIN
  FOG


RELATIVE HUMIDITY (PERCENT)
 HIGHEST    97           900 AM
 LOWEST     79           200 PM
 AVERAGE    88

..........................................................


THE NORTH MYRTLE BEACH SC CLIMATE NORMALS FOR TOMORROW
                         NORMAL    RECORD    YEAR
 MAXIMUM TEMPERATURE (F)   84        93      1990
 MINIMUM TEMPERATURE (F)   67        55      2000


SUNRISE AND SUNSET
SEPTEMBER 15 2014.....SUNRISE   658 AM EDT   SUNSET   721 PM EDT
SEPTEMBER 16 2014.....SUNRISE   659 AM EDT   SUNSET   720 PM EDT


-  INDICATES NEGATIVE NUMBERS.
R  INDICATES RECORD WAS SET OR TIED.
MM INDICATES DATA IS MISSING.
T  INDICATES TRACE AMOUNT.




$$
