000
CDUS44 KCRP 181021
CLICRP

CLIMATE REPORT
NATIONAL WEATHER SERVICE CORPUS CHRISTI TX
418 AM CST WED JAN 18 2017

...THE CORPUS CHRISTI CLIMATE SUMMARY FOR JANUARY 17 2017...

CLIMATE NORMAL PERIOD 1981 TO 2010
CLIMATE RECORD PERIOD 1887 TO 2017


WEATHER ITEM   OBSERVED TIME   RECORD YEAR NORMAL DEPARTURE LAST
                VALUE   (LST)  VALUE       VALUE  FROM      YEAR
                                                  NORMAL
..................................................................
TEMPERATURE (F)
 YESTERDAY
  MAXIMUM         79    303 PM  86    1936  67     12       58
  MINIMUM         69    645 AM  23    1930  47     22       38
  AVERAGE         74                        57     17       48

PRECIPITATION (IN)
  YESTERDAY        0.02          2.33 1992   0.04  -0.02     0.00
  MONTH TO DATE    0.13                      0.85  -0.72     2.08
  SINCE DEC 1      2.33                      2.68  -0.35     2.97
  SINCE JAN 1      0.13                      0.85  -0.72     2.08

SNOWFALL (IN)
  YESTERDAY        0.0
  MONTH TO DATE    0.0
  SINCE DEC 1      0.0
  SINCE JUL 1      0.0
  SNOW DEPTH       0

DEGREE DAYS
 HEATING
  YESTERDAY        0                         9     -9       17
  MONTH TO DATE   92                       153    -61      185
  SINCE DEC 1    241                       403   -162      344
  SINCE JUL 1    259                       504   -245      418

 COOLING
  YESTERDAY        9                         1      8        0
  MONTH TO DATE   71                        17     54        0
  SINCE DEC 1    159                        66     93       78
  SINCE JAN 1     71                        17     54        0
..................................................................


WIND (MPH)
  HIGHEST WIND SPEED    26   HIGHEST WIND DIRECTION    SE (130)
  HIGHEST GUST SPEED    31   HIGHEST GUST DIRECTION    SE (130)
  AVERAGE WIND SPEED    15.6


SKY COVER
  POSSIBLE SUNSHINE  MM
  AVERAGE SKY COVER 1.0


WEATHER CONDITIONS
 THE FOLLOWING WEATHER WAS RECORDED YESTERDAY.
  LIGHT RAIN
  FOG


RELATIVE HUMIDITY (PERCENT)
 HIGHEST   100          1200 AM
 LOWEST     74           300 PM
 AVERAGE    87

..........................................................


THE CORPUS CHRISTI CLIMATE NORMALS FOR TODAY
                         NORMAL    RECORD    YEAR
 MAXIMUM TEMPERATURE (F)   67        85      2000
 MINIMUM TEMPERATURE (F)   47        14      1930


SUNRISE AND SUNSET
JANUARY 18 2017.......SUNRISE   722 AM CST   SUNSET   600 PM CST
JANUARY 19 2017.......SUNRISE   721 AM CST   SUNSET   601 PM CST


-  INDICATES NEGATIVE NUMBERS.
R  INDICATES RECORD WAS SET OR TIED.
MM INDICATES DATA IS MISSING.
T  INDICATES TRACE AMOUNT.

$$

87
