000
CDUS44 KCRP 210036
CLICRP

CLIMATE REPORT
NATIONAL WEATHER SERVICE CORPUS CHRISTI TX
735 PM CDT SUN AUG 20 2017


...................................

...THE CORPUS CHRISTI CLIMATE SUMMARY FOR AUGUST 20 2017...
VALID TODAY AS OF 700 PM LOCAL TIME.

CLIMATE NORMAL PERIOD 1981 TO 2010
CLIMATE RECORD PERIOD 1887 TO 2017


WEATHER ITEM   OBSERVED TIME   RECORD YEAR NORMAL DEPARTURE LAST
                VALUE   (LST)  VALUE       VALUE  FROM      YEAR
                                                  NORMAL
..................................................................
TEMPERATURE (F)
 TODAY
  MAXIMUM         96    143 PM 100    1999  95      1       94
                                      1948
  MINIMUM         73    559 AM  70    1913  75     -2       80
                                      1908
  AVERAGE         85                        85      0       87

PRECIPITATION (IN)
  TODAY            0.00          1.64 1901   0.10  -0.10     0.00
  MONTH TO DATE    0.82                      1.49  -0.67     1.95
  SINCE JUN 1      4.02                      7.64  -3.62     4.90
  SINCE JAN 1     17.29                     17.91  -0.62    23.12

SNOWFALL (IN)
  TODAY            0.0
  MONTH TO DATE    0.0
  SINCE JUN 1      0.0
  SINCE JUL 1      0.0
  SNOW DEPTH       0

DEGREE DAYS
 HEATING
  TODAY            0                         0      0        0
  MONTH TO DATE    0                         0      0        0
  SINCE JUN 1      0                         0      0        0
  SINCE JUL 1      0                         0      0        0

 COOLING
  TODAY           20                        20      0       22
  MONTH TO DATE  431                       400     31      428
  SINCE JUN 1   1608                      1509     99     1657
  SINCE JAN 1   2798                      2350    448     2693
..................................................................


WIND (MPH)
  HIGHEST WIND SPEED    21   HIGHEST WIND DIRECTION     E (110)
  HIGHEST GUST SPEED    25   HIGHEST GUST DIRECTION     E (100)


SKY COVER
  POSSIBLE SUNSHINE  MM
  AVERAGE SKY COVER 0.3


WEATHER CONDITIONS
 THE FOLLOWING WEATHER WAS RECORDED TODAY.
  NO SIGNIFICANT WEATHER WAS OBSERVED.


RELATIVE HUMIDITY (PERCENT)
 HIGHEST   100           300 AM
 LOWEST     46           100 PM
 AVERAGE    73

..........................................................


THE CORPUS CHRISTI CLIMATE NORMALS FOR TOMORROW
                         NORMAL    RECORD    YEAR
 MAXIMUM TEMPERATURE (F)   94       100      1997
 MINIMUM TEMPERATURE (F)   75        69      1986


SUNRISE AND SUNSET
AUGUST 20 2017........SUNRISE   703 AM CDT   SUNSET   803 PM CDT
AUGUST 21 2017........SUNRISE   704 AM CDT   SUNSET   802 PM CDT


-  INDICATES NEGATIVE NUMBERS.
R  INDICATES RECORD WAS SET OR TIED.
MM INDICATES DATA IS MISSING.
T  INDICATES TRACE AMOUNT.




$$
