000
CDUS44 KCRP 252154
CLICRP

CLIMATE REPORT
NATIONAL WEATHER SERVICE CORPUS CHRISTI TX
349 PM CST SUN JAN 25 2015


...................................

...THE CORPUS CHRISTI CLIMATE SUMMARY FOR JANUARY 25 2015...
VALID TODAY AS OF 300 PM LOCAL TIME.

CLIMATE NORMAL PERIOD 1981 TO 2010
CLIMATE RECORD PERIOD 1887 TO 2015


WEATHER ITEM   OBSERVED TIME   RECORD YEAR NORMAL DEPARTURE LAST
                VALUE   (LST)  VALUE       VALUE  FROM      YEAR
                                                  NORMAL
..................................................................
TEMPERATURE (F)
 TODAY
  MAXIMUM         71    232 PM  87    1965  67      4       65
  MINIMUM         39    749 AM  23    1897  48     -9       29
  AVERAGE         55                        58     -3       47

PRECIPITATION (IN)
  TODAY            0.00          1.42 1889   0.05  -0.05     0.00
  MONTH TO DATE    1.99                      1.25   0.74     0.67
  SINCE DEC 1      3.03                      3.08  -0.05     0.96
  SINCE JAN 1      1.99                      1.25   0.74     0.67

SNOWFALL (IN)
  TODAY            0.0
  MONTH TO DATE    0.0
  SINCE DEC 1      0.0
  SINCE JUL 1      0.0
  SNOW DEPTH       0

DEGREE DAYS
 HEATING
  TODAY           10                         8      2       18
  MONTH TO DATE  375                       223    152      247
  SINCE DEC 1    529                       473     56      546
  SINCE JUL 1    690                       574    116      703

 COOLING
  TODAY            0                         1     -1        0
  MONTH TO DATE    2                        25    -23        2
  SINCE DEC 1     61                        74    -13       38
  SINCE JAN 1      2                        25    -23        2
..................................................................


WIND (MPH)
  HIGHEST WIND SPEED    18   HIGHEST WIND DIRECTION    NW (330)
  HIGHEST GUST SPEED    21   HIGHEST GUST DIRECTION    NW (330)


SKY COVER
  POSSIBLE SUNSHINE  MM
  AVERAGE SKY COVER 0.6


WEATHER CONDITIONS
 THE FOLLOWING WEATHER WAS RECORDED TODAY.
  NO SIGNIFICANT WEATHER WAS OBSERVED.


RELATIVE HUMIDITY (PERCENT)
 HIGHEST    92           700 AM
 LOWEST     33           300 PM
 AVERAGE    63

..........................................................


THE CORPUS CHRISTI CLIMATE NORMALS FOR TOMORROW
                         NORMAL    RECORD    YEAR
 MAXIMUM TEMPERATURE (F)   68        84      1996
                                             1975
                                             1950
 MINIMUM TEMPERATURE (F)   48        23      1897


SUNRISE AND SUNSET
JANUARY 25 2015.......SUNRISE   720 AM CST   SUNSET   605 PM CST
JANUARY 26 2015.......SUNRISE   720 AM CST   SUNSET   606 PM CST


-  INDICATES NEGATIVE NUMBERS.
R  INDICATES RECORD WAS SET OR TIED.
MM INDICATES DATA IS MISSING.
T  INDICATES TRACE AMOUNT.




$$
