000
CDUS44 KCRP 010930
CLICRP

CLIMATE REPORT
NATIONAL WEATHER SERVICE CORPUS CHRISTI TX
429 AM CDT SAT AUG 1 2015

...................................

...THE CORPUS CHRISTI CLIMATE SUMMARY FOR JULY 31 2015...

CLIMATE NORMAL PERIOD 1981 TO 2010
CLIMATE RECORD PERIOD 1887 TO 2015


WEATHER ITEM   OBSERVED TIME   RECORD YEAR NORMAL DEPARTURE LAST
                VALUE   (LST)  VALUE       VALUE  FROM      YEAR
                                                  NORMAL
..................................................................
TEMPERATURE (F)
 YESTERDAY
  MAXIMUM        101R   202 PM 100    2012  94      7       99
  MINIMUM         76    626 PM  70    1949  75      1       78
                                      1946
  AVERAGE         89                        85      4       89

PRECIPITATION (IN)
  YESTERDAY        0.62          3.77 1978   0.06   0.56     0.00
  MONTH TO DATE    1.19                      2.79  -1.60     0.74
  SINCE JUN 1      2.82                      6.15  -3.33     2.15
  SINCE JAN 1     33.08                     16.42  16.66     9.25

SNOWFALL (IN)
  YESTERDAY        0.0
  MONTH TO DATE    0.0
  SINCE JUN 1      0.0
  SINCE JUL 1      0.0
  SNOW DEPTH       0

DEGREE DAYS
 HEATING
  YESTERDAY        0                         0      0        0
  MONTH TO DATE    0                         0      0        0
  SINCE JUN 1      0                         0      0        0
  SINCE JUL 1      0                         0      0        0

 COOLING
  YESTERDAY       24                        20      4       24
  MONTH TO DATE  645                       587     58      620
  SINCE JUN 1   1184                      1109     75     1227
  SINCE JAN 1   2014                      1950     64     2033
..................................................................


WIND (MPH)
  HIGHEST WIND SPEED    31   HIGHEST WIND DIRECTION    NE (60)
  HIGHEST GUST SPEED    39   HIGHEST GUST DIRECTION    NE (60)
  AVERAGE WIND SPEED     5.8


SKY COVER
  POSSIBLE SUNSHINE  MM
  AVERAGE SKY COVER 0.8


WEATHER CONDITIONS
 THE FOLLOWING WEATHER WAS RECORDED YESTERDAY.
  THUNDERSTORM
  HEAVY RAIN
  LIGHT RAIN
  FOG
  HAZE


RELATIVE HUMIDITY (PERCENT)
 HIGHEST    87           500 AM
 LOWEST     38          1200 PM
 AVERAGE    63

..........................................................


THE CORPUS CHRISTI CLIMATE NORMALS FOR TODAY
                         NORMAL    RECORD    YEAR
 MAXIMUM TEMPERATURE (F)   94       101      1989
 MINIMUM TEMPERATURE (F)   75        69      2005


SUNRISE AND SUNSET
AUGUST  1 2015........SUNRISE   653 AM CDT   SUNSET   819 PM CDT
AUGUST  2 2015........SUNRISE   653 AM CDT   SUNSET   819 PM CDT


-  INDICATES NEGATIVE NUMBERS.
R  INDICATES RECORD WAS SET OR TIED.
MM INDICATES DATA IS MISSING.
T  INDICATES TRACE AMOUNT.

$$

87
