000
CDUS44 KCRP 101033
CLICRP

CLIMATE REPORT
NATIONAL WEATHER SERVICE CORPUS CHRISTI TX
421 AM CST SAT DEC 10 2016


...................................

...THE CORPUS CHRISTI CLIMATE SUMMARY FOR DECEMBER 9 2016...

CLIMATE NORMAL PERIOD 1981 TO 2010
CLIMATE RECORD PERIOD 1887 TO 2016


WEATHER ITEM   OBSERVED TIME   RECORD YEAR NORMAL DEPARTURE LAST
                VALUE   (LST)  VALUE       VALUE  FROM      YEAR
                                                  NORMAL
..................................................................
TEMPERATURE (F)
 YESTERDAY
  MAXIMUM         48   1159 PM  87    2004  69    -21       83
  MINIMUM         39    713 AM  29    1978  50    -11       49
  AVERAGE         44                        59    -15       66

PRECIPITATION (IN)
  YESTERDAY        0.00          1.06 1949   0.06  -0.06     0.00
  MONTH TO DATE    2.00                      0.47   1.53     0.01
  SINCE DEC 1      2.00                      0.47   1.53     0.01
  SINCE JAN 1     32.53                     30.40   2.13    44.14

SNOWFALL (IN)
  YESTERDAY        0.0
  MONTH TO DATE    0.0
  SINCE DEC 1      0.0
  SINCE JUL 1      0.0
  SNOW DEPTH       0

DEGREE DAYS
 HEATING
  YESTERDAY       21                         7     14        0
  MONTH TO DATE   62                        59      3       64
  SINCE DEC 1     62                        59      3       64
  SINCE JUL 1     80                       160    -80      138

 COOLING
  YESTERDAY        0                         2     -2        1
  MONTH TO DATE    8                        18    -10        1
  SINCE DEC 1      8                        18    -10        1
  SINCE JAN 1   4190                      3493    697     3673
..................................................................


WIND (MPH)
  HIGHEST WIND SPEED    22   HIGHEST WIND DIRECTION     N (10)
  HIGHEST GUST SPEED    26   HIGHEST GUST DIRECTION     N (10)
  AVERAGE WIND SPEED    11.7


SKY COVER
  POSSIBLE SUNSHINE  MM
  AVERAGE SKY COVER 1.0


WEATHER CONDITIONS
 THE FOLLOWING WEATHER WAS RECORDED YESTERDAY.
  NO SIGNIFICANT WEATHER WAS OBSERVED.


RELATIVE HUMIDITY (PERCENT)
 HIGHEST    67          1200 AM
 LOWEST     46           400 PM
 AVERAGE    57

..........................................................


THE CORPUS CHRISTI CLIMATE NORMALS FOR TODAY
                         NORMAL    RECORD    YEAR
 MAXIMUM TEMPERATURE (F)   69        89      1993
 MINIMUM TEMPERATURE (F)   49        21      1978


SUNRISE AND SUNSET
DECEMBER 10 2016......SUNRISE   710 AM CST   SUNSET   536 PM CST
DECEMBER 11 2016......SUNRISE   711 AM CST   SUNSET   536 PM CST


-  INDICATES NEGATIVE NUMBERS.
R  INDICATES RECORD WAS SET OR TIED.
MM INDICATES DATA IS MISSING.
T  INDICATES TRACE AMOUNT.




$$
