000
CDUS44 KCRP 280024
CLICRP

CLIMATE REPORT
NATIONAL WEATHER SERVICE CORPUS CHRISTI TX
722 PM CDT THU AUG 27 2015


...................................

...THE CORPUS CHRISTI CLIMATE SUMMARY FOR AUGUST 27 2015...
VALID TODAY AS OF 0700 PM LOCAL TIME.

CLIMATE NORMAL PERIOD 1981 TO 2010
CLIMATE RECORD PERIOD 1887 TO 2015


WEATHER ITEM   OBSERVED TIME   RECORD YEAR NORMAL DEPARTURE LAST
                VALUE   (LST)  VALUE       VALUE  FROM      YEAR
                                                  NORMAL
..................................................................
TEMPERATURE (F)
 TODAY
  MAXIMUM         93    333 PM 102    2011  94     -1       98
                                      1990
  MINIMUM         71    613 AM  69    1958  75     -4       78
                                      1949
                                      1891
  AVERAGE         82                        84     -2       88

PRECIPITATION (IN)
  TODAY            0.00          1.84 1887   0.13  -0.13      T
  MONTH TO DATE    2.34                      2.32   0.02     1.04
  SINCE JUN 1      5.16                      8.47  -3.31     3.19
  SINCE JAN 1     35.42                     18.74  16.68    10.29

SNOWFALL (IN)
  TODAY            0.0
  MONTH TO DATE    0.0
  SINCE JUN 1      0.0
  SINCE JUL 1      0.0
  SNOW DEPTH       0

DEGREE DAYS
 HEATING
  TODAY            0                         0      0        0
  MONTH TO DATE    0                         0      0        0
  SINCE JUN 1      0                         0      0        0
  SINCE JUL 1      0                         0      0        0

 COOLING
  TODAY           17                        19     -2       23
  MONTH TO DATE  577                       537     40      594
  SINCE JUN 1   1761                      1646    115     1821
  SINCE JAN 1   2591                      2487    104     2627
..................................................................


WIND (MPH)
  HIGHEST WIND SPEED    17   HIGHEST WIND DIRECTION     E (100)
  HIGHEST GUST SPEED    21   HIGHEST GUST DIRECTION    SE (120)


SKY COVER
  POSSIBLE SUNSHINE  MM
  AVERAGE SKY COVER 0.6


WEATHER CONDITIONS
 THE FOLLOWING WEATHER WAS RECORDED TODAY.
  NO SIGNIFICANT WEATHER WAS OBSERVED.


RELATIVE HUMIDITY (PERCENT)
 HIGHEST    93           400 AM
 LOWEST     36          1200 PM
 AVERAGE    65

..........................................................


THE CORPUS CHRISTI CLIMATE NORMALS FOR TOMORROW
                         NORMAL    RECORD    YEAR
 MAXIMUM TEMPERATURE (F)   94       107      2011
 MINIMUM TEMPERATURE (F)   75        70      2010
                                             1970
                                             1968


SUNRISE AND SUNSET
AUGUST 27 2015........SUNRISE   706 AM CDT   SUNSET   756 PM CDT
AUGUST 28 2015........SUNRISE   707 AM CDT   SUNSET   755 PM CDT


-  INDICATES NEGATIVE NUMBERS.
R  INDICATES RECORD WAS SET OR TIED.
MM INDICATES DATA IS MISSING.
T  INDICATES TRACE AMOUNT.

$$

CB
