000
CDUS44 KCRP 240842 RRA
CLICRP

CLIMATE REPORT
NATIONAL WEATHER SERVICE CORPUS CHRISTI TX
340 AM CDT SUN JUL 24 2016


...................................

...THE CORPUS CHRISTI CLIMATE SUMMARY FOR JULY 23 2016...

CLIMATE NORMAL PERIOD 1981 TO 2010
CLIMATE RECORD PERIOD 1887 TO 2016


WEATHER ITEM   OBSERVED TIME   RECORD YEAR NORMAL DEPARTURE LAST
                VALUE   (LST)  VALUE       VALUE  FROM      YEAR
                                                  NORMAL
..................................................................
TEMPERATURE (F)
 YESTERDAY
  MAXIMUM         96    222 PM  98    2009  94      2       96
                                      2000
                                      1996
  MINIMUM         76    532 AM  68    1989  75      1       79
  AVERAGE         86                        84      2       88

PRECIPITATION (IN)
  YESTERDAY        0.00          2.86 2008   0.06  -0.06     0.00
  MONTH TO DATE    T                         2.30  -2.30     0.57
  SINCE JUN 1      2.95                      5.66  -2.71     2.20
  SINCE JAN 1     21.17                     15.93   5.24    32.46

SNOWFALL (IN)
  YESTERDAY        0.0
  MONTH TO DATE    0.0
  SINCE JUN 1      0.0
  SINCE JUL 1      0.0
  SNOW DEPTH       0

DEGREE DAYS
 HEATING
  YESTERDAY        0                         0      0        0
  MONTH TO DATE    0                         0      0        0
  SINCE JUN 1      0                         0      0        0
  SINCE JUL 1      0                         0      0        0

 COOLING
  YESTERDAY       21                        19      2       23
  MONTH TO DATE  493                       433     60      468
  SINCE JUN 1   1053                       955     98     1007
  SINCE JAN 1   2089                      1796    293     1837
..................................................................


WIND (MPH)
  HIGHEST WIND SPEED    20   HIGHEST WIND DIRECTION    SE (140)
  HIGHEST GUST SPEED    25   HIGHEST GUST DIRECTION    SE (120)
  AVERAGE WIND SPEED     7.8


SKY COVER
  POSSIBLE SUNSHINE  MM
  AVERAGE SKY COVER 0.3


WEATHER CONDITIONS
 THE FOLLOWING WEATHER WAS RECORDED YESTERDAY.
  HAZE


RELATIVE HUMIDITY (PERCENT)
 HIGHEST    91          1200 AM
 LOWEST     49           400 PM
 AVERAGE    70

..........................................................


THE CORPUS CHRISTI CLIMATE NORMALS FOR TODAY
                         NORMAL    RECORD    YEAR
 MAXIMUM TEMPERATURE (F)   94       105      1934
 MINIMUM TEMPERATURE (F)   75        69      1999


SUNRISE AND SUNSET
JULY 24 2016..........SUNRISE   649 AM CDT   SUNSET   824 PM CDT
JULY 25 2016..........SUNRISE   649 AM CDT   SUNSET   823 PM CDT


-  INDICATES NEGATIVE NUMBERS.
R  INDICATES RECORD WAS SET OR TIED.
MM INDICATES DATA IS MISSING.
T  INDICATES TRACE AMOUNT.




$$
