143
CDUS44 KCRP 230831
CLICRP

CLIMATE REPORT
NATIONAL WEATHER SERVICE CORPUS CHRISTI TX
329 AM CDT TUE MAY 23 2017


...................................

...THE CORPUS CHRISTI CLIMATE SUMMARY FOR MAY 22 2017...

CLIMATE NORMAL PERIOD 1981 TO 2010
CLIMATE RECORD PERIOD 1887 TO 2017


WEATHER ITEM   OBSERVED TIME   RECORD YEAR NORMAL DEPARTURE LAST
                VALUE   (LST)  VALUE       VALUE  FROM      YEAR
                                                  NORMAL
..................................................................
TEMPERATURE (F)
 YESTERDAY
  MAXIMUM         85    548 PM  93    2005  88     -3       89
  MINIMUM         70    524 AM  57    1988  71     -1       77
                                      1967
  AVERAGE         78                        79     -1       83

PRECIPITATION (IN)
  YESTERDAY        0.04          2.62 1895   0.11  -0.07     0.00
  MONTH TO DATE    0.42                      2.08  -1.66     5.80
  SINCE MAR 1      7.63                      5.81   1.82    15.74
  SINCE JAN 1     10.47                      9.28   1.19    18.03

SNOWFALL (IN)
  YESTERDAY        0.0
  MONTH TO DATE    0.0
  SINCE MAR 1      0.0
  SINCE JUL 1      0.0
  SNOW DEPTH       0

DEGREE DAYS
 HEATING
  YESTERDAY        0                         0      0        0
  MONTH TO DATE    0                         0      0        0
  SINCE MAR 1     16                        98    -82       21
  SINCE JUL 1    368                       898   -530      640

 COOLING
  YESTERDAY       13                        14     -1       18
  MONTH TO DATE  285                       276      9      301
  SINCE MAR 1    791                       628    163      799
  SINCE JAN 1   1060                       704    356      876
..................................................................


WIND (MPH)
  HIGHEST WIND SPEED    21   HIGHEST WIND DIRECTION     N (350)
  HIGHEST GUST SPEED    27   HIGHEST GUST DIRECTION     N (340)
  AVERAGE WIND SPEED     7.2


SKY COVER
  POSSIBLE SUNSHINE  MM
  AVERAGE SKY COVER 0.8


WEATHER CONDITIONS
 THE FOLLOWING WEATHER WAS RECORDED YESTERDAY.
  THUNDERSTORM
  LIGHT RAIN
  FOG


RELATIVE HUMIDITY (PERCENT)
 HIGHEST   100           200 AM
 LOWEST     65           600 PM
 AVERAGE    83

..........................................................


THE CORPUS CHRISTI CLIMATE NORMALS FOR TODAY
                         NORMAL    RECORD    YEAR
 MAXIMUM TEMPERATURE (F)   88        96      1988
 MINIMUM TEMPERATURE (F)   71        56      1967


SUNRISE AND SUNSET
MAY 23 2017...........SUNRISE   637 AM CDT   SUNSET   817 PM CDT
MAY 24 2017...........SUNRISE   636 AM CDT   SUNSET   818 PM CDT


-  INDICATES NEGATIVE NUMBERS.
R  INDICATES RECORD WAS SET OR TIED.
MM INDICATES DATA IS MISSING.
T  INDICATES TRACE AMOUNT.




$$
