000
CDUS41 KRLX 010716
CLICRW


CLIMATE REPORT
NATIONAL WEATHER SERVICE CHARLESTON WV
315 AM EDT SAT OCT 1 2016


...................................

...THE CHARLESTON WV CLIMATE SUMMARY FOR SEPTEMBER 30 2016...

CLIMATE NORMAL PERIOD 1981 TO 2010
CLIMATE RECORD PERIOD 1901 TO 2016


WEATHER ITEM   OBSERVED TIME   RECORD YEAR NORMAL DEPARTURE LAST
                VALUE   (LST)  VALUE       VALUE  FROM      YEAR
                                                  NORMAL
..................................................................
TEMPERATURE (F)
 YESTERDAY
  MAXIMUM         69   1128 AM  97    1929  73     -4       67
  MINIMUM         59   1159 PM  34    1947  51      8       62
  AVERAGE         64                        62      2       65

PRECIPITATION (IN)
  YESTERDAY        0.24          1.37 1902   0.10   0.14     0.03
                                      1892
  MONTH TO DATE    1.85                      3.25  -1.40     2.68
  SINCE JAN 1     31.35                     34.36  -3.01    39.07

SNOWFALL (IN)
  YESTERDAY        0.0
  MONTH TO DATE    0.0
  SINCE SEP 1      0.0
  SNOW DEPTH       0

DEGREE DAYS
 HEATING
  YESTERDAY        1                         5     -4        0
  MONTH TO DATE    7                        55    -48       18
  SINCE SEP 1      7                        56    -49       18
  SINCE JUL 1      7                        58    -51       18

 COOLING
  YESTERDAY        0                         2     -2        0
  MONTH TO DATE  249                       127    122      180
  SINCE SEP 1    249                       127    122      180
  SINCE JAN 1   1430                      1073    357     1251
..................................................................


WIND (MPH)
  HIGHEST WIND SPEED    14   HIGHEST WIND DIRECTION     W (250)
  HIGHEST GUST SPEED    21   HIGHEST GUST DIRECTION     W (260)
  AVERAGE WIND SPEED     2.6


SKY COVER
  POSSIBLE SUNSHINE  MM
  AVERAGE SKY COVER 0.9


WEATHER CONDITIONS
 THE FOLLOWING WEATHER WAS RECORDED YESTERDAY.
  THUNDERSTORM
  HEAVY RAIN
  LIGHT RAIN
  FOG


RELATIVE HUMIDITY (PERCENT)
 HIGHEST    93           200 AM
 LOWEST     73          1100 AM
 AVERAGE    83

..........................................................


THE CHARLESTON WV CLIMATE NORMALS FOR TODAY
                         NORMAL    RECORD    YEAR
 MAXIMUM TEMPERATURE (F)   72        92      1919
 MINIMUM TEMPERATURE (F)   51        31      1947


SUNRISE AND SUNSET
OCTOBER  1 2016.......SUNRISE   723 AM EDT   SUNSET   708 PM EDT
OCTOBER  2 2016.......SUNRISE   723 AM EDT   SUNSET   707 PM EDT


-  INDICATES NEGATIVE NUMBERS.
R  INDICATES RECORD WAS SET OR TIED.
MM INDICATES DATA IS MISSING.
T  INDICATES TRACE AMOUNT.




$$
