000
CDUS41 KRLX 240720
CLICRW


CLIMATE REPORT
NATIONAL WEATHER SERVICE CHARLESTON WV
319 AM EDT FRI MAR 24 2017


...................................

...THE CHARLESTON WV CLIMATE SUMMARY FOR MARCH 23 2017...

CLIMATE NORMAL PERIOD 1981 TO 2010
CLIMATE RECORD PERIOD 1901 TO 2017


WEATHER ITEM   OBSERVED TIME   RECORD YEAR NORMAL DEPARTURE LAST
                VALUE   (LST)  VALUE       VALUE  FROM      YEAR
                                                  NORMAL
..................................................................
TEMPERATURE (F)
 YESTERDAY
  MAXIMUM         65    534 PM  87    1907  59      6       74
  MINIMUM         26    643 AM  19    2004  38    -12       43
                                      1959
  AVERAGE         46                        48     -2       59

PRECIPITATION (IN)
  YESTERDAY        0.00          1.68 1953   0.12  -0.12     0.00
  MONTH TO DATE    2.17                      2.96  -0.79     2.06
  SINCE JAN 1      9.47                      9.15   0.32     8.23

SNOWFALL (IN)
  YESTERDAY        0.0
  MONTH TO DATE    T
  SINCE SEP 1      7.5
  SNOW DEPTH       0

DEGREE DAYS
 HEATING
  YESTERDAY       19                        17      2        6
  MONTH TO DATE  542                       475     67      327
  SINCE MAR 1    542                       475     67      327
  SINCE JUL 1   3249                      3929   -680     3262

 COOLING
  YESTERDAY        0                         0      0        0
  MONTH TO DATE    0                         0      0        1
  SINCE MAR 1      0                         0      0        1
  SINCE JAN 1      0                         0      0        1
..................................................................


WIND (MPH)
  HIGHEST WIND SPEED    12   HIGHEST WIND DIRECTION    SE (150)
  HIGHEST GUST SPEED    16   HIGHEST GUST DIRECTION    SE (140)
  AVERAGE WIND SPEED     3.2


SKY COVER
  POSSIBLE SUNSHINE  MM
  AVERAGE SKY COVER 0.1


WEATHER CONDITIONS
 THE FOLLOWING WEATHER WAS RECORDED YESTERDAY.
  NO SIGNIFICANT WEATHER WAS OBSERVED.


RELATIVE HUMIDITY (PERCENT)
 HIGHEST    81           300 AM
 LOWEST     18           500 PM
 AVERAGE    50

..........................................................


THE CHARLESTON WV CLIMATE NORMALS FOR TODAY
                         NORMAL    RECORD    YEAR
 MAXIMUM TEMPERATURE (F)   59        85      1907
 MINIMUM TEMPERATURE (F)   38        20      1973


SUNRISE AND SUNSET
MARCH 24 2017.........SUNRISE   723 AM EDT   SUNSET   742 PM EDT
MARCH 25 2017.........SUNRISE   722 AM EDT   SUNSET   743 PM EDT


-  INDICATES NEGATIVE NUMBERS.
R  INDICATES RECORD WAS SET OR TIED.
MM INDICATES DATA IS MISSING.
T  INDICATES TRACE AMOUNT.




$$
