000
CDUS41 KRLX 190818
CLICRW


CLIMATE REPORT
NATIONAL WEATHER SERVICE CHARLESTON WV
317 AM EST FRI DEC 19 2014


...................................

...THE CHARLESTON WV CLIMATE SUMMARY FOR DECEMBER 18 2014...

CLIMATE NORMAL PERIOD 1981 TO 2010
CLIMATE RECORD PERIOD 1901 TO 2014


WEATHER ITEM   OBSERVED TIME   RECORD YEAR NORMAL DEPARTURE LAST
                VALUE   (LST)  VALUE       VALUE  FROM      YEAR
                                                  NORMAL
..................................................................
TEMPERATURE (F)
 YESTERDAY
  MAXIMUM         33    244 PM  78    1933  45    -12       40
  MINIMUM         29   1122 PM   2    1989  29      0       27
  AVERAGE         31                        37     -6       34

PRECIPITATION (IN)
  YESTERDAY        0.00          1.64 1990   0.10  -0.10      T
  MONTH TO DATE    2.30                      1.96   0.34     4.17
  SINCE JAN 1     45.66                     42.72   2.94    45.14

SNOWFALL (IN)
  YESTERDAY        T
  MONTH TO DATE    T
  SINCE SEP 1      1.0
  SNOW DEPTH       0

DEGREE DAYS
 HEATING
  YESTERDAY       34                        28      6       31
  MONTH TO DATE  441                       471    -30      483
  SINCE DEC 1    441                       471    -30      483
  SINCE JUL 1   1484                      1355    129     1440

 COOLING
  YESTERDAY        0                         0      0        0
  MONTH TO DATE    0                         0      0        0
  SINCE DEC 1      0                         0      0        0
  SINCE JAN 1   1049                      1096    -47     1121
..................................................................


WIND (MPH)
  HIGHEST WIND SPEED    13   HIGHEST WIND DIRECTION    NW (320)
  HIGHEST GUST SPEED    17   HIGHEST GUST DIRECTION    NW (330)
  AVERAGE WIND SPEED     3.8


SKY COVER
  POSSIBLE SUNSHINE  MM
  AVERAGE SKY COVER 1.0


WEATHER CONDITIONS
 THE FOLLOWING WEATHER WAS RECORDED YESTERDAY.
  NO SIGNIFICANT WEATHER WAS OBSERVED.


RELATIVE HUMIDITY (PERCENT)
 HIGHEST    75           800 AM
 LOWEST     63           100 PM
 AVERAGE    69

..........................................................


THE CHARLESTON WV CLIMATE NORMALS FOR TODAY
                         NORMAL    RECORD    YEAR
 MAXIMUM TEMPERATURE (F)   44        70      1939
                                             1929
 MINIMUM TEMPERATURE (F)   28         5      1916


SUNRISE AND SUNSET
DECEMBER 19 2014......SUNRISE   739 AM EST   SUNSET   508 PM EST
DECEMBER 20 2014......SUNRISE   739 AM EST   SUNSET   509 PM EST


-  INDICATES NEGATIVE NUMBERS.
R  INDICATES RECORD WAS SET OR TIED.
MM INDICATES DATA IS MISSING.
T  INDICATES TRACE AMOUNT.




$$
