000
CDUS41 KRLX 160816
CLICRW


CLIMATE REPORT
NATIONAL WEATHER SERVICE CHARLESTON WV
316 AM EST MON JAN 16 2017


...................................

...THE CHARLESTON WV CLIMATE SUMMARY FOR JANUARY 15 2017...

CLIMATE NORMAL PERIOD 1981 TO 2010
CLIMATE RECORD PERIOD 1901 TO 2017


WEATHER ITEM   OBSERVED TIME   RECORD YEAR NORMAL DEPARTURE LAST
                VALUE   (LST)  VALUE       VALUE  FROM      YEAR
                                                  NORMAL
..................................................................
TEMPERATURE (F)
 YESTERDAY
  MAXIMUM         42    524 PM  81    1932  42      0       48
  MINIMUM         37    944 AM  -4    1994  26     11       27
  AVERAGE         40                        34      6       38

PRECIPITATION (IN)
  YESTERDAY        0.15          1.85 1961   0.10   0.05     0.16
  MONTH TO DATE    2.89                      1.44   1.45     0.42
  SINCE JAN 1      2.89                      1.44   1.45     0.42

SNOWFALL (IN)
  YESTERDAY       MM
  MONTH TO DATE    4.0
  SINCE SEP 1      5.2
  SNOW DEPTH       0

DEGREE DAYS
 HEATING
  YESTERDAY       25                        31     -6       27
  MONTH TO DATE  409                       464    -55      463
  SINCE DEC 1   1201                      1320   -119      941
  SINCE JUL 1   1855                      2204   -349     1593

 COOLING
  YESTERDAY        0                         0      0        0
  MONTH TO DATE    0                         0      0        0
  SINCE DEC 1      0                         1     -1        0
  SINCE JAN 1      0                         0      0        0
..................................................................


WIND (MPH)
  HIGHEST WIND SPEED     8   HIGHEST WIND DIRECTION    NW (310)
  HIGHEST GUST SPEED    10   HIGHEST GUST DIRECTION    NW (320)
  AVERAGE WIND SPEED     1.7


SKY COVER
  POSSIBLE SUNSHINE  MM
  AVERAGE SKY COVER 1.0


WEATHER CONDITIONS
 THE FOLLOWING WEATHER WAS RECORDED YESTERDAY.
  LIGHT RAIN
  FOG


RELATIVE HUMIDITY (PERCENT)
 HIGHEST   100           100 AM
 LOWEST     82           400 PM
 AVERAGE    91

..........................................................


THE CHARLESTON WV CLIMATE NORMALS FOR TODAY
                         NORMAL    RECORD    YEAR
 MAXIMUM TEMPERATURE (F)   42        70      1949
 MINIMUM TEMPERATURE (F)   26       -12      1994


SUNRISE AND SUNSET
JANUARY 16 2017.......SUNRISE   742 AM EST   SUNSET   531 PM EST
JANUARY 17 2017.......SUNRISE   741 AM EST   SUNSET   532 PM EST


-  INDICATES NEGATIVE NUMBERS.
R  INDICATES RECORD WAS SET OR TIED.
MM INDICATES DATA IS MISSING.
T  INDICATES TRACE AMOUNT.




$$
