000
CDUS41 KRLX 280720
CLICRW


CLIMATE REPORT
NATIONAL WEATHER SERVICE CHARLESTON WV
318 AM EDT TUE JUL 28 2015


...................................

...THE CHARLESTON WV CLIMATE SUMMARY FOR JULY 27 2015...

CLIMATE NORMAL PERIOD 1981 TO 2010
CLIMATE RECORD PERIOD 1901 TO 2015


WEATHER ITEM   OBSERVED TIME   RECORD YEAR NORMAL DEPARTURE LAST
                VALUE   (LST)  VALUE       VALUE  FROM      YEAR
                                                  NORMAL
..................................................................
TEMPERATURE (F)
 YESTERDAY
  MAXIMUM         89    337 PM 103    1930  85      4       83
  MINIMUM         71   1156 PM  50    1962  66      5       69
                                      1937
  AVERAGE         80                        75      5       76

PRECIPITATION (IN)
  YESTERDAY        0.48          1.87 1959   0.17   0.31     0.67
  MONTH TO DATE    7.50                      4.31   3.19     4.95
  SINCE JAN 1     32.68                     26.74   5.94    27.61

SNOWFALL (IN)
  YESTERDAY        0.0
  MONTH TO DATE    0.0
  SINCE SEP 1     29.1
  SNOW DEPTH       0

DEGREE DAYS
 HEATING
  YESTERDAY        0                         0      0        0
  MONTH TO DATE    0                         0      0        0
  SINCE JUN 1      8                        13     -5        0
  SINCE JUL 1      0                         0      0        0

 COOLING
  YESTERDAY       15                        10      5       11
  MONTH TO DATE  262                       285    -23      246
  SINCE JUN 1    549                       505     44      510
  SINCE JAN 1    738                       615    123      631
..................................................................


WIND (MPH)
  HIGHEST WIND SPEED    17   HIGHEST WIND DIRECTION     W (250)
  HIGHEST GUST SPEED    22   HIGHEST GUST DIRECTION     W (250)
  AVERAGE WIND SPEED     2.3


SKY COVER
  POSSIBLE SUNSHINE  MM
  AVERAGE SKY COVER 0.7


WEATHER CONDITIONS
 THE FOLLOWING WEATHER WAS RECORDED YESTERDAY.
  THUNDERSTORM
  HEAVY RAIN
  LIGHT RAIN
  FOG
  FOG W/VISIBILITY <= 1/4 MILE


RELATIVE HUMIDITY (PERCENT)
 HIGHEST    93           100 AM
 LOWEST     57           400 PM
 AVERAGE    75

..........................................................


THE CHARLESTON WV CLIMATE NORMALS FOR TODAY
                         NORMAL    RECORD    YEAR
 MAXIMUM TEMPERATURE (F)   85       100      1993
 MINIMUM TEMPERATURE (F)   66        46      1937


SUNRISE AND SUNSET
JULY 28 2015..........SUNRISE   625 AM EDT   SUNSET   840 PM EDT
JULY 29 2015..........SUNRISE   626 AM EDT   SUNSET   839 PM EDT


-  INDICATES NEGATIVE NUMBERS.
R  INDICATES RECORD WAS SET OR TIED.
MM INDICATES DATA IS MISSING.
T  INDICATES TRACE AMOUNT.




$$
