000
CDUS41 KRLX 260718
CLICRW


CLIMATE REPORT
NATIONAL WEATHER SERVICE CHARLESTON WV
318 AM EDT THU MAY 26 2016


...................................

...THE CHARLESTON WV CLIMATE SUMMARY FOR MAY 25 2016...

CLIMATE NORMAL PERIOD 1981 TO 2010
CLIMATE RECORD PERIOD 1901 TO 2016


WEATHER ITEM   OBSERVED TIME   RECORD YEAR NORMAL DEPARTURE LAST
                VALUE   (LST)  VALUE       VALUE  FROM      YEAR
                                                  NORMAL
..................................................................
TEMPERATURE (F)
 YESTERDAY
  MAXIMUM         85    409 PM  92    1991  77      8       87
                                      1970
                                      1939
  MINIMUM         51    557 AM  33    1956  55     -4       56
  AVERAGE         68                        66      2       72

PRECIPITATION (IN)
  YESTERDAY        0.00          1.48 1902   0.15  -0.15     0.00
  MONTH TO DATE    5.09                      3.80   1.29     1.16
  SINCE JAN 1     16.86                     17.14  -0.28    18.42

SNOWFALL (IN)
  YESTERDAY        0.0
  MONTH TO DATE    0.0
  SINCE SEP 1     33.5
  SNOW DEPTH       0

DEGREE DAYS
 HEATING
  YESTERDAY        0                         2     -2        0
  MONTH TO DATE  138                       105     33       54
  SINCE MAR 1    781                       999   -218      930
  SINCE JUL 1   3716                      4453   -737     4835

 COOLING
  YESTERDAY        3                         3      0        7
  MONTH TO DATE   30                        52    -22      113
  SINCE MAR 1     76                        84     -8      128
  SINCE JAN 1     76                        84     -8      128
..................................................................


WIND (MPH)
  HIGHEST WIND SPEED    12   HIGHEST WIND DIRECTION     W (250)
  HIGHEST GUST SPEED    16   HIGHEST GUST DIRECTION     S (170)
  AVERAGE WIND SPEED     1.9


SKY COVER
  POSSIBLE SUNSHINE  MM
  AVERAGE SKY COVER 0.4


WEATHER CONDITIONS
 THE FOLLOWING WEATHER WAS RECORDED YESTERDAY.
  FOG


RELATIVE HUMIDITY (PERCENT)
 HIGHEST   100           400 AM
 LOWEST     33          1100 AM
 AVERAGE    67

..........................................................


THE CHARLESTON WV CLIMATE NORMALS FOR TODAY
                         NORMAL    RECORD    YEAR
 MAXIMUM TEMPERATURE (F)   77        94      1916
 MINIMUM TEMPERATURE (F)   56        37      1925


SUNRISE AND SUNSET
MAY 26 2016...........SUNRISE   607 AM EDT   SUNSET   840 PM EDT
MAY 27 2016...........SUNRISE   607 AM EDT   SUNSET   841 PM EDT


-  INDICATES NEGATIVE NUMBERS.
R  INDICATES RECORD WAS SET OR TIED.
MM INDICATES DATA IS MISSING.
T  INDICATES TRACE AMOUNT.




$$
