000
CDUS41 KRLX 061242
CLICRW


CLIMATE REPORT
NATIONAL WEATHER SERVICE CHARLESTON WV
740 AM EST FRI MAR 6 2015


...................................

...THE CHARLESTON WV CLIMATE SUMMARY FOR MARCH 5 2015...

CLIMATE NORMAL PERIOD 1981 TO 2010
CLIMATE RECORD PERIOD 1901 TO 2015


WEATHER ITEM   OBSERVED TIME   RECORD YEAR NORMAL DEPARTURE LAST
                VALUE   (LST)  VALUE       VALUE  FROM      YEAR
                                                  NORMAL
..................................................................
TEMPERATURE (F)
 YESTERDAY
  MAXIMUM         32    236 AM  83    1992  52    -20       45
  MINIMUM         17   1159 PM   5    1978  32    -15       21
  AVERAGE         25                        42    -17       33

PRECIPITATION (IN)
  YESTERDAY        0.53          1.52 1902   0.13   0.40     0.00
  MONTH TO DATE    3.09                      0.64   2.45     1.14
  SINCE JAN 1      8.29                      6.83   1.46     8.20

SNOWFALL (IN)
  YESTERDAY        8.1
  MONTH TO DATE    9.0
  SINCE SEP 1     28.1
  SNOW DEPTH       5

DEGREE DAYS
 HEATING
  YESTERDAY       40                        23     17       32
  MONTH TO DATE  137                       118     19      180
  SINCE MAR 1    137                       118     19      180
  SINCE JUL 1   4042                      3572    470     3947

 COOLING
  YESTERDAY        0                         0      0        0
  MONTH TO DATE    0                         0      0        0
  SINCE MAR 1      0                         0      0        0
  SINCE JAN 1      0                         0      0        0
..................................................................


WIND (MPH)
  HIGHEST WIND SPEED    15   HIGHEST WIND DIRECTION    NW (300)
  HIGHEST GUST SPEED    23   HIGHEST GUST DIRECTION     N (340)
  AVERAGE WIND SPEED     6.4


SKY COVER
  POSSIBLE SUNSHINE  MM
  AVERAGE SKY COVER 0.9


WEATHER CONDITIONS
 THE FOLLOWING WEATHER WAS RECORDED YESTERDAY.
  LIGHT SNOW
  SLEET
  FOG


RELATIVE HUMIDITY (PERCENT)
 HIGHEST    92           300 AM
 LOWEST     77           300 PM
 AVERAGE    85

..........................................................


THE CHARLESTON WV CLIMATE NORMALS FOR TODAY
                         NORMAL    RECORD    YEAR
 MAXIMUM TEMPERATURE (F)   52        80      1956
 MINIMUM TEMPERATURE (F)   32        10      1917


SUNRISE AND SUNSET
MARCH  6 2015.........SUNRISE   652 AM EST   SUNSET   624 PM EST
MARCH  7 2015.........SUNRISE   650 AM EST   SUNSET   625 PM EST


-  INDICATES NEGATIVE NUMBERS.
R  INDICATES RECORD WAS SET OR TIED.
MM INDICATES DATA IS MISSING.
T  INDICATES TRACE AMOUNT.




$$
