000
CDUS41 KRLX 252220
CLICRW


CLIMATE REPORT
NATIONAL WEATHER SERVICE CHARLESTON WV
516 PM EST SUN FEB 25 2018


...................................

...THE CHARLESTON WV CLIMATE SUMMARY FOR FEBRUARY 25 2018...
VALID TODAY AS OF 0500 PM LOCAL TIME.

CLIMATE NORMAL PERIOD 1981 TO 2010
CLIMATE RECORD PERIOD 1901 TO 2018


WEATHER ITEM   OBSERVED TIME   RECORD YEAR NORMAL DEPARTURE LAST
                VALUE   (LST)  VALUE       VALUE  FROM      YEAR
                                                  NORMAL
..................................................................
TEMPERATURE (F)
 TODAY
  MAXIMUM         66    337 AM  76    2000  49     17       68
  MINIMUM         58    706 AM   1    1967  30     28       33
  AVERAGE         62                        40     22       51

PRECIPITATION (IN)
  TODAY            0.40          0.95 1902   0.13   0.27     0.36
  MONTH TO DATE    7.76                      2.83   4.93     1.68
  SINCE DEC 1     13.42                      9.10   4.32    10.28
  SINCE JAN 1     11.13                      5.83   5.30     6.45

DEGREE DAYS
 HEATING
  TODAY            3                        25    -22       14
  MONTH TO DATE  495                       692   -197      465
  SINCE DEC 1   2428                      2496    -68     1986
  SINCE JUL 1   3214                      3380   -166     2640

 COOLING
  TODAY            0                         0      0        0
  MONTH TO DATE    9                         0      9        0
  SINCE DEC 1      9                         1      8        0
  SINCE JAN 1      9                         0      9        0
..................................................................


WIND (MPH)
  HIGHEST WIND SPEED    25   HIGHEST WIND DIRECTION    NW (310)
  HIGHEST GUST SPEED    35   HIGHEST GUST DIRECTION    NW (330)
  AVERAGE WIND SPEED    10.4


SKY COVER
  POSSIBLE SUNSHINE  MM
  AVERAGE SKY COVER 0.9


WEATHER CONDITIONS
 THE FOLLOWING WEATHER WAS RECORDED TODAY.
  RAIN
  LIGHT RAIN
  FOG


RELATIVE HUMIDITY (PERCENT)
 HIGHEST   100          1200 AM
 LOWEST     32           300 PM
 AVERAGE    66

..........................................................


THE CHARLESTON WV CLIMATE NORMALS FOR TOMORROW
                         NORMAL    RECORD    YEAR
 MAXIMUM TEMPERATURE (F)   50        80      1930
 MINIMUM TEMPERATURE (F)   31         3      1967


SUNRISE AND SUNSET
FEBRUARY 25 2018......SUNRISE   704 AM EST   SUNSET   615 PM EST
FEBRUARY 26 2018......SUNRISE   703 AM EST   SUNSET   616 PM EST


-  INDICATES NEGATIVE NUMBERS.
R  INDICATES RECORD WAS SET OR TIED.
MM INDICATES DATA IS MISSING.
T  INDICATES TRACE AMOUNT.




$$
