941
CDUS41 KRLX 220739
CLICRW


CLIMATE REPORT
NATIONAL WEATHER SERVICE CHARLESTON WV
335 AM EDT FRI MAY 22 2015


...................................

...THE CHARLESTON WV CLIMATE SUMMARY FOR MAY 21 2015...

CLIMATE NORMAL PERIOD 1981 TO 2010
CLIMATE RECORD PERIOD 1901 TO 2015


WEATHER ITEM   OBSERVED TIME   RECORD YEAR NORMAL DEPARTURE LAST
                VALUE   (LST)  VALUE       VALUE  FROM      YEAR
                                                  NORMAL
..................................................................
TEMPERATURE (F)
 YESTERDAY
  MAXIMUM         59   1211 AM  97    1934  76    -17       80
  MINIMUM         48   1159 PM  35    2002  54     -6       64
  AVERAGE         54                        65    -11       72

PRECIPITATION (IN)
  YESTERDAY        0.30          1.74 1919   0.16   0.14     0.35
  MONTH TO DATE    1.16                      3.18  -2.02     2.24
  SINCE JAN 1     18.42                     16.52   1.90    15.99

SNOWFALL (IN)
  YESTERDAY        0.0
  MONTH TO DATE    0.0
  SINCE SEP 1     29.1
  SNOW DEPTH       0

DEGREE DAYS
 HEATING
  YESTERDAY       11                         3      8        0
  MONTH TO DATE   45                        94    -49       83
  SINCE MAR 1    921                       988    -67     1002
  SINCE JUL 1   4826                      4442    384     4769

 COOLING
  YESTERDAY        0                         3     -3        7
  MONTH TO DATE  104                        40     64       58
  SINCE MAR 1    119                        72     47       76
  SINCE JAN 1    119                        72     47       76
..................................................................


WIND (MPH)
  HIGHEST WIND SPEED    14   HIGHEST WIND DIRECTION     W (290)
  HIGHEST GUST SPEED    20   HIGHEST GUST DIRECTION     W (280)
  AVERAGE WIND SPEED     5.0


SKY COVER
  POSSIBLE SUNSHINE  MM
  AVERAGE SKY COVER 0.8


WEATHER CONDITIONS
 THE FOLLOWING WEATHER WAS RECORDED YESTERDAY.
  RAIN
  LIGHT RAIN
  FOG
  FOG W/VISIBILITY <= 1/4 MILE


RELATIVE HUMIDITY (PERCENT)
 HIGHEST    93           400 AM
 LOWEST     86           300 AM
 AVERAGE    90

..........................................................


THE CHARLESTON WV CLIMATE NORMALS FOR TODAY
                         NORMAL    RECORD    YEAR
 MAXIMUM TEMPERATURE (F)   76        96      1941
 MINIMUM TEMPERATURE (F)   54        30      2002


SUNRISE AND SUNSET
MAY 22 2015...........SUNRISE   610 AM EDT   SUNSET   837 PM EDT
MAY 23 2015...........SUNRISE   609 AM EDT   SUNSET   837 PM EDT


-  INDICATES NEGATIVE NUMBERS.
R  INDICATES RECORD WAS SET OR TIED.
MM INDICATES DATA IS MISSING.
T  INDICATES TRACE AMOUNT.




$$
