000
CDUS41 KRLX 242217
CLICRW


CLIMATE REPORT
NATIONAL WEATHER SERVICE CHARLESTON WV
517 PM EST FRI FEB 24 2017


...................................

...THE CHARLESTON WV CLIMATE SUMMARY FOR FEBRUARY 24 2017...
VALID TODAY AS OF 0500 PM LOCAL TIME.

CLIMATE NORMAL PERIOD 1981 TO 2010
CLIMATE RECORD PERIOD 1901 TO 2017


WEATHER ITEM   OBSERVED TIME   RECORD YEAR NORMAL DEPARTURE LAST
                VALUE   (LST)  VALUE       VALUE  FROM      YEAR
                                                  NORMAL
..................................................................
TEMPERATURE (F)
 TODAY
  MAXIMUM         80R   358 PM  76    1925  49     31       68
                                      1909
  MINIMUM         45    712 AM   4    2015  30     15       40
                                      1967
  AVERAGE         63                        40     23       54

PRECIPITATION (IN)
  TODAY            0.00          1.10 1917   0.11  -0.11     0.28
  MONTH TO DATE    1.32                      2.70  -1.38     3.43
  SINCE DEC 1      9.92                      8.97   0.95    11.56
  SINCE JAN 1      6.09                      5.70   0.39     5.97

DEGREE DAYS
 HEATING
  TODAY            2                        25    -23       11
  MONTH TO DATE  451                       667   -216      643
  SINCE DEC 1   1972                      2471   -499     2164
  SINCE JUL 1   2626                      3355   -729     2816

 COOLING
  TODAY            0                         0      0        0
  MONTH TO DATE    0                         0      0        0
  SINCE DEC 1      0                         1     -1        0
  SINCE JAN 1      0                         0      0        0
..................................................................


WIND (MPH)
  HIGHEST WIND SPEED    17   HIGHEST WIND DIRECTION     S (180)
  HIGHEST GUST SPEED    22   HIGHEST GUST DIRECTION     S (180)
  AVERAGE WIND SPEED     4.2


SKY COVER
  POSSIBLE SUNSHINE  MM
  AVERAGE SKY COVER 0.3


WEATHER CONDITIONS
 THE FOLLOWING WEATHER WAS RECORDED TODAY.
  FOG


RELATIVE HUMIDITY (PERCENT)
 HIGHEST   100           800 AM
 LOWEST     28           500 PM
 AVERAGE    64

..........................................................


THE CHARLESTON WV CLIMATE NORMALS FOR TOMORROW
                         NORMAL    RECORD    YEAR
 MAXIMUM TEMPERATURE (F)   49        76      2000
 MINIMUM TEMPERATURE (F)   30         1      1967


SUNRISE AND SUNSET
FEBRUARY 24 2017......SUNRISE   705 AM EST   SUNSET   615 PM EST
FEBRUARY 25 2017......SUNRISE   704 AM EST   SUNSET   616 PM EST


-  INDICATES NEGATIVE NUMBERS.
R  INDICATES RECORD WAS SET OR TIED.
MM INDICATES DATA IS MISSING.
T  INDICATES TRACE AMOUNT.




$$
