000
CDUS41 KRLX 102227
CLICRW


CLIMATE REPORT
NATIONAL WEATHER SERVICE CHARLESTON WV
525 PM EST SUN DEC 10 2017


...................................

...THE CHARLESTON WV CLIMATE SUMMARY FOR DECEMBER 10 2017...
VALID TODAY AS OF 0500 PM LOCAL TIME.

CLIMATE NORMAL PERIOD 1981 TO 2010
CLIMATE RECORD PERIOD 1901 TO 2017


WEATHER ITEM   OBSERVED TIME   RECORD YEAR NORMAL DEPARTURE LAST
                VALUE   (LST)  VALUE       VALUE  FROM      YEAR
                                                  NORMAL
..................................................................
TEMPERATURE (F)
 TODAY
  MAXIMUM         38    355 PM  80    1971  47     -9       32
  MINIMUM         28    135 AM   0    1917  30     -2       23
  AVERAGE         33                        39     -6       28

PRECIPITATION (IN)
  TODAY            0.01          1.43 1952   0.11  -0.10      T
  MONTH TO DATE    0.41                      1.11  -0.70     0.39
  SINCE DEC 1      0.41                      1.11  -0.70     0.39
  SINCE JAN 1     44.62                     41.87   2.75    38.49

DEGREE DAYS
 HEATING
  TODAY           32                        26      6       37
  MONTH TO DATE  255                       251      4      269
  SINCE DEC 1    255                       251      4      269
  SINCE JUL 1   1041                      1135    -94      923

 COOLING
  TODAY            0                         0      0        0
  MONTH TO DATE    0                         0      0        0
  SINCE DEC 1      0                         0      0        0
  SINCE JAN 1   1138                      1096     42     1473
..................................................................


WIND (MPH)
  HIGHEST WIND SPEED    17   HIGHEST WIND DIRECTION    SW (230)
  HIGHEST GUST SPEED    24   HIGHEST GUST DIRECTION     W (260)
  AVERAGE WIND SPEED     9.9


SKY COVER
  POSSIBLE SUNSHINE  MM
  AVERAGE SKY COVER 0.9


WEATHER CONDITIONS
 THE FOLLOWING WEATHER WAS RECORDED TODAY.
  LIGHT SNOW
  FOG
  HAZE


RELATIVE HUMIDITY (PERCENT)
 HIGHEST    85           100 AM
 LOWEST     40           400 PM
 AVERAGE    63

..........................................................


THE CHARLESTON WV CLIMATE NORMALS FOR TOMORROW
                         NORMAL    RECORD    YEAR
 MAXIMUM TEMPERATURE (F)   47        73      2007
 MINIMUM TEMPERATURE (F)   30        -2      1917


SUNRISE AND SUNSET
DECEMBER 10 2017......SUNRISE   733 AM EST   SUNSET   506 PM EST
DECEMBER 11 2017......SUNRISE   733 AM EST   SUNSET   506 PM EST


-  INDICATES NEGATIVE NUMBERS.
R  INDICATES RECORD WAS SET OR TIED.
MM INDICATES DATA IS MISSING.
T  INDICATES TRACE AMOUNT.




$$
