000
CDUS41 KRLX 202223
CLICRW


CLIMATE REPORT
NATIONAL WEATHER SERVICE CHARLESTON WV
522 PM EST THU NOV 20 2014


...................................

...THE CHARLESTON WV CLIMATE SUMMARY FOR NOVEMBER 20 2014...
VALID TODAY AS OF 0500 PM LOCAL TIME.

CLIMATE NORMAL PERIOD 1981 TO 2010
CLIMATE RECORD PERIOD 1901 TO 2014


WEATHER ITEM   OBSERVED TIME   RECORD YEAR NORMAL DEPARTURE LAST
                VALUE   (LST)  VALUE       VALUE  FROM      YEAR
                                                  NORMAL
..................................................................
TEMPERATURE (F)
 TODAY
  MAXIMUM         44   1248 AM  82    1991  55    -11       54
  MINIMUM         36    949 AM  18    1914  36      0       28
  AVERAGE         40                        45     -5       41

PRECIPITATION (IN)
  TODAY            0.00          1.09 1988   0.12  -0.12     0.00
  MONTH TO DATE    1.89                      2.47  -0.58     1.31
  SINCE SEP 1     10.86                      8.39   2.47     5.07
  SINCE JAN 1     43.01                     39.50   3.51    39.11

DEGREE DAYS
 HEATING
  TODAY           25                        20      5       24
  MONTH TO DATE  478                       329    149      355
  SINCE SEP 1    815                       667    148      658
  SINCE JUL 1    815                       669    146      661

 COOLING
  TODAY            0                         0      0        0
  MONTH TO DATE    0                         0      0        0
  SINCE SEP 1    142                       148     -6      155
  SINCE JAN 1   1049                      1094    -45     1121
..................................................................


WIND (MPH)
  HIGHEST WIND SPEED    22   HIGHEST WIND DIRECTION     W (270)
  HIGHEST GUST SPEED    30   HIGHEST GUST DIRECTION     W (250)
  AVERAGE WIND SPEED    12.0


SKY COVER
  POSSIBLE SUNSHINE  MM
  AVERAGE SKY COVER 0.7


WEATHER CONDITIONS
 THE FOLLOWING WEATHER WAS RECORDED TODAY.
  NO SIGNIFICANT WEATHER WAS OBSERVED.


RELATIVE HUMIDITY (PERCENT)
 HIGHEST    64           600 AM
 LOWEST     37           400 PM
 AVERAGE    51

..........................................................


THE CHARLESTON WV CLIMATE NORMALS FOR TOMORROW
                         NORMAL    RECORD    YEAR
 MAXIMUM TEMPERATURE (F)   55        83      1931
 MINIMUM TEMPERATURE (F)   36        16      1951


SUNRISE AND SUNSET
NOVEMBER 20 2014......SUNRISE   713 AM EST   SUNSET   510 PM EST
NOVEMBER 21 2014......SUNRISE   714 AM EST   SUNSET   510 PM EST


-  INDICATES NEGATIVE NUMBERS.
R  INDICATES RECORD WAS SET OR TIED.
MM INDICATES DATA IS MISSING.
T  INDICATES TRACE AMOUNT.




$$
