000
CDUS42 KFFC 250021
CLICSG


CLIMATE REPORT
NATIONAL WEATHER SERVICE PEACHTREE CITY GA
721 PM EST MON NOV 24 2014


...................................

...THE COLUMBUS CLIMATE SUMMARY FOR NOVEMBER 24 2014...
VALID AS OF 0700 PM LOCAL TIME.

CLIMATE NORMAL PERIOD 1981 TO 2010
CLIMATE RECORD PERIOD 1948 TO 2014


WEATHER ITEM   OBSERVED TIME   RECORD YEAR NORMAL DEPARTURE LAST
                VALUE   (LST)  VALUE       VALUE  FROM      YEAR
                                                  NORMAL
..................................................................
TEMPERATURE (F)
 TODAY
  MAXIMUM         79    313 PM  80    2001  66     13       53
                                      1986
  MINIMUM         62    318 AM  19    1970  44     18       35
  AVERAGE         71                        55     16       44

PRECIPITATION (IN)
  TODAY            0.00          1.61 2004   0.15  -0.15     0.00
  MONTH TO DATE    2.89                      3.15  -0.26     0.58
  SINCE SEP 1     11.26                      8.79   2.47     2.20
  SINCE JAN 1     47.44                     41.53   5.91    52.57

SNOWFALL (IN)
  TODAY            0.0           0.0  2001   0.0    0.0      0.0
  MONTH TO DATE    0.0                       0.0    0.0      0.0
  SINCE SEP 1      0.0                       0.0    0.0      0.0
  SINCE JUL 1      0.0                       0.0    0.0      0.0
  SNOW DEPTH       0

DEGREE DAYS
 HEATING
  TODAY            0                        11    -11       21
  MONTH TO DATE  326                       185    141      171
  SINCE SEP 1    370                       261    109      218
  SINCE JUL 1    370                       261    109      218
..................................................................


WIND (MPH)
  HIGHEST WIND SPEED    16   HIGHEST WIND DIRECTION    NW (300)
  HIGHEST GUST SPEED    23   HIGHEST GUST DIRECTION    NW (300)
  AVERAGE WIND SPEED     7.0


SKY COVER
  AVERAGE SKY COVER 0.5


WEATHER CONDITIONS
 THE FOLLOWING WEATHER WAS RECORDED TODAY.
  FOG


RELATIVE HUMIDITY (PERCENT)
 HIGHEST   100           400 AM
 LOWEST     46           500 PM

..........................................................


THE COLUMBUS CLIMATE NORMALS FOR TOMORROW
                         NORMAL    RECORD
 MAXIMUM TEMPERATURE (F)   65        80
 MINIMUM TEMPERATURE (F)   43        10


SUNRISE AND SUNSET
NOVEMBER 24 2014......SUNRISE   717 AM EST   SUNSET   535 PM EST
NOVEMBER 25 2014......SUNRISE   718 AM EST   SUNSET   535 PM EST


-  INDICATES NEGATIVE NUMBERS.
R  INDICATES RECORD WAS SET OR TIED.
MM INDICATES DATA IS MISSING.
T  INDICATES TRACE AMOUNT.




$$
