000
CDUS42 KFFC 240819
CLICSG


CLIMATE REPORT
NATIONAL WEATHER SERVICE PEACHTREE CITY GA
419 AM EDT SUN MAY 24 2015


...................................

...THE COLUMBUS CLIMATE SUMMARY FOR MAY 23 2015...

CLIMATE NORMAL PERIOD 1981 TO 2010
CLIMATE RECORD PERIOD 1948 TO 2015


WEATHER ITEM   OBSERVED TIME   RECORD YEAR NORMAL DEPARTURE LAST
                VALUE   (LST)  VALUE       VALUE  FROM      YEAR
                                                  NORMAL
..................................................................
TEMPERATURE (F)
 YESTERDAY
  MAXIMUM         86    405 PM  97    1996  86      0       92
  MINIMUM         61    531 AM  49    1954  64     -3       68
  AVERAGE         74                        75     -1       80

PRECIPITATION (IN)
  YESTERDAY        0.00          3.09 1974   0.10  -0.10     0.00
  MONTH TO DATE    0.72                      2.34  -1.62     2.47
  SINCE MAR 1      9.65                     11.35  -1.70    17.17
  SINCE JAN 1     17.02                     19.64  -2.62    25.49

DEGREE DAYS
 HEATING
  YESTERDAY        0                         0      0        0
  MONTH TO DATE    2                         6     -4       15
  SINCE MAR 1    202                       341   -139      406
  SINCE JUL 1   2212                      2118     94     2349

 COOLING
  YESTERDAY        9                        10     -1       15
  MONTH TO DATE  203                       165     38      158
  SINCE MAR 1    352                       265     87      226
  SINCE JAN 1    352                       269     83      229
..................................................................


WIND (MPH)
  HIGHEST WIND SPEED    20   HIGHEST WIND DIRECTION    SE (150)
  HIGHEST GUST SPEED    24   HIGHEST GUST DIRECTION     S (160)
  AVERAGE WIND SPEED     8.5


SKY COVER
  AVERAGE SKY COVER 0.0


WEATHER CONDITIONS
 THE FOLLOWING WEATHER WAS RECORDED YESTERDAY.
  NO SIGNIFICANT WEATHER WAS OBSERVED.


RELATIVE HUMIDITY (PERCENT)
 HIGHEST    73           700 AM
 LOWEST     29           500 PM
 AVERAGE    51

..........................................................


THE COLUMBUS CLIMATE NORMALS FOR TODAY
                         NORMAL    RECORD    YEAR
 MAXIMUM TEMPERATURE (F)   86        97      1996
 MINIMUM TEMPERATURE (F)   65        51      1954


SUNRISE AND SUNSET
MAY 24 2015...........SUNRISE   636 AM EDT   SUNSET   837 PM EDT
MAY 25 2015...........SUNRISE   636 AM EDT   SUNSET   838 PM EDT


-  INDICATES NEGATIVE NUMBERS.
R  INDICATES RECORD WAS SET OR TIED.
MM INDICATES DATA IS MISSING.
T  INDICATES TRACE AMOUNT.




$$
