000
CDUS42 KFFC 270923
CLICSG


CLIMATE REPORT
NATIONAL WEATHER SERVICE PEACHTREE CITY GA
422 AM EST FRI FEB 27 2015


...................................

...THE COLUMBUS CLIMATE SUMMARY FOR FEBRUARY 26 2015...

CLIMATE NORMAL PERIOD 1981 TO 2010
CLIMATE RECORD PERIOD 1948 TO 2015


WEATHER ITEM   OBSERVED TIME   RECORD YEAR NORMAL DEPARTURE LAST
                VALUE   (LST)  VALUE       VALUE  FROM      YEAR
                                                  NORMAL
..................................................................
TEMPERATURE (F)
 YESTERDAY
  MAXIMUM         48    403 PM  80    1996  65    -17       55
                                      1977
  MINIMUM         37   1159 PM  18    1967  43     -6       38
  AVERAGE         43                        54    -11       47

PRECIPITATION (IN)
  YESTERDAY        0.00          1.78 1971   0.16  -0.16     0.30
  MONTH TO DATE    4.22                      4.11   0.11     5.41
  SINCE DEC 1     11.99                     12.23  -0.24    17.19
  SINCE JAN 1      7.37                      7.96  -0.59     8.32

SNOWFALL (IN)
  YESTERDAY        0.0           0.0  2002   0.0    0.0      0.0
  MONTH TO DATE    0.0                       0.0    0.0      0.0
  SINCE DEC 1      0.0                       0.3   -0.3      1.2
  SINCE JUL 1      0.0                       0.3   -0.3      1.2
  SNOW DEPTH       0

DEGREE DAYS
 HEATING
  YESTERDAY       22                        12     10       18
  MONTH TO DATE  519                       372    147      351
  SINCE DEC 1   1501                      1423     78     1553
  SINCE JUL 1   1969                      1755    214     1901

 COOLING
  YESTERDAY        0                         0      0        0
  MONTH TO DATE    0                         0      0        3
  SINCE DEC 1      1                         5     -4       20
  SINCE JAN 1      0                         1     -1        3
..................................................................


WIND (MPH)
  HIGHEST WIND SPEED    17   HIGHEST WIND DIRECTION     N (340)
  HIGHEST GUST SPEED    20   HIGHEST GUST DIRECTION     N (340)
  AVERAGE WIND SPEED     7.1


SKY COVER
  AVERAGE SKY COVER 0.9


WEATHER CONDITIONS
 THE FOLLOWING WEATHER WAS RECORDED YESTERDAY.
  FOG


RELATIVE HUMIDITY (PERCENT)
 HIGHEST   100           300 AM
 LOWEST     61           200 PM
 AVERAGE    81

..........................................................


THE COLUMBUS CLIMATE NORMALS FOR TODAY
                         NORMAL    RECORD    YEAR
 MAXIMUM TEMPERATURE (F)   65        82      1962
 MINIMUM TEMPERATURE (F)   43        17      1963


SUNRISE AND SUNSET
FEBRUARY 27 2015......SUNRISE   710 AM EST   SUNSET   635 PM EST
FEBRUARY 28 2015......SUNRISE   709 AM EST   SUNSET   636 PM EST


-  INDICATES NEGATIVE NUMBERS.
R  INDICATES RECORD WAS SET OR TIED.
MM INDICATES DATA IS MISSING.
T  INDICATES TRACE AMOUNT.




$$
