000
CDUS42 KFFC 222135
CLICSG


CLIMATE REPORT
NATIONAL WEATHER SERVICE PEACHTREE CITY GA
435 PM EST SAT NOV 22 2014


...................................

...THE COLUMBUS CLIMATE SUMMARY FOR NOVEMBER 22 2014...
VALID TODAY AS OF 0400 PM LOCAL TIME.

CLIMATE NORMAL PERIOD 1981 TO 2010
CLIMATE RECORD PERIOD 1948 TO 2014


WEATHER ITEM   OBSERVED TIME   RECORD YEAR NORMAL DEPARTURE LAST
                VALUE   (LST)  VALUE       VALUE  FROM      YEAR
                                                  NORMAL
..................................................................
TEMPERATURE (F)
 TODAY
  MAXIMUM         65    309 PM  79    1979  66     -1       74
  MINIMUM         40    112 AM  24    2008  44     -4       54
  AVERAGE         53                        55     -2       64

PRECIPITATION (IN)
  TODAY            0.00          1.22 1948   0.16  -0.16     0.04
  MONTH TO DATE    1.37                      2.84  -1.47     0.57
  SINCE SEP 1      9.74                      8.48   1.26     2.19
  SINCE JAN 1     45.92                     41.22   4.70    52.56

SNOWFALL (IN)
  TODAY            0.0           0.0  2001   0.0    0.0      0.0
  MONTH TO DATE    0.0                       0.0    0.0      0.0
  SINCE SEP 1      0.0                       0.0    0.0      0.0
  SINCE JUL 1      0.0                       0.0    0.0      0.0
  SNOW DEPTH       0

DEGREE DAYS
 HEATING
  TODAY           12                        10      2        1
  MONTH TO DATE  322                       164    158      140
  SINCE SEP 1    366                       240    126      187
  SINCE JUL 1    366                       240    126      187

 COOLING
  TODAY            0                         0      0        0
  MONTH TO DATE    0                        23    -23       11
  SINCE SEP 1    514                       491     23      563
  SINCE JAN 1   2309                      2363    -54     2347
..................................................................


WIND (MPH)
  RESULTANT WIND SPEED   8   RESULTANT WIND DIRECTION   E (100)
  HIGHEST WIND SPEED    16   HIGHEST WIND DIRECTION     E (110)
  HIGHEST GUST SPEED    22   HIGHEST GUST DIRECTION     E (100)
  AVERAGE WIND SPEED     8.8


SKY COVER
  AVERAGE SKY COVER 0.5


WEATHER CONDITIONS
 THE FOLLOWING WEATHER WAS RECORDED TODAY.
  NO SIGNIFICANT WEATHER WAS OBSERVED.


RELATIVE HUMIDITY (PERCENT)
 HIGHEST    82          1200 AM
 LOWEST     47          1200 PM
 AVERAGE    65

..........................................................


THE COLUMBUS CLIMATE NORMALS FOR TOMORROW
                         NORMAL    RECORD    YEAR
 MAXIMUM TEMPERATURE (F)   66        79      1979
 MINIMUM TEMPERATURE (F)   44        19      1956


SUNRISE AND SUNSET
NOVEMBER 22 2014......SUNRISE   716 AM EST   SUNSET   536 PM EST
NOVEMBER 23 2014......SUNRISE   717 AM EST   SUNSET   536 PM EST


-  INDICATES NEGATIVE NUMBERS.
R  INDICATES RECORD WAS SET OR TIED.
MM INDICATES DATA IS MISSING.
T  INDICATES TRACE AMOUNT.




$$
