000
CDUS42 KFFC 242035
CLICSG


CLIMATE REPORT
NATIONAL WEATHER SERVICE PEACHTREE CITY GA
435 PM EDT WED MAY 24 2017


...................................

...THE COLUMBUS CLIMATE SUMMARY FOR MAY 24 2017...
VALID TODAY AS OF 0400 PM LOCAL TIME.

CLIMATE NORMAL PERIOD 1981 TO 2010
CLIMATE RECORD PERIOD 1948 TO 2017


WEATHER ITEM   OBSERVED TIME   RECORD YEAR NORMAL DEPARTURE LAST
                VALUE   (LST)  VALUE       VALUE  FROM      YEAR
                                                  NORMAL
..................................................................
TEMPERATURE (F)
 TODAY
  MAXIMUM         82    316 PM  99    1933  86     -4       86
  MINIMUM         66    325 AM  47    1892  65      1       59
  AVERAGE         74                        75     -1       73

PRECIPITATION (IN)
  TODAY            0.02          4.77 1943   0.11  -0.09     0.00
  MONTH TO DATE    5.35                      2.45   2.90     2.51
  SINCE MAR 1     11.29                     11.46  -0.17    12.01
  SINCE JAN 1     25.55                     19.75   5.80    19.44

DEGREE DAYS
 HEATING
  TODAY            0                         0      0        0
  MONTH TO DATE   13                         6      7        7
  SINCE MAR 1    239                       341   -102      221
  SINCE JUL 1   1369                      2118   -749     1611

 COOLING
  TODAY            9                        10     -1        8
  MONTH TO DATE  203                       175     28      154
  SINCE MAR 1    458                       275    183      292
  SINCE JAN 1    475                       279    196      294
..................................................................


WIND (MPH)
  RESULTANT WIND SPEED   6   RESULTANT WIND DIRECTION   W (260)
  HIGHEST WIND SPEED    23   HIGHEST WIND DIRECTION    NW (300)
  HIGHEST GUST SPEED    28   HIGHEST GUST DIRECTION     W (280)
  AVERAGE WIND SPEED     7.5


SKY COVER
  AVERAGE SKY COVER 0.8


WEATHER CONDITIONS
 THE FOLLOWING WEATHER WAS RECORDED TODAY.
  LIGHT RAIN
  FOG
  HAZE


RELATIVE HUMIDITY (PERCENT)
 HIGHEST   100           400 AM
 LOWEST     51           200 PM
 AVERAGE    76

..........................................................


THE COLUMBUS CLIMATE NORMALS FOR TOMORROW
                         NORMAL    RECORD    YEAR
 MAXIMUM TEMPERATURE (F)   86        98      1912
 MINIMUM TEMPERATURE (F)   65        51      1979
                                             1931


SUNRISE AND SUNSET
MAY 24 2017...........SUNRISE   636 AM EDT   SUNSET   837 PM EDT
MAY 25 2017...........SUNRISE   636 AM EDT   SUNSET   838 PM EDT


-  INDICATES NEGATIVE NUMBERS.
R  INDICATES RECORD WAS SET OR TIED.
MM INDICATES DATA IS MISSING.
T  INDICATES TRACE AMOUNT.




$$
