000
CDUS42 KFFC 242145
CLICSG


CLIMATE REPORT
NATIONAL WEATHER SERVICE PEACHTREE CITY GA
442 PM EST FRI FEB 24 2017


...................................

...THE COLUMBUS CLIMATE SUMMARY FOR FEBRUARY 24 2017...
VALID TODAY AS OF 0400 PM LOCAL TIME.

CLIMATE NORMAL PERIOD 1981 TO 2010
CLIMATE RECORD PERIOD 1948 TO 2017


WEATHER ITEM   OBSERVED TIME   RECORD YEAR NORMAL DEPARTURE LAST
                VALUE   (LST)  VALUE       VALUE  FROM      YEAR
                                                  NORMAL
..................................................................
TEMPERATURE (F)
 TODAY
  MAXIMUM         80    402 PM  81    1930  64     16       65
  MINIMUM         53    726 AM  21    1989  42     11       45
  AVERAGE         67                        53     14       55

PRECIPITATION (IN)
  TODAY            0.00          2.56 1961   0.16  -0.16     0.56
  MONTH TO DATE    2.43                      3.79  -1.36     4.23
  SINCE DEC 1     18.28                     11.91   6.37    24.81
  SINCE JAN 1     13.91                      7.64   6.27     7.43

SNOWFALL (IN)
  TODAY            0.0           T    2010   0.0    0.0      0.0
  MONTH TO DATE    0.0                       0.0    0.0      0.0
  SINCE DEC 1      0.0                       0.3   -0.3      0.0
  SINCE JUL 1      0.0                       0.3   -0.3      0.0
  SNOW DEPTH       0

DEGREE DAYS
 HEATING
  TODAY            0                        12    -12       10
  MONTH TO DATE  179                       348   -169      318
  SINCE DEC 1    913                      1399   -486     1121
  SINCE JUL 1   1100                      1731   -631     1317

 COOLING
  TODAY            2                         0      2        0
  MONTH TO DATE   12                         0     12        2
  SINCE DEC 1     22                         5     17       36
  SINCE JAN 1     17                         1     16        2
..................................................................


WIND (MPH)
  RESULTANT WIND SPEED   2   RESULTANT WIND DIRECTION  SE (140)
  HIGHEST WIND SPEED    12   HIGHEST WIND DIRECTION    SW (220)
  HIGHEST GUST SPEED    16   HIGHEST GUST DIRECTION     S (190)
  AVERAGE WIND SPEED     3.9


SKY COVER
  AVERAGE SKY COVER 0.0


WEATHER CONDITIONS
 THE FOLLOWING WEATHER WAS RECORDED TODAY.
  NO SIGNIFICANT WEATHER WAS OBSERVED.


RELATIVE HUMIDITY (PERCENT)
 HIGHEST    93           600 AM
 LOWEST     42           300 PM
 AVERAGE    68

..........................................................


THE COLUMBUS CLIMATE NORMALS FOR TOMORROW
                         NORMAL    RECORD    YEAR
 MAXIMUM TEMPERATURE (F)   65        82      1930
 MINIMUM TEMPERATURE (F)   42        17      1967


SUNRISE AND SUNSET
FEBRUARY 24 2017......SUNRISE   713 AM EST   SUNSET   633 PM EST
FEBRUARY 25 2017......SUNRISE   712 AM EST   SUNSET   634 PM EST


-  INDICATES NEGATIVE NUMBERS.
R  INDICATES RECORD WAS SET OR TIED.
MM INDICATES DATA IS MISSING.
T  INDICATES TRACE AMOUNT.




$$
