000
CDUS42 KFFC 010839
CLICSG


CLIMATE REPORT
NATIONAL WEATHER SERVICE PEACHTREE CITY GA
439 AM EDT FRI AUG 1 2014


...................................

...THE COLUMBUS CLIMATE SUMMARY FOR JULY 31 2014...

CLIMATE NORMAL PERIOD 1981 TO 2010
CLIMATE RECORD PERIOD 1948 TO 2014


WEATHER ITEM   OBSERVED TIME   RECORD YEAR NORMAL DEPARTURE LAST
                VALUE   (LST)  VALUE       VALUE  FROM      YEAR
                                                  NORMAL
..................................................................
TEMPERATURE (F)
 YESTERDAY
  MAXIMUM         89    516 PM 104    1986  92     -3       82
  MINIMUM         67    306 AM  66    1997  73     -6       73
  AVERAGE         78                        83     -5       78

PRECIPITATION (IN)
  YESTERDAY        0.00          1.68 1978   0.15  -0.15     0.40
  MONTH TO DATE    4.49                      4.76  -0.27     8.81
  SINCE JUN 1      8.70                      8.48   0.22    16.13
  SINCE JAN 1     34.49                     28.97   5.52    41.74

DEGREE DAYS
 HEATING
  YESTERDAY        0                         0      0        0
  MONTH TO DATE    0                         0      0        0
  SINCE JUN 1      0                         0      0        0
  SINCE JUL 1      0                         0      0        0

 COOLING
  YESTERDAY       13                        18     -5       13
  MONTH TO DATE  482                       544    -62      474
  SINCE JUN 1    941                       990    -49      936
  SINCE JAN 1   1277                      1348    -71     1299
..................................................................


WIND (MPH)
  HIGHEST WIND SPEED    14   HIGHEST WIND DIRECTION     E (80)
  HIGHEST GUST SPEED    20   HIGHEST GUST DIRECTION     E (100)
  AVERAGE WIND SPEED     3.5


SKY COVER
  AVERAGE SKY COVER 0.2


WEATHER CONDITIONS
 THE FOLLOWING WEATHER WAS RECORDED YESTERDAY.
  NO SIGNIFICANT WEATHER WAS OBSERVED.


RELATIVE HUMIDITY (PERCENT)
 HIGHEST    78           200 AM
 LOWEST     43           300 PM
 AVERAGE    61

..........................................................


THE COLUMBUS CLIMATE NORMALS FOR TODAY
                         NORMAL    RECORD    YEAR
 MAXIMUM TEMPERATURE (F)   92       103      1986
 MINIMUM TEMPERATURE (F)   73        62      1997


SUNRISE AND SUNSET
AUGUST  1 2014........SUNRISE   654 AM EDT   SUNSET   838 PM EDT
AUGUST  2 2014........SUNRISE   655 AM EDT   SUNSET   837 PM EDT


-  INDICATES NEGATIVE NUMBERS.
R  INDICATES RECORD WAS SET OR TIED.
MM INDICATES DATA IS MISSING.
T  INDICATES TRACE AMOUNT.




$$
