000
CDUS42 KFFC 080023
CLICSG


CLIMATE REPORT
NATIONAL WEATHER SERVICE PEACHTREE CITY GA
822 PM EDT TUE JUL 7 2015


...................................

...THE COLUMBUS CLIMATE SUMMARY FOR JULY 7 2015...
VALID AS OF 0800 PM LOCAL TIME.

CLIMATE NORMAL PERIOD 1981 TO 2010
CLIMATE RECORD PERIOD 1948 TO 2015


WEATHER ITEM   OBSERVED TIME   RECORD YEAR NORMAL DEPARTURE LAST
                VALUE   (LST)  VALUE       VALUE  FROM      YEAR
                                                  NORMAL
..................................................................
TEMPERATURE (F)
 TODAY
  MAXIMUM         92    452 PM 104    1977  92      0       94
  MINIMUM         69    557 AM  63    1988  73     -4       70
                                      1964
  AVERAGE         81                        82     -1       82

PRECIPITATION (IN)
  TODAY            0.00          1.73 2004   0.16  -0.16     0.00
  MONTH TO DATE    1.17                      1.09   0.08     0.00
  SINCE JUN 1      5.24                      4.81   0.43     4.21
  SINCE JAN 1     24.72                     25.30  -0.58    30.00

DEGREE DAYS
 COOLING
  TODAY           16                        17     -1       17
  MONTH TO DATE   94                       119    -25      119
  SINCE JUN 1    566                       565      1      578
  SINCE JAN 1   1012                       923     89      914
..................................................................


WIND (MPH)
  HIGHEST WIND SPEED    12   HIGHEST WIND DIRECTION     W (290)
  HIGHEST GUST SPEED    15   HIGHEST GUST DIRECTION     W (280)
  AVERAGE WIND SPEED     2.9


SKY COVER
  AVERAGE SKY COVER 0.1


WEATHER CONDITIONS
 THE FOLLOWING WEATHER WAS RECORDED TODAY.
  NO SIGNIFICANT WEATHER WAS OBSERVED.


RELATIVE HUMIDITY (PERCENT)
 HIGHEST    97           600 AM
 LOWEST     44           500 PM

..........................................................


THE COLUMBUS CLIMATE NORMALS FOR TOMORROW
                         NORMAL    RECORD
 MAXIMUM TEMPERATURE (F)   92       103
 MINIMUM TEMPERATURE (F)   73        63


SUNRISE AND SUNSET
JULY  7 2015..........SUNRISE   639 AM EDT   SUNSET   850 PM EDT
JULY  8 2015..........SUNRISE   639 AM EDT   SUNSET   850 PM EDT


-  INDICATES NEGATIVE NUMBERS.
R  INDICATES RECORD WAS SET OR TIED.
MM INDICATES DATA IS MISSING.
T  INDICATES TRACE AMOUNT.




$$
