000
CDUS42 KFFC 260021
CLICSG


CLIMATE REPORT
NATIONAL WEATHER SERVICE PEACHTREE CITY GA
721 PM EST SUN JAN 25 2015


...................................

...THE COLUMBUS CLIMATE SUMMARY FOR JANUARY 25 2015...
VALID AS OF 0700 PM LOCAL TIME.

CLIMATE NORMAL PERIOD 1981 TO 2010
CLIMATE RECORD PERIOD 1948 TO 2015


WEATHER ITEM   OBSERVED TIME   RECORD YEAR NORMAL DEPARTURE LAST
                VALUE   (LST)  VALUE       VALUE  FROM      YEAR
                                                  NORMAL
..................................................................
TEMPERATURE (F)
 TODAY
  MAXIMUM         62    314 PM  80    1950  58      4       56
  MINIMUM         29    732 AM  14    1963  37     -8       18
  AVERAGE         46                        48     -2       37

PRECIPITATION (IN)
  TODAY            0.00          3.11 1978   0.13  -0.13     0.00
  MONTH TO DATE    3.15                      3.04   0.11     2.56
  SINCE DEC 1      7.77                      7.31   0.46    11.43
  SINCE JAN 1      3.15                      3.04   0.11     2.56

SNOWFALL (IN)
  TODAY            0.0           0.0  2002   0.0    0.0      0.0
  MONTH TO DATE    0.0                       0.2   -0.2      0.0
  SINCE DEC 1      0.0                       0.3   -0.3      0.0
  SINCE JUL 1      0.0                       0.3   -0.3      0.0
  SNOW DEPTH       0

DEGREE DAYS
 HEATING
  TODAY           19                        17      2       28
  MONTH TO DATE  468                       449     19      603
  SINCE DEC 1    863                       946    -83     1031
  SINCE JUL 1   1331                      1278     53     1379
..................................................................


WIND (MPH)
  HIGHEST WIND SPEED    21   HIGHEST WIND DIRECTION    SW (210)
  HIGHEST GUST SPEED    25   HIGHEST GUST DIRECTION    SW (220)
  AVERAGE WIND SPEED     5.3


SKY COVER
  AVERAGE SKY COVER 0.0


WEATHER CONDITIONS
 THE FOLLOWING WEATHER WAS RECORDED TODAY.
  NO SIGNIFICANT WEATHER WAS OBSERVED.


RELATIVE HUMIDITY (PERCENT)
 HIGHEST    92           600 AM
 LOWEST     32           300 PM

..........................................................


THE COLUMBUS CLIMATE NORMALS FOR TOMORROW
                         NORMAL    RECORD
 MAXIMUM TEMPERATURE (F)   58        80
 MINIMUM TEMPERATURE (F)   37        20


SUNRISE AND SUNSET
JANUARY 25 2015.......SUNRISE   738 AM EST   SUNSET   606 PM EST
JANUARY 26 2015.......SUNRISE   738 AM EST   SUNSET   607 PM EST


-  INDICATES NEGATIVE NUMBERS.
R  INDICATES RECORD WAS SET OR TIED.
MM INDICATES DATA IS MISSING.
T  INDICATES TRACE AMOUNT.




$$
