000
CDUS42 KFFC 240817
CLICSG


CLIMATE REPORT
NATIONAL WEATHER SERVICE PEACHTREE CITY GA
416 AM EDT TUE MAY 24 2016


...................................

...THE COLUMBUS CLIMATE SUMMARY FOR MAY 23 2016...

CLIMATE NORMAL PERIOD 1981 TO 2010
CLIMATE RECORD PERIOD 1948 TO 2016


WEATHER ITEM   OBSERVED TIME   RECORD YEAR NORMAL DEPARTURE LAST
                VALUE   (LST)  VALUE       VALUE  FROM      YEAR
                                                  NORMAL
..................................................................
TEMPERATURE (F)
 YESTERDAY
  MAXIMUM         83    503 PM  99    1933  86     -3       86
  MINIMUM         56    614 AM  49    1954  64     -8       61
  AVERAGE         70                        75     -5       74

PRECIPITATION (IN)
  YESTERDAY        0.00          3.09 1974   0.10  -0.10     0.00
  MONTH TO DATE    2.51                      2.34   0.17     0.72
  SINCE MAR 1     12.01                     11.35   0.66     9.65
  SINCE JAN 1     19.44                     19.64  -0.20    17.02

DEGREE DAYS
 HEATING
  YESTERDAY        0                         0      0        0
  MONTH TO DATE    7                         6      1        2
  SINCE MAR 1    221                       341   -120      202
  SINCE JUL 1   1611                      2118   -507     2212

 COOLING
  YESTERDAY        5                        10     -5        9
  MONTH TO DATE  146                       165    -19      203
  SINCE MAR 1    284                       265     19      352
  SINCE JAN 1    286                       269     17      352
..................................................................


WIND (MPH)
  HIGHEST WIND SPEED    12   HIGHEST WIND DIRECTION     W (260)
  HIGHEST GUST SPEED    16   HIGHEST GUST DIRECTION     E (70)
  AVERAGE WIND SPEED     3.0


SKY COVER
  AVERAGE SKY COVER 0.1


WEATHER CONDITIONS
 THE FOLLOWING WEATHER WAS RECORDED YESTERDAY.
  NO SIGNIFICANT WEATHER WAS OBSERVED.


RELATIVE HUMIDITY (PERCENT)
 HIGHEST    86           300 AM
 LOWEST     28           400 PM
 AVERAGE    57

..........................................................


THE COLUMBUS CLIMATE NORMALS FOR TODAY
                         NORMAL    RECORD    YEAR
 MAXIMUM TEMPERATURE (F)   86        99      1933
 MINIMUM TEMPERATURE (F)   65        47      1892


SUNRISE AND SUNSET
MAY 24 2016...........SUNRISE   636 AM EDT   SUNSET   838 PM EDT
MAY 25 2016...........SUNRISE   635 AM EDT   SUNSET   838 PM EDT


-  INDICATES NEGATIVE NUMBERS.
R  INDICATES RECORD WAS SET OR TIED.
MM INDICATES DATA IS MISSING.
T  INDICATES TRACE AMOUNT.




$$
