000
CDUS42 KFFC 300817
CLICSG


CLIMATE REPORT
NATIONAL WEATHER SERVICE PEACHTREE CITY GA
416 AM EDT TUE SEP 30 2014


...................................

...THE COLUMBUS CLIMATE SUMMARY FOR SEPTEMBER 29 2014...

CLIMATE NORMAL PERIOD 1981 TO 2010
CLIMATE RECORD PERIOD 1948 TO 2014


WEATHER ITEM   OBSERVED TIME   RECORD YEAR NORMAL DEPARTURE LAST
                VALUE   (LST)  VALUE       VALUE  FROM      YEAR
                                                  NORMAL
..................................................................
TEMPERATURE (F)
 YESTERDAY
  MAXIMUM         76    241 PM  94    1986  82     -6       80
  MINIMUM         69   1159 PM  42    1967  62      7       59
  AVERAGE         73                        72      1       70

PRECIPITATION (IN)
  YESTERDAY        0.04          3.61 1998   0.10  -0.06     0.00
  MONTH TO DATE    4.07                      2.96   1.11     1.17
  SINCE SEP 1      4.07                      2.96   1.11     1.17
  SINCE JAN 1     40.25                     35.70   4.55    51.54

DEGREE DAYS
 HEATING
  YESTERDAY        0                         0      0        0
  MONTH TO DATE    0                         0      0        0
  SINCE SEP 1      0                         0      0        0
  SINCE JUL 1      0                         0      0        0

 COOLING
  YESTERDAY        8                         8      0        5
  MONTH TO DATE  378                       341     37      389
  SINCE SEP 1    378                       341     37      389
  SINCE JAN 1   2173                      2213    -40     2173
..................................................................


WIND (MPH)
  HIGHEST WIND SPEED    10   HIGHEST WIND DIRECTION     E (90)
  HIGHEST GUST SPEED    14   HIGHEST GUST DIRECTION     E (80)
  AVERAGE WIND SPEED     6.0


SKY COVER
  AVERAGE SKY COVER 1.0


WEATHER CONDITIONS
 THE FOLLOWING WEATHER WAS RECORDED YESTERDAY.
  RAIN
  LIGHT RAIN
  FOG


RELATIVE HUMIDITY (PERCENT)
 HIGHEST    97           800 PM
 LOWEST     79           200 PM
 AVERAGE    88

..........................................................


THE COLUMBUS CLIMATE NORMALS FOR TODAY
                         NORMAL    RECORD    YEAR
 MAXIMUM TEMPERATURE (F)   82        92      1986
                                             1955
                                             1954
 MINIMUM TEMPERATURE (F)   62        38      1967


SUNRISE AND SUNSET
SEPTEMBER 30 2014.....SUNRISE   733 AM EDT   SUNSET   726 PM EDT
OCTOBER  1 2014.......SUNRISE   734 AM EDT   SUNSET   724 PM EDT


-  INDICATES NEGATIVE NUMBERS.
R  INDICATES RECORD WAS SET OR TIED.
MM INDICATES DATA IS MISSING.
T  INDICATES TRACE AMOUNT.




$$
