000
CDUS42 KFFC 180916
CLICSG


CLIMATE REPORT
NATIONAL WEATHER SERVICE PEACHTREE CITY GA
416 AM EST MON DEC 18 2017


...................................

...THE COLUMBUS CLIMATE SUMMARY FOR DECEMBER 17 2017...

CLIMATE NORMAL PERIOD 1981 TO 2010
CLIMATE RECORD PERIOD 1948 TO 2017


WEATHER ITEM   OBSERVED TIME   RECORD YEAR NORMAL DEPARTURE LAST
                VALUE   (LST)  VALUE       VALUE  FROM      YEAR
                                                  NORMAL
..................................................................
TEMPERATURE (F)
 YESTERDAY
  MAXIMUM         63    134 PM  79    1984  59      4       75
  MINIMUM         36    147 AM  18    1960  39     -3       44
                                      1901
  AVERAGE         50                        49      1       60

PRECIPITATION (IN)
  YESTERDAY        0.05          1.76 1992   0.14  -0.09     0.00
  MONTH TO DATE    1.97                      2.45  -0.48     3.37
  SINCE DEC 1      1.97                      2.45  -0.48     3.37
  SINCE JAN 1     50.41                     44.93   5.48    34.14

SNOWFALL (IN)
  YESTERDAY       MM             0.0  2001   0.0   MM        0.0
  MONTH TO DATE    T                         0.0    0.0      0.0
  SINCE DEC 1      T                         0.0    0.0      0.0
  SINCE JUL 1      T                         0.0    0.0      0.0
  SNOW DEPTH       0

DEGREE DAYS
 HEATING
  YESTERDAY       15                        16     -1        5
  MONTH TO DATE  251                       250      1      237
  SINCE DEC 1    251                       250      1      237
  SINCE JUL 1    515                       582    -67      424

 COOLING
  YESTERDAY        0                         0      0        0
  MONTH TO DATE    4                         0      4        0
  SINCE DEC 1      4                         0      4        0
  SINCE JAN 1   2718                      2364    354     2755
..................................................................


WIND (MPH)
  HIGHEST WIND SPEED    10   HIGHEST WIND DIRECTION    SE (130)
  HIGHEST GUST SPEED    13   HIGHEST GUST DIRECTION     E (90)
  AVERAGE WIND SPEED     2.6


SKY COVER
  AVERAGE SKY COVER 0.4


WEATHER CONDITIONS
 THE FOLLOWING WEATHER WAS RECORDED YESTERDAY.
  LIGHT RAIN
  FOG


RELATIVE HUMIDITY (PERCENT)
 HIGHEST    93          1000 PM
 LOWEST     43          1100 AM
 AVERAGE    68

..........................................................


THE COLUMBUS CLIMATE NORMALS FOR TODAY
                         NORMAL    RECORD    YEAR
 MAXIMUM TEMPERATURE (F)   59        78      1984
 MINIMUM TEMPERATURE (F)   38        18      1953


SUNRISE AND SUNSET
DECEMBER 18 2017......SUNRISE   736 AM EST   SUNSET   537 PM EST
DECEMBER 19 2017......SUNRISE   737 AM EST   SUNSET   537 PM EST


-  INDICATES NEGATIVE NUMBERS.
R  INDICATES RECORD WAS SET OR TIED.
MM INDICATES DATA IS MISSING.
T  INDICATES TRACE AMOUNT.




$$
