000
CDUS42 KFFC 230020
CLICSG


CLIMATE REPORT
NATIONAL WEATHER SERVICE PEACHTREE CITY GA
720 PM EST MON DEC 22 2014


...................................

...THE COLUMBUS CLIMATE SUMMARY FOR DECEMBER 22 2014...
VALID AS OF 0700 PM LOCAL TIME.

CLIMATE NORMAL PERIOD 1981 TO 2010
CLIMATE RECORD PERIOD 1948 TO 2014


WEATHER ITEM   OBSERVED TIME   RECORD YEAR NORMAL DEPARTURE LAST
                VALUE   (LST)  VALUE       VALUE  FROM      YEAR
                                                  NORMAL
..................................................................
TEMPERATURE (F)
 TODAY
  MAXIMUM         50    440 PM  76    1990  58     -8       74
  MINIMUM         47    709 AM  16    1960  38      9       59
  AVERAGE         49                        48      1       67

PRECIPITATION (IN)
  TODAY            0.06          3.10 2013   0.14  -0.08     3.10
  MONTH TO DATE    0.67                      3.12  -2.45     5.48
  SINCE DEC 1      0.67                      3.12  -2.45     5.48
  SINCE JAN 1     48.18                     45.60   2.58    59.26

SNOWFALL (IN)
  TODAY           MM             9.0  2004   0.0   MM        0.0
  MONTH TO DATE    0.0                       0.1   -0.1      0.0
  SINCE DEC 1      0.0                       0.1   -0.1      0.0
  SINCE JUL 1      0.0                       0.1   -0.1      0.0
  SNOW DEPTH       0

DEGREE DAYS
 HEATING
  TODAY           16                        17     -1        0
  MONTH TO DATE  285                       335    -50      244
  SINCE DEC 1    285                       335    -50      244
  SINCE JUL 1    753                       667     86      592
..................................................................


WIND (MPH)
  HIGHEST WIND SPEED    14   HIGHEST WIND DIRECTION     E (110)
  HIGHEST GUST SPEED    18   HIGHEST GUST DIRECTION     E (90)
  AVERAGE WIND SPEED     7.9


SKY COVER
  AVERAGE SKY COVER 1.0


WEATHER CONDITIONS
 THE FOLLOWING WEATHER WAS RECORDED TODAY.
  LIGHT RAIN
  FOG


RELATIVE HUMIDITY (PERCENT)
 HIGHEST   100          1200 AM
 LOWEST     93           100 AM

..........................................................


THE COLUMBUS CLIMATE NORMALS FOR TOMORROW
                         NORMAL    RECORD
 MAXIMUM TEMPERATURE (F)   58        77
 MINIMUM TEMPERATURE (F)   38        14


SUNRISE AND SUNSET
DECEMBER 22 2014......SUNRISE   738 AM EST   SUNSET   539 PM EST
DECEMBER 23 2014......SUNRISE   738 AM EST   SUNSET   539 PM EST


-  INDICATES NEGATIVE NUMBERS.
R  INDICATES RECORD WAS SET OR TIED.
MM INDICATES DATA IS MISSING.
T  INDICATES TRACE AMOUNT.




$$
