000
CDUS42 KFFC 232035
CLICSG


CLIMATE REPORT
NATIONAL WEATHER SERVICE PEACHTREE CITY GA
434 PM EDT SAT JUL 23 2016


...................................

...THE COLUMBUS CLIMATE SUMMARY FOR JULY 23 2016...
VALID TODAY AS OF 0400 PM LOCAL TIME.

CLIMATE NORMAL PERIOD 1981 TO 2010
CLIMATE RECORD PERIOD 1948 TO 2016


WEATHER ITEM   OBSERVED TIME   RECORD YEAR NORMAL DEPARTURE LAST
                VALUE   (LST)  VALUE       VALUE  FROM      YEAR
                                                  NORMAL
..................................................................
TEMPERATURE (F)
 TODAY
  MAXIMUM         96    203 PM 103    1952  92      4       95
                                      1943
  MINIMUM         74    626 AM  63    1947  73      1       74
  AVERAGE         85                        83      2       85

PRECIPITATION (IN)
  TODAY            0.00          3.15 1946   0.14  -0.14     0.11
  MONTH TO DATE    0.86                      3.62  -2.76     1.73
  SINCE JUN 1      3.01                      7.34  -4.33     5.80
  SINCE JAN 1     22.45                     27.83  -5.38    25.28

DEGREE DAYS
 HEATING
  TODAY            0                         0      0        0
  MONTH TO DATE    0                         0      0        0
  SINCE JUN 1      0                         0      0        0
  SINCE JUL 1      0                         0      0        0

 COOLING
  TODAY           20                        18      2       20
  MONTH TO DATE  445                       406     39      429
  SINCE JUN 1    941                       852     89      901
  SINCE JAN 1   1327                      1210    117     1347
..................................................................


WIND (MPH)
  RESULTANT WIND SPEED   2   RESULTANT WIND DIRECTION  SW (210)
  HIGHEST WIND SPEED    14   HIGHEST WIND DIRECTION     S (180)
  HIGHEST GUST SPEED    18   HIGHEST GUST DIRECTION     S (200)
  AVERAGE WIND SPEED     3.4


SKY COVER
  AVERAGE SKY COVER 0.0


WEATHER CONDITIONS
 THE FOLLOWING WEATHER WAS RECORDED TODAY.
  NO SIGNIFICANT WEATHER WAS OBSERVED.


RELATIVE HUMIDITY (PERCENT)
 HIGHEST    94           700 AM
 LOWEST     39           300 PM
 AVERAGE    67

..........................................................


THE COLUMBUS CLIMATE NORMALS FOR TOMORROW
                         NORMAL    RECORD    YEAR
 MAXIMUM TEMPERATURE (F)   92       104      1952
 MINIMUM TEMPERATURE (F)   73        65      1966


SUNRISE AND SUNSET
JULY 23 2016..........SUNRISE   648 AM EDT   SUNSET   844 PM EDT
JULY 24 2016..........SUNRISE   649 AM EDT   SUNSET   843 PM EDT


-  INDICATES NEGATIVE NUMBERS.
R  INDICATES RECORD WAS SET OR TIED.
MM INDICATES DATA IS MISSING.
T  INDICATES TRACE AMOUNT.




$$
