000
CDUS44 KOHX 240754
CLICSV

CLIMATE REPORT
NATIONAL WEATHER SERVICE NASHVILLE TN
252 AM CDT THU APR 24 2014


...................................

...THE CROSSVILLE CLIMATE SUMMARY FOR APRIL 23 2014...

CLIMATE NORMAL PERIOD 1981 TO 2010
CLIMATE RECORD PERIOD 1954 TO 2014


WEATHER ITEM   OBSERVED TIME   RECORD YEAR NORMAL DEPARTURE
                VALUE   (LST)  VALUE       VALUE  FROM
                                                  NORMAL
...............................................................
TEMPERATURE (F)
 YESTERDAY
  MAXIMUM         67    406 PM  85    1967  69     -2
  MINIMUM         44    521 AM  23    1986  47     -3
  AVERAGE         56                        58     -2

PRECIPITATION (IN)
  YESTERDAY        0.00          1.65 1977   0.17  -0.17
  MONTH TO DATE    2.89                      3.69  -0.80
  SINCE MAR 1      5.88                      8.67  -2.79
  SINCE JAN 1     11.54                     17.89  -6.35

DEGREE DAYS
 HEATING
  YESTERDAY        9                                1
  MONTH TO DATE  191                              -51
  SINCE MAR 1    827                               29
  SINCE JUL 1   4368                              274

 COOLING
  YESTERDAY        0                               -1
  MONTH TO DATE    7                                0
  SINCE MAR 1      7                               -2
  SINCE JAN 1      7                               -2
...............................................................


WIND (MPH)
  HIGHEST WIND SPEED    16   HIGHEST WIND DIRECTION     N (20)
  HIGHEST GUST SPEED    19   HIGHEST GUST DIRECTION    NE (30)
  AVERAGE WIND SPEED     7.0


SKY COVER
  AVERAGE SKY COVER 0.0


WEATHER CONDITIONS
 THE FOLLOWING WEATHER WAS RECORDED YESTERDAY.
  NO SIGNIFICANT WEATHER WAS OBSERVED.


RELATIVE HUMIDITY (PERCENT)
 HIGHEST    54           100 AM
 LOWEST     20           300 PM
 AVERAGE    37

..........................................................


THE CROSSVILLE CLIMATE NORMALS FOR TODAY
                         NORMAL    RECORD    YEAR
 MAXIMUM TEMPERATURE (F)   69        84      1965
 MINIMUM TEMPERATURE (F)   48        29      1986


SUNRISE AND SUNSET
APRIL 24 2014.........SUNRISE   556 AM CDT   SUNSET   721 PM CDT
APRIL 25 2014.........SUNRISE   555 AM CDT   SUNSET   722 PM CDT


-  INDICATES NEGATIVE NUMBERS.
R  INDICATES RECORD WAS SET OR TIED.
MM INDICATES DATA IS MISSING.
T  INDICATES TRACE AMOUNT.




$$
