000
CDUS45 KTFX 231148
CLICTB


CLIMATE REPORT
NATIONAL WEATHER SERVICE GREAT FALLS MT
448 AM MST SUN NOV 23 2014


...................................

...THE CUT BANK MT CLIMATE SUMMARY FOR NOVEMBER 22 2014...

CLIMATE NORMAL PERIOD 1981 TO 2010
CLIMATE RECORD PERIOD 1903 TO 2014


WEATHER ITEM   OBSERVED TIME   RECORD YEAR NORMAL DEPARTURE LAST
                VALUE   (LST)  VALUE       VALUE  FROM      YEAR
                                                  NORMAL
..................................................................
TEMPERATURE (F)
 YESTERDAY
  MAXIMUM         43    139 PM  67    2005  37      6       38
  MINIMUM         30   1120 PM -22    1985  18     12       14
  AVERAGE         37                        28      9       26

PRECIPITATION (IN)
  YESTERDAY        0.00          0.15 1980   0.01  -0.01     0.00
  MONTH TO DATE    0.31                      0.28   0.03     0.41
  SINCE OCT 1      0.58                      0.72  -0.14     0.76
  SINCE JAN 1     15.49                     10.60   4.89    14.46

SNOWFALL (IN)
  YESTERDAY        0.0
  SNOW DEPTH       T

DEGREE DAYS
 HEATING
  YESTERDAY       28                        37     -9       39
  MONTH TO DATE  828                       728    100      822
  SINCE SEP 1   1614                      1758   -144     1771
  SINCE JUL 1   1711                      1952   -241     1843

 COOLING
  YESTERDAY        0                         0      0        0
  MONTH TO DATE    0                         0      0        0
  SINCE SEP 1     11                         9      2       31
  SINCE JAN 1    208                       162     46      226
..................................................................


WIND (MPH)
  HIGHEST WIND SPEED    49   HIGHEST WIND DIRECTION     W (260)
  HIGHEST GUST SPEED    56   HIGHEST GUST DIRECTION     W (250)
  AVERAGE WIND SPEED    23.8


SKY COVER
  AVERAGE SKY COVER 0.3


WEATHER CONDITIONS
 THE FOLLOWING WEATHER WAS RECORDED YESTERDAY.
  NO SIGNIFICANT WEATHER WAS OBSERVED.


RELATIVE HUMIDITY (PERCENT)
 HIGHEST    75           400 AM
 LOWEST     39          1200 PM
 AVERAGE    57

..........................................................


THE CUT BANK MT CLIMATE NORMALS FOR TODAY
                         NORMAL    RECORD    YEAR
 MAXIMUM TEMPERATURE (F)   37        62      2005
 MINIMUM TEMPERATURE (F)   18       -25      1950


SUNRISE AND SUNSET
NOVEMBER 23 2014......SUNRISE   750 AM MST   SUNSET   442 PM MST
NOVEMBER 24 2014......SUNRISE   751 AM MST   SUNSET   441 PM MST


-  INDICATES NEGATIVE NUMBERS.
R  INDICATES RECORD WAS SET OR TIED.
MM INDICATES DATA IS MISSING.
T  INDICATES TRACE AMOUNT.




$$
