000
CDUS45 KTFX 270937
CLICTB


CLIMATE REPORT
NATIONAL WEATHER SERVICE GREAT FALLS MT
337 AM MDT WED JUL 27 2016


...................................

...THE CUT BANK MT CLIMATE SUMMARY FOR JULY 26 2016...

CLIMATE NORMAL PERIOD 1981 TO 2010
CLIMATE RECORD PERIOD 1903 TO 2016


WEATHER ITEM   OBSERVED TIME   RECORD YEAR NORMAL DEPARTURE LAST
                VALUE   (LST)  VALUE       VALUE  FROM      YEAR
                                                  NORMAL
..................................................................
TEMPERATURE (F)
 YESTERDAY
  MAXIMUM         84   1256 PM  97    1984  82      2       79
  MINIMUM         54   1153 PM  36    2005  51      3       54
  AVERAGE         69                        66      3       67

PRECIPITATION (IN)
  YESTERDAY        0.04          1.52 1915   0.04   0.00     0.00
  MONTH TO DATE    0.93                      1.11  -0.18     0.86
  SINCE OCT 1      8.86                      8.32   0.54     7.59
  SINCE JAN 1      6.94                      7.30  -0.36     5.06

SNOWFALL (IN)
  YESTERDAY       MM
  SNOW DEPTH       0

DEGREE DAYS
 HEATING
  YESTERDAY        0                         2     -2        0
  MONTH TO DATE   72                        78     -6       54
  SINCE JUN 1    236                       311    -75      184
  SINCE JUL 1     72                        78     -6       54

 COOLING
  YESTERDAY        4                         3      1        2
  MONTH TO DATE   35                        57    -22       63
  SINCE JUN 1     57                        72    -15      123
  SINCE JAN 1     57                        74    -17      123
..................................................................


WIND (MPH)
  HIGHEST WIND SPEED    44   HIGHEST WIND DIRECTION    NW (310)
  HIGHEST GUST SPEED    52   HIGHEST GUST DIRECTION    NW (310)
  AVERAGE WIND SPEED     8.8


SKY COVER
  AVERAGE SKY COVER 0.2


WEATHER CONDITIONS
 THE FOLLOWING WEATHER WAS RECORDED YESTERDAY.
  THUNDERSTORM
  LIGHT RAIN
  FOG


RELATIVE HUMIDITY (PERCENT)
 HIGHEST    93           600 AM
 LOWEST     34           100 PM
 AVERAGE    64

..........................................................


THE CUT BANK MT CLIMATE NORMALS FOR TODAY
                         NORMAL    RECORD    YEAR
 MAXIMUM TEMPERATURE (F)   82        99      1933
 MINIMUM TEMPERATURE (F)   51        36      1930


SUNRISE AND SUNSET
JULY 27 2016..........SUNRISE   558 AM MDT   SUNSET   913 PM MDT
JULY 28 2016..........SUNRISE   559 AM MDT   SUNSET   912 PM MDT


-  INDICATES NEGATIVE NUMBERS.
R  INDICATES RECORD WAS SET OR TIED.
MM INDICATES DATA IS MISSING.
T  INDICATES TRACE AMOUNT.




$$
