000
CDUS45 KTFX 291111
CLICTB


CLIMATE REPORT
NATIONAL WEATHER SERVICE GREAT FALLS MT
510 AM MDT SUN MAY 29 2016


...................................

...THE CUT BANK MT CLIMATE SUMMARY FOR MAY 28 2016...

CLIMATE NORMAL PERIOD 1981 TO 2010
CLIMATE RECORD PERIOD 1903 TO 2016


WEATHER ITEM   OBSERVED TIME   RECORD YEAR NORMAL DEPARTURE LAST
                VALUE   (LST)  VALUE       VALUE  FROM      YEAR
                                                  NORMAL
..................................................................
TEMPERATURE (F)
 YESTERDAY
  MAXIMUM         60    503 PM  90    1934  66     -6       55
  MINIMUM         34    409 AM  25    1947  41     -7       39
  AVERAGE         47                        53     -6       47

PRECIPITATION (IN)
  YESTERDAY        0.00          1.48 1989   0.09  -0.09     0.02
  MONTH TO DATE    2.15                      1.68   0.47     1.56
  SINCE OCT 1      6.73                      4.39   2.34     5.44
  SINCE JAN 1      4.81                      3.37   1.44     2.91

SNOWFALL (IN)
  YESTERDAY       MM
  SNOW DEPTH       0

DEGREE DAYS
 HEATING
  YESTERDAY       18                        12      6       18
  MONTH TO DATE  445                       436      9      482
  SINCE MAR 1   1860                      2196   -336     1958
  SINCE JUL 1   7325                      8256   -931     7620

 COOLING
  YESTERDAY        0                         0      0        0
  MONTH TO DATE    0                         0      0        0
  SINCE MAR 1      0                         0      0        0
  SINCE JAN 1      0                         0      0        0
..................................................................


WIND (MPH)
  HIGHEST WIND SPEED    28   HIGHEST WIND DIRECTION    SW (240)
  HIGHEST GUST SPEED    33   HIGHEST GUST DIRECTION    SW (240)
  AVERAGE WIND SPEED    13.5


SKY COVER
  AVERAGE SKY COVER 0.3


WEATHER CONDITIONS
 THE FOLLOWING WEATHER WAS RECORDED YESTERDAY.
  NO SIGNIFICANT WEATHER WAS OBSERVED.


RELATIVE HUMIDITY (PERCENT)
 HIGHEST    82           400 AM
 LOWEST     31           500 PM
 AVERAGE    57

..........................................................


THE CUT BANK MT CLIMATE NORMALS FOR TODAY
                         NORMAL    RECORD    YEAR
 MAXIMUM TEMPERATURE (F)   66        90      1936
 MINIMUM TEMPERATURE (F)   41        23      1951


SUNRISE AND SUNSET
MAY 29 2016...........SUNRISE   533 AM MDT   SUNSET   921 PM MDT
MAY 30 2016...........SUNRISE   533 AM MDT   SUNSET   922 PM MDT


-  INDICATES NEGATIVE NUMBERS.
R  INDICATES RECORD WAS SET OR TIED.
MM INDICATES DATA IS MISSING.
T  INDICATES TRACE AMOUNT.




$$
