000
CDUS45 KTFX 030910
CLICTB


CLIMATE REPORT
NATIONAL WEATHER SERVICE GREAT FALLS MT
309 AM MDT MON AUG 3 2015


...................................

...THE CUT BANK MT CLIMATE SUMMARY FOR AUGUST 2 2015...

CLIMATE NORMAL PERIOD 1981 TO 2010
CLIMATE RECORD PERIOD 1903 TO 2015


WEATHER ITEM   OBSERVED TIME   RECORD YEAR NORMAL DEPARTURE LAST
                VALUE   (LST)  VALUE       VALUE  FROM      YEAR
                                                  NORMAL
..................................................................
TEMPERATURE (F)
 YESTERDAY
  MAXIMUM         86    431 PM  98    1983  82      4       83
  MINIMUM         50    525 AM  38    1926  51     -1       60
  AVERAGE         68                        66      2       72

PRECIPITATION (IN)
  YESTERDAY        0.00          1.15 1956   0.03  -0.03     0.02
  MONTH TO DATE    0.00                      0.07  -0.07     0.02
  SINCE OCT 1      7.68                      8.56  -0.88    12.37
  SINCE JAN 1      5.15                      7.54  -2.39    11.17

SNOWFALL (IN)
  YESTERDAY       MM
  SNOW DEPTH       0

DEGREE DAYS
 HEATING
  YESTERDAY        0                         2     -2        0
  MONTH TO DATE    0                         4     -4        0
  SINCE JUN 1    197                       323   -126      290
  SINCE JUL 1     67                        90    -23       17

 COOLING
  YESTERDAY        3                         3      0        7
  MONTH TO DATE   12                         6      6       14
  SINCE JUN 1    142                        93     49      119
  SINCE JAN 1    142                        95     47      119
..................................................................


WIND (MPH)
  HIGHEST WIND SPEED    20   HIGHEST WIND DIRECTION    NW (330)
  HIGHEST GUST SPEED    24   HIGHEST GUST DIRECTION    NW (330)
  AVERAGE WIND SPEED    10.0


SKY COVER
  AVERAGE SKY COVER 0.0


WEATHER CONDITIONS
 THE FOLLOWING WEATHER WAS RECORDED YESTERDAY.
  NO SIGNIFICANT WEATHER WAS OBSERVED.


RELATIVE HUMIDITY (PERCENT)
 HIGHEST    89           500 AM
 LOWEST     23           500 PM
 AVERAGE    56

..........................................................


THE CUT BANK MT CLIMATE NORMALS FOR TODAY
                         NORMAL    RECORD    YEAR
 MAXIMUM TEMPERATURE (F)   82        98      2001
                                             1914
 MINIMUM TEMPERATURE (F)   51        37      2002
                                             1988


SUNRISE AND SUNSET
AUGUST  3 2015........SUNRISE   606 AM MDT   SUNSET   904 PM MDT
AUGUST  4 2015........SUNRISE   607 AM MDT   SUNSET   903 PM MDT


-  INDICATES NEGATIVE NUMBERS.
R  INDICATES RECORD WAS SET OR TIED.
MM INDICATES DATA IS MISSING.
T  INDICATES TRACE AMOUNT.




$$
