033
CDUS45 KTFX 212330
CLICTB


CLIMATE REPORT
NATIONAL WEATHER SERVICE GREAT FALLS MT
430 PM MST SUN JAN 21 2018


...................................

...THE CUT BANK MT CLIMATE SUMMARY FOR JANUARY 21 2018...
VALID TODAY AS OF 0400 PM LOCAL TIME.

CLIMATE NORMAL PERIOD 1981 TO 2010
CLIMATE RECORD PERIOD 1903 TO 2018


WEATHER ITEM   OBSERVED TIME   RECORD YEAR NORMAL DEPARTURE LAST
                VALUE   (LST)  VALUE       VALUE  FROM      YEAR
                                                  NORMAL
..................................................................
TEMPERATURE (F)
 TODAY
  MAXIMUM         38    225 PM  59    1981  33      5       35
  MINIMUM         25    402 AM -43    1927  12     13       13
  AVERAGE         32                        22     10       24

PRECIPITATION (IN)
  TODAY            0.00          1.72 1943   0.01  -0.01     0.00
  MONTH TO DATE    T                         0.14  -0.14     0.45
  SINCE OCT 1      1.05                      1.16  -0.11     1.88
  SINCE JAN 1      T                         0.14  -0.14     0.45

DEGREE DAYS
 HEATING
  TODAY           33                        43    -10       41
  MONTH TO DATE  880                       906    -26     1076
  SINCE DEC 1   2327                      2233     94     2721
  SINCE JUL 1   4551                      4496     55     4699

 COOLING
  TODAY            0                         0      0        0
  MONTH TO DATE    0                         0      0        0
  SINCE DEC 1      0                         0      0        0
  SINCE JAN 1      0                         0      0        0
..................................................................


WIND (MPH)
  HIGHEST WIND SPEED    30   HIGHEST WIND DIRECTION    SW (240)
  HIGHEST GUST SPEED    36   HIGHEST GUST DIRECTION    SW (240)
  AVERAGE WIND SPEED    19.8


SKY COVER
  AVERAGE SKY COVER 0.0


WEATHER CONDITIONS
 THE FOLLOWING WEATHER WAS RECORDED TODAY.
  NO SIGNIFICANT WEATHER WAS OBSERVED.


RELATIVE HUMIDITY (PERCENT)
 HIGHEST    68           200 AM
 LOWEST     44          1200 PM
 AVERAGE    56

..........................................................


THE CUT BANK MT CLIMATE NORMALS FOR TOMORROW
                         NORMAL    RECORD    YEAR
 MAXIMUM TEMPERATURE (F)   33        61      1981
 MINIMUM TEMPERATURE (F)   12       -38      1943


SUNRISE AND SUNSET
JANUARY 21 2018.......SUNRISE   812 AM MST   SUNSET   511 PM MST
JANUARY 22 2018.......SUNRISE   811 AM MST   SUNSET   512 PM MST


-  INDICATES NEGATIVE NUMBERS.
R  INDICATES RECORD WAS SET OR TIED.
MM INDICATES DATA IS MISSING.
T  INDICATES TRACE AMOUNT.




$$
