000
CDUS45 KTFX 282234
CLICTB


CLIMATE REPORT
NATIONAL WEATHER SERVICE GREAT FALLS MT
432 PM MDT FRI AUG 28 2015


...................................

...THE CUT BANK MT CLIMATE SUMMARY FOR AUGUST 28 2015...
VALID TODAY AS OF 0400 PM LOCAL TIME.

CLIMATE NORMAL PERIOD 1981 TO 2010
CLIMATE RECORD PERIOD 1903 TO 2015


WEATHER ITEM   OBSERVED TIME   RECORD YEAR NORMAL DEPARTURE LAST
                VALUE   (LST)  VALUE       VALUE  FROM      YEAR
                                                  NORMAL
..................................................................
TEMPERATURE (F)
 TODAY
  MAXIMUM         83    256 PM  95    2012  75      8       80
  MINIMUM         61    535 AM  30    1918  45     16       48
  AVERAGE         72                        60     12       64

PRECIPITATION (IN)
  TODAY            0.00          0.94 1951   0.04  -0.04     0.14
  MONTH TO DATE    0.60                      1.07  -0.47     2.69
  SINCE OCT 1      8.28                      9.56  -1.28    15.04
  SINCE JAN 1      5.75                      8.54  -2.79    13.84

SNOWFALL (IN)
  TODAY           MM
  SNOW DEPTH       0

DEGREE DAYS
 HEATING
  TODAY            0                         6     -6        1
  MONTH TO DATE   74                        90    -16       71
  SINCE JUN 1    271                       409   -138      361
  SINCE JUL 1    141                       176    -35       88

 COOLING
  TODAY            7                         1      6        0
  MONTH TO DATE   92                        62     30       92
  SINCE JUN 1    222                       149     73      197
  SINCE JAN 1    222                       151     71      197
..................................................................


WIND (MPH)
  HIGHEST WIND SPEED    24   HIGHEST WIND DIRECTION     W (250)
  HIGHEST GUST SPEED    28   HIGHEST GUST DIRECTION     W (250)
  AVERAGE WIND SPEED    13.7


SKY COVER
  AVERAGE SKY COVER 0.8


WEATHER CONDITIONS
 THE FOLLOWING WEATHER WAS RECORDED TODAY.
  HAZE


RELATIVE HUMIDITY (PERCENT)
 HIGHEST    40           400 AM
 LOWEST     17           100 PM
 AVERAGE    29

..........................................................


THE CUT BANK MT CLIMATE NORMALS FOR TOMORROW
                         NORMAL    RECORD    YEAR
 MAXIMUM TEMPERATURE (F)   75        93      2013
 MINIMUM TEMPERATURE (F)   45        31      1937


SUNRISE AND SUNSET
AUGUST 28 2015........SUNRISE   641 AM MDT   SUNSET   820 PM MDT
AUGUST 29 2015........SUNRISE   642 AM MDT   SUNSET   818 PM MDT


-  INDICATES NEGATIVE NUMBERS.
R  INDICATES RECORD WAS SET OR TIED.
MM INDICATES DATA IS MISSING.
T  INDICATES TRACE AMOUNT.




$$
